{"id":990,"date":"2018-04-06T17:45:12","date_gmt":"2018-04-06T17:45:12","guid":{"rendered":"http:\/\/cofecon.org.br\/transparencia\/?page_id=990"},"modified":"2026-01-28T12:44:42","modified_gmt":"2026-01-28T12:44:42","slug":"al","status":"publish","type":"page","link":"https:\/\/cofecon.org.br\/transparencia\/?page_id=990","title":{"rendered":"Corecon &#8211; AL"},"content":{"rendered":"\t\t<div data-elementor-type=\"wp-page\" data-elementor-id=\"990\" class=\"elementor elementor-990\">\n\t\t\t\t\t\t<section class=\"elementor-section elementor-top-section elementor-element elementor-element-451ac187 elementor-section-boxed elementor-section-height-default elementor-section-height-default\" data-id=\"451ac187\" data-element_type=\"section\">\n\t\t\t\t\t\t<div class=\"elementor-container elementor-column-gap-default\">\n\t\t\t\t\t<div class=\"elementor-column elementor-col-100 elementor-top-column elementor-element elementor-element-22cfd3af\" data-id=\"22cfd3af\" data-element_type=\"column\">\n\t\t\t<div class=\"elementor-widget-wrap elementor-element-populated\">\n\t\t\t\t\t\t<div class=\"elementor-element elementor-element-5a7ad9e9 elementor-widget elementor-widget-text-editor\" data-id=\"5a7ad9e9\" data-element_type=\"widget\" data-widget_type=\"text-editor.default\">\n\t\t\t\t<div class=\"elementor-widget-container\">\n\t\t\t\t\t\t\t\t\t<div align=\"left\"><p><img decoding=\"async\" class=\"alignnone size-full wp-image-8860\" src=\"http:\/\/cofecon.org.br\/transparencia\/wp-content\/uploads\/2024\/11\/corecon-02.png\" alt=\"\" width=\"348\" height=\"112\" \/><\/p><div><div align=\"left\"><strong>CONSELHO REGIONAL DE ECONOMIA &#8211; 12\u00aa REGI\u00c3O &#8211; AL<\/strong><br \/><strong>Site:<\/strong> www.corecon-al.org.br<\/div><div align=\"left\"><strong>E-mail:<\/strong> corecon-al@cofecon.org.br<\/div><div align=\"left\"><strong>CNPJ:<\/strong> 12.189.635\/0001-68<br \/><strong>Endere\u00e7o:<\/strong> Rua Dias Cabral, 165, 1\u00ba andar &#8211; Centro<br \/>Macei\u00f3 \/ AL CEP 57.020-250<br \/><strong>Telefones:<\/strong>(82) 3221-3850<br \/>Respons\u00e1vel Direto: Inaldo Rom\u00e3o da Silva Filho \/ Profissional de Assist\u00eancia ao Economista \/ (82) 98835-3125<br \/><strong>E-mail:<\/strong> corecon-al@cofecon.org.br;<br \/><strong>Presidente:<\/strong> Marcos Ant\u00f4nio Moreira Calheiros<br \/><strong>Vice-Presidente:<\/strong> Cleydner Marques de Magalh\u00e3es Maur\u00edcio<\/div><\/div><\/div>\t\t\t\t\t\t\t\t<\/div>\n\t\t\t\t<\/div>\n\t\t\t\t\t<\/div>\n\t\t<\/div>\n\t\t\t\t\t<\/div>\n\t\t<\/section>\n\t\t\t\t<\/div>\n\t\t","protected":false},"excerpt":{"rendered":"<p>CONSELHO REGIONAL DE ECONOMIA &#8211; 12\u00aa REGI\u00c3O &#8211; ALSite: www.corecon-al.org.brE-mail: corecon-al@cofecon.org.brCNPJ: 12.189.635\/0001-68Endere\u00e7o: Rua Dias Cabral, 165, 1\u00ba andar &#8211; CentroMacei\u00f3 \/ AL CEP 57.020-250Telefones:(82) 3221-3850Respons\u00e1vel Direto: Inaldo Rom\u00e3o da Silva Filho \/ Profissional de Assist\u00eancia ao Economista \/ (82) 98835-3125E-mail: corecon-al@cofecon.org.br;Presidente: Marcos Ant\u00f4nio Moreira CalheirosVice-Presidente: Cleydner Marques de Magalh\u00e3es Maur\u00edcio<\/p>\n","protected":false},"author":11,"featured_media":0,"parent":912,"menu_order":0,"comment_status":"closed","ping_status":"closed","template":"","meta":{"footnotes":""},"class_list":["post-990","page","type-page","status-publish","hentry"],"_links":{"self":[{"href":"https:\/\/cofecon.org.br\/transparencia\/index.php?rest_route=\/wp\/v2\/pages\/990"}],"collection":[{"href":"https:\/\/cofecon.org.br\/transparencia\/index.php?rest_route=\/wp\/v2\/pages"}],"about":[{"href":"https:\/\/cofecon.org.br\/transparencia\/index.php?rest_route=\/wp\/v2\/types\/page"}],"author":[{"embeddable":true,"href":"https:\/\/cofecon.org.br\/transparencia\/index.php?rest_route=\/wp\/v2\/users\/11"}],"replies":[{"embeddable":true,"href":"https:\/\/cofecon.org.br\/transparencia\/index.php?rest_route=%2Fwp%2Fv2%2Fcomments&post=990"}],"version-history":[{"count":26,"href":"https:\/\/cofecon.org.br\/transparencia\/index.php?rest_route=\/wp\/v2\/pages\/990\/revisions"}],"predecessor-version":[{"id":10426,"href":"https:\/\/cofecon.org.br\/transparencia\/index.php?rest_route=\/wp\/v2\/pages\/990\/revisions\/10426"}],"up":[{"embeddable":true,"href":"https:\/\/cofecon.org.br\/transparencia\/index.php?rest_route=\/wp\/v2\/pages\/912"}],"wp:attachment":[{"href":"https:\/\/cofecon.org.br\/transparencia\/index.php?rest_route=%2Fwp%2Fv2%2Fmedia&parent=990"}],"curies":[{"name":"wp","href":"https:\/\/api.w.org\/{rel}","templated":true}]}}