{"id":977,"date":"2018-04-06T17:29:55","date_gmt":"2018-04-06T17:29:55","guid":{"rendered":"http:\/\/cofecon.org.br\/transparencia\/?page_id=977"},"modified":"2025-06-16T15:42:19","modified_gmt":"2025-06-16T15:42:19","slug":"df","status":"publish","type":"page","link":"https:\/\/cofecon.org.br\/transparencia\/?page_id=977","title":{"rendered":"Corecon &#8211; DF"},"content":{"rendered":"\t\t<div data-elementor-type=\"wp-page\" data-elementor-id=\"977\" class=\"elementor elementor-977\">\n\t\t\t\t\t\t<section class=\"elementor-section elementor-top-section elementor-element elementor-element-3e083045 elementor-section-boxed elementor-section-height-default elementor-section-height-default\" data-id=\"3e083045\" data-element_type=\"section\">\n\t\t\t\t\t\t<div class=\"elementor-container elementor-column-gap-default\">\n\t\t\t\t\t<div class=\"elementor-column elementor-col-100 elementor-top-column elementor-element elementor-element-5d344a22\" data-id=\"5d344a22\" data-element_type=\"column\">\n\t\t\t<div class=\"elementor-widget-wrap elementor-element-populated\">\n\t\t\t\t\t\t<div class=\"elementor-element elementor-element-e5b7ab6 elementor-widget elementor-widget-text-editor\" data-id=\"e5b7ab6\" data-element_type=\"widget\" data-widget_type=\"text-editor.default\">\n\t\t\t\t<div class=\"elementor-widget-container\">\n\t\t\t\t\t\t\t\t\t<div align=\"left\"><p><img decoding=\"async\" class=\"alignnone size-full wp-image-8865\" src=\"http:\/\/cofecon.org.br\/transparencia\/wp-content\/uploads\/2024\/11\/corecon-07.png\" alt=\"\" width=\"348\" height=\"112\" \/><\/p><div><div align=\"left\"><strong>CONSELHO REGIONAL DE ECONOMIA &#8211; 11\u00aa REGI\u00c3O &#8211; DF<\/strong><br \/><strong>Site:<\/strong> www.corecondf.org.br<\/div><div align=\"left\"><strong>E-mail:<\/strong> corecondf@corecondf.org.br;\u00a0<\/div><div align=\"left\"><strong>CNPJ:<\/strong> 01.467.797\/0001-02<br \/><strong>Endere\u00e7o:<\/strong> Setor Comercial Sul, Quadra 1 Bloco C, sala 301\/306 Edif\u00edcio Ant\u00f4nio Ven\u00e2ncio da Silva<br \/>Bras\u00edlia \/ DF CEP 70395-900<br \/><strong>Telefones:<\/strong>(61) 3223-1429\u00a0<br \/><strong>Respons\u00e1vel Direto:<\/strong> Daniel dos Passos Soares \/ Gerente Executivo \/ (61)3223-1429 \/ (61) 98566-7302<br \/><strong>E-mail:<\/strong> daniel.soares@corecondf.org.br<br \/><strong>Presidente:<\/strong> Luciana Acioly da Silva<br \/><strong>Vice-Presidente:<\/strong> Jus\u00e7anio Umbelino de Souza<\/div><\/div><\/div>\t\t\t\t\t\t\t\t<\/div>\n\t\t\t\t<\/div>\n\t\t\t\t\t<\/div>\n\t\t<\/div>\n\t\t\t\t\t<\/div>\n\t\t<\/section>\n\t\t\t\t<\/div>\n\t\t","protected":false},"excerpt":{"rendered":"<p>CONSELHO REGIONAL DE ECONOMIA &#8211; 11\u00aa REGI\u00c3O &#8211; DFSite: www.corecondf.org.brE-mail: corecondf@corecondf.org.br;\u00a0CNPJ: 01.467.797\/0001-02Endere\u00e7o: Setor Comercial Sul, Quadra 1 Bloco C, sala 301\/306 Edif\u00edcio Ant\u00f4nio Ven\u00e2ncio da SilvaBras\u00edlia \/ DF CEP 70395-900Telefones:(61) 3223-1429\u00a0Respons\u00e1vel Direto: Daniel dos Passos Soares \/ Gerente Executivo \/ (61)3223-1429 \/ (61) 98566-7302E-mail: daniel.soares@corecondf.org.brPresidente: Luciana Acioly da SilvaVice-Presidente: Jus\u00e7anio Umbelino de Souza<\/p>\n","protected":false},"author":11,"featured_media":0,"parent":912,"menu_order":0,"comment_status":"closed","ping_status":"closed","template":"","meta":{"footnotes":""},"class_list":["post-977","page","type-page","status-publish","hentry"],"_links":{"self":[{"href":"https:\/\/cofecon.org.br\/transparencia\/index.php?rest_route=\/wp\/v2\/pages\/977"}],"collection":[{"href":"https:\/\/cofecon.org.br\/transparencia\/index.php?rest_route=\/wp\/v2\/pages"}],"about":[{"href":"https:\/\/cofecon.org.br\/transparencia\/index.php?rest_route=\/wp\/v2\/types\/page"}],"author":[{"embeddable":true,"href":"https:\/\/cofecon.org.br\/transparencia\/index.php?rest_route=\/wp\/v2\/users\/11"}],"replies":[{"embeddable":true,"href":"https:\/\/cofecon.org.br\/transparencia\/index.php?rest_route=%2Fwp%2Fv2%2Fcomments&post=977"}],"version-history":[{"count":21,"href":"https:\/\/cofecon.org.br\/transparencia\/index.php?rest_route=\/wp\/v2\/pages\/977\/revisions"}],"predecessor-version":[{"id":9650,"href":"https:\/\/cofecon.org.br\/transparencia\/index.php?rest_route=\/wp\/v2\/pages\/977\/revisions\/9650"}],"up":[{"embeddable":true,"href":"https:\/\/cofecon.org.br\/transparencia\/index.php?rest_route=\/wp\/v2\/pages\/912"}],"wp:attachment":[{"href":"https:\/\/cofecon.org.br\/transparencia\/index.php?rest_route=%2Fwp%2Fv2%2Fmedia&parent=977"}],"curies":[{"name":"wp","href":"https:\/\/api.w.org\/{rel}","templated":true}]}}

<div data-elementor-type="wp-page" data-elementor-id="977" class="elementor elementor-977">
						<section class="elementor-section elementor-top-section elementor-element elementor-element-3e083045 elementor-section-boxed elementor-section-height-default elementor-section-height-default" data-id="3e083045" data-element_type="section">
						<div class="elementor-container elementor-column-gap-default">
					<div class="elementor-column elementor-col-100 elementor-top-column elementor-element elementor-element-5d344a22" data-id="5d344a22" data-element_type="column">
			<div class="elementor-widget-wrap elementor-element-populated">
						<div class="elementor-element elementor-element-e5b7ab6 elementor-widget elementor-widget-text-editor" data-id="e5b7ab6" data-element_type="widget" data-widget_type="text-editor.default">
				<div class="elementor-widget-container">
									<div align="left"><p><img decoding="async" class="alignnone size-full wp-image-8865" src="http://cofecon.org.br/transparencia/wp-content/uploads/2024/11/corecon-07.png" alt="" width="348" height="112" /></p><div><div align="left"><strong>CONSELHO REGIONAL DE ECONOMIA &#8211; 11ª REGIÃO &#8211; DF</strong><br /><strong>Site:</strong> www.corecondf.org.br</div><div align="left"><strong>E-mail:</strong> corecondf@corecondf.org.br; </div><div align="left"><strong>CNPJ:</strong> 01.467.797/0001-02<br /><strong>Endereço:</strong> Setor Comercial Sul, Quadra 1 Bloco C, sala 301/306 Edifício Antônio Venâncio da Silva<br />Brasília / DF CEP 70395-900<br /><strong>Telefones:</strong>(61) 3223-1429 <br /><strong>Responsável Direto:</strong> Daniel dos Passos Soares / Gerente Executivo / (61)3223-1429 / (61) 98566-7302<br /><strong>E-mail:</strong> daniel.soares@corecondf.org.br<br /><strong>Presidente:</strong> Luciana Acioly da Silva<br /><strong>Vice-Presidente:</strong> Jusçanio Umbelino de Souza</div></div></div>								</div>
				</div>
					</div>
		</div>
					</div>
		</section>
				</div>

<p>CONSELHO REGIONAL DE ECONOMIA &#8211; 11ª REGIÃO &#8211; DFSite: www.corecondf.org.brE-mail: corecondf@corecondf.org.br; CNPJ: 01.467.797/0001-02Endereço: Setor Comercial Sul, Quadra 1 Bloco C, sala 301/306 Edifício Antônio Venâncio da SilvaBrasília / DF CEP 70395-900Telefones:(61) 3223-1429 Responsável Direto: Daniel dos Passos Soares / Gerente Executivo / (61)3223-1429 / (61) 98566-7302E-mail: daniel.soares@corecondf.org.brPresidente: Luciana Acioly da SilvaVice-Presidente: Jusçanio Umbelino de Souza</p>
