{"id":962,"date":"2018-04-05T18:12:13","date_gmt":"2018-04-05T18:12:13","guid":{"rendered":"http:\/\/cofecon.org.br\/transparencia\/?page_id=962"},"modified":"2026-01-28T13:05:43","modified_gmt":"2026-01-28T13:05:43","slug":"sp","status":"publish","type":"page","link":"https:\/\/cofecon.org.br\/transparencia\/?page_id=962","title":{"rendered":"Corecon &#8211; SP"},"content":{"rendered":"\t\t<div data-elementor-type=\"wp-page\" data-elementor-id=\"962\" class=\"elementor elementor-962\">\n\t\t\t\t\t\t<section class=\"elementor-section elementor-top-section elementor-element elementor-element-5f866d8f elementor-section-boxed elementor-section-height-default elementor-section-height-default\" data-id=\"5f866d8f\" data-element_type=\"section\">\n\t\t\t\t\t\t<div class=\"elementor-container elementor-column-gap-default\">\n\t\t\t\t\t<div class=\"elementor-column elementor-col-100 elementor-top-column elementor-element elementor-element-3ebd0630\" data-id=\"3ebd0630\" data-element_type=\"column\">\n\t\t\t<div class=\"elementor-widget-wrap elementor-element-populated\">\n\t\t\t\t\t\t<div class=\"elementor-element elementor-element-72867901 elementor-widget__width-initial elementor-widget elementor-widget-text-editor\" data-id=\"72867901\" data-element_type=\"widget\" data-widget_type=\"text-editor.default\">\n\t\t\t\t<div class=\"elementor-widget-container\">\n\t\t\t\t\t\t\t\t\t<div align=\"left\"><p><img decoding=\"async\" src=\"http:\/\/cofecon.org.br\/transparencia\/wp-content\/uploads\/2024\/11\/corecon-25.png\" alt=\"\" width=\"348\" height=\"112\" \/><\/p><div><div align=\"left\"><strong>CONSELHO REGIONAL DE ECONOMIA &#8211; 2\u00aa REGI\u00c3O &#8211; SP<\/strong><br \/><strong>Site:<\/strong> www.coreconsp.gov.br<\/div><div align=\"left\"><strong>E-mail:<\/strong> secpresidencia@coreconsp.org.br; gerenciaexecutiva@coreconsp.org.br<\/div><div align=\"left\"><strong>CNPJ:<\/strong> 62.144.084\/0001-94<br \/><strong>Endere\u00e7o:<\/strong> Rua L\u00edbero Badar\u00f3, 425 &#8211; Ed. Grande S\u00e3o Paulo, 14\u00ba andar &#8211; Centro<br \/>S\u00e3o Paulo \/ SP CEP 01009-905<br \/><strong>Telefones:<\/strong>(11) 3291-8700 ( Geral ) 3291-8703 ( Inform\u00e1tica ) 3291-8718 ( Contabilidade ) 3291-8707 (Jur\u00eddico)\/ Fax: (11) 3291-8701<br \/><strong>Respons\u00e1vel Direto:<\/strong> J\u00falio C\u00e9sar Poloni de G\u00f3es \/ Gerente Executivo \/ (11) 3291-8723<br \/><strong>E-mail:<\/strong>gerenciaexecutiva@coreconsp.org.br;\u00a0juridico@coreconsp.org.br;\u00a0registro@coreconsp.org.br;\u00a0<\/div><div align=\"left\">fiscalizacao@coreconsp.org.br;\u00a0cobranca@coreconsp.org.br;\u00a0secpresidencia@coreconsp.org.br<\/div><div align=\"left\"><strong>Presidente:<\/strong> Haroldo da Silva<br \/><strong>Vice-Presidente:<\/strong> Antonio Jose Corr\u00eaa do Prado<\/div><\/div><\/div>\t\t\t\t\t\t\t\t<\/div>\n\t\t\t\t<\/div>\n\t\t\t\t\t<\/div>\n\t\t<\/div>\n\t\t\t\t\t<\/div>\n\t\t<\/section>\n\t\t\t\t<\/div>\n\t\t","protected":false},"excerpt":{"rendered":"<p>CONSELHO REGIONAL DE ECONOMIA &#8211; 2\u00aa REGI\u00c3O &#8211; SPSite: www.coreconsp.gov.brE-mail: secpresidencia@coreconsp.org.br; gerenciaexecutiva@coreconsp.org.brCNPJ: 62.144.084\/0001-94Endere\u00e7o: Rua L\u00edbero Badar\u00f3, 425 &#8211; Ed. Grande S\u00e3o Paulo, 14\u00ba andar &#8211; CentroS\u00e3o Paulo \/ SP CEP 01009-905Telefones:(11) 3291-8700 ( Geral ) 3291-8703 ( Inform\u00e1tica ) 3291-8718 ( Contabilidade ) 3291-8707 (Jur\u00eddico)\/ Fax: (11) 3291-8701Respons\u00e1vel Direto: J\u00falio C\u00e9sar Poloni de G\u00f3es \/ &hellip; <a href=\"https:\/\/cofecon.org.br\/transparencia\/?page_id=962\" class=\"more-link\">Continue reading <span class=\"screen-reader-text\">Corecon &#8211; SP<\/span><\/a><\/p>\n","protected":false},"author":11,"featured_media":0,"parent":912,"menu_order":0,"comment_status":"closed","ping_status":"closed","template":"","meta":{"footnotes":""},"class_list":["post-962","page","type-page","status-publish","hentry"],"_links":{"self":[{"href":"https:\/\/cofecon.org.br\/transparencia\/index.php?rest_route=\/wp\/v2\/pages\/962"}],"collection":[{"href":"https:\/\/cofecon.org.br\/transparencia\/index.php?rest_route=\/wp\/v2\/pages"}],"about":[{"href":"https:\/\/cofecon.org.br\/transparencia\/index.php?rest_route=\/wp\/v2\/types\/page"}],"author":[{"embeddable":true,"href":"https:\/\/cofecon.org.br\/transparencia\/index.php?rest_route=\/wp\/v2\/users\/11"}],"replies":[{"embeddable":true,"href":"https:\/\/cofecon.org.br\/transparencia\/index.php?rest_route=%2Fwp%2Fv2%2Fcomments&post=962"}],"version-history":[{"count":34,"href":"https:\/\/cofecon.org.br\/transparencia\/index.php?rest_route=\/wp\/v2\/pages\/962\/revisions"}],"predecessor-version":[{"id":10467,"href":"https:\/\/cofecon.org.br\/transparencia\/index.php?rest_route=\/wp\/v2\/pages\/962\/revisions\/10467"}],"up":[{"embeddable":true,"href":"https:\/\/cofecon.org.br\/transparencia\/index.php?rest_route=\/wp\/v2\/pages\/912"}],"wp:attachment":[{"href":"https:\/\/cofecon.org.br\/transparencia\/index.php?rest_route=%2Fwp%2Fv2%2Fmedia&parent=962"}],"curies":[{"name":"wp","href":"https:\/\/api.w.org\/{rel}","templated":true}]}}

<div data-elementor-type="wp-page" data-elementor-id="962" class="elementor elementor-962">
						<section class="elementor-section elementor-top-section elementor-element elementor-element-5f866d8f elementor-section-boxed elementor-section-height-default elementor-section-height-default" data-id="5f866d8f" data-element_type="section">
						<div class="elementor-container elementor-column-gap-default">
					<div class="elementor-column elementor-col-100 elementor-top-column elementor-element elementor-element-3ebd0630" data-id="3ebd0630" data-element_type="column">
			<div class="elementor-widget-wrap elementor-element-populated">
						<div class="elementor-element elementor-element-72867901 elementor-widget__width-initial elementor-widget elementor-widget-text-editor" data-id="72867901" data-element_type="widget" data-widget_type="text-editor.default">
				<div class="elementor-widget-container">
									<div align="left"><p><img decoding="async" src="http://cofecon.org.br/transparencia/wp-content/uploads/2024/11/corecon-25.png" alt="" width="348" height="112" /></p><div><div align="left"><strong>CONSELHO REGIONAL DE ECONOMIA &#8211; 2ª REGIÃO &#8211; SP</strong><br /><strong>Site:</strong> www.coreconsp.gov.br</div><div align="left"><strong>E-mail:</strong> secpresidencia@coreconsp.org.br; gerenciaexecutiva@coreconsp.org.br</div><div align="left"><strong>CNPJ:</strong> 62.144.084/0001-94<br /><strong>Endereço:</strong> Rua Líbero Badaró, 425 &#8211; Ed. Grande São Paulo, 14º andar &#8211; Centro<br />São Paulo / SP CEP 01009-905<br /><strong>Telefones:</strong>(11) 3291-8700 ( Geral ) 3291-8703 ( Informática ) 3291-8718 ( Contabilidade ) 3291-8707 (Jurídico)/ Fax: (11) 3291-8701<br /><strong>Responsável Direto:</strong> Júlio César Poloni de Góes / Gerente Executivo / (11) 3291-8723<br /><strong>E-mail:</strong>gerenciaexecutiva@coreconsp.org.br; juridico@coreconsp.org.br; registro@coreconsp.org.br; </div><div align="left">fiscalizacao@coreconsp.org.br; cobranca@coreconsp.org.br; secpresidencia@coreconsp.org.br</div><div align="left"><strong>Presidente:</strong> Haroldo da Silva<br /><strong>Vice-Presidente:</strong> Antonio Jose Corrêa do Prado</div></div></div>								</div>
				</div>
					</div>
		</div>
					</div>
		</section>
				</div>

<p>CONSELHO REGIONAL DE ECONOMIA &#8211; 2ª REGIÃO &#8211; SPSite: www.coreconsp.gov.brE-mail: secpresidencia@coreconsp.org.br; gerenciaexecutiva@coreconsp.org.brCNPJ: 62.144.084/0001-94Endereço: Rua Líbero Badaró, 425 &#8211; Ed. Grande São Paulo, 14º andar &#8211; CentroSão Paulo / SP CEP 01009-905Telefones:(11) 3291-8700 ( Geral ) 3291-8703 ( Informática ) 3291-8718 ( Contabilidade ) 3291-8707 (Jurídico)/ Fax: (11) 3291-8701Responsável Direto: Júlio César Poloni de Góes / &hellip; <a href="https://cofecon.org.br/transparencia/?page_id=962" class="more-link">Continue reading <span class="screen-reader-text">Corecon &#8211; SP</span></a></p>
