{"id":9400,"date":"2025-02-17T12:50:15","date_gmt":"2025-02-17T12:50:15","guid":{"rendered":"https:\/\/cofecon.org.br\/transparencia\/?page_id=9400"},"modified":"2025-12-10T14:27:32","modified_gmt":"2025-12-10T14:27:32","slug":"resolucoes-2025","status":"publish","type":"page","link":"https:\/\/cofecon.org.br\/transparencia\/?page_id=9400","title":{"rendered":"Resolu\u00e7\u00f5es-2025"},"content":{"rendered":"\t\t<div data-elementor-type=\"wp-page\" data-elementor-id=\"9400\" class=\"elementor elementor-9400\">\n\t\t\t\t\t\t<section class=\"elementor-section elementor-top-section elementor-element elementor-element-653e58c elementor-section-boxed elementor-section-height-default elementor-section-height-default\" data-id=\"653e58c\" data-element_type=\"section\">\n\t\t\t\t\t\t<div class=\"elementor-container elementor-column-gap-default\">\n\t\t\t\t\t<div class=\"elementor-column elementor-col-100 elementor-top-column elementor-element elementor-element-4e6d9be\" data-id=\"4e6d9be\" data-element_type=\"column\">\n\t\t\t<div class=\"elementor-widget-wrap elementor-element-populated\">\n\t\t\t\t\t\t<div class=\"elementor-element elementor-element-7c11958 elementor-widget elementor-widget-html\" data-id=\"7c11958\" data-element_type=\"widget\" data-widget_type=\"html.default\">\n\t\t\t\t<div class=\"elementor-widget-container\">\n\t\t\t\t\t<div align=\"center\">\r\n<table border=\"0\" align=\"center\">\r\n<tbody>\r\n<tr>\r\n<td>\r\n<p align=\"center\">\u00a0<strong><span style=\"text-decoration: underline;\"><span style=\"font-size: 10pt;\">Resolu\u00e7\u00f5es N\u00ba:<\/span><\/span><\/strong><\/p>\r\n<\/td>\r\n<td>\r\n<p align=\"center\"><strong><span style=\"font-size: 10pt;\"><span style=\"text-decoration: underline;\">Assunto:<\/span><\/span><\/strong><\/p>\r\n<\/td>\r\n<\/tr>\r\n\r\n\r\n<tr>\r\n<td>\r\n<p align=\"center\">\u00a0\u00a02.176<\/p>\r\n<\/td>\r\n<td>\r\n<p align=\"justify\">\u00a0<a href=\"https:\/\/cofecon.org.br\/transparencia\/files\/atos_normativos\/Res\/2025\/Res2025-2176.pdf\" target=\"_blank\" rel=\"noopener\">Designa composi\u00e7\u00e3o da Comiss\u00e3o de Tomada de Contas do Cofecon para o exerc\u00edcio 2025.<\/a><\/p>\r\n<\/td>\r\n<\/tr>\r\n\r\n<tr>\r\n<td>\r\n<p align=\"center\">\u00a0\u00a02.177<\/p>\r\n<\/td>\r\n<td>\r\n<p align=\"justify\">\u00a0<a href=\"https:\/\/cofecon.org.br\/transparencia\/files\/atos_normativos\/Res\/2025\/Res2025-2177.pdf\" target=\"_blank\" rel=\"noopener\">Alterar o Regimento Interno do Conselho Federal de Economia, aprovado pela Resolu\u00e7\u00e3o n\u00ba 1.832, de 30 de julho de 2010.<\/a><\/p>\r\n<\/td>\r\n<\/tr>\r\n\r\n<tr>\r\n<td>\r\n<p align=\"center\">\u00a0\u00a02.178<\/p>\r\n<\/td>\r\n<td>\r\n<p align=\"justify\">\u00a0<a href=\"https:\/\/cofecon.org.br\/transparencia\/files\/atos_normativos\/Res\/2025\/Res2025-2178.pdf\" target=\"_blank\" rel=\"noopener\">Aprova o Regulamento da XIV Gincana Nacional de Economia 2025.<\/a><\/p>\r\n<\/td>\r\n<\/tr>\r\n\r\n<tr>\r\n<td>\r\n<p align=\"center\">\u00a0\u00a02.179<\/p>\r\n<\/td>\r\n<td>\r\n<p align=\"justify\">\u00a0<a href=\"https:\/\/cofecon.org.br\/transparencia\/files\/atos_normativos\/Res\/2025\/Res2025-2179.pdf\" target=\"_blank\" rel=\"noopener\">Disp\u00f5e sobre o X Programa Nacional de Recupera\u00e7\u00e3o de Cr\u00e9ditos no Sistema Cofecon\/Corecons.<\/a><\/p>\r\n<\/td>\r\n<\/tr>\r\n\r\n<tr>\r\n<td>\r\n<p align=\"center\">\u00a0\u00a02.180<\/p>\r\n<\/td>\r\n<td>\r\n<p align=\"justify\">\u00a0<a href=\"https:\/\/cofecon.org.br\/transparencia\/files\/atos_normativos\/Res\/2025\/Res2025-2180.pdf\" target=\"_blank\" rel=\"noopener\">Altera dispositivo na Resolu\u00e7\u00e3o n\u00ba 2.170, de 1\u00ba de\r\noutubro de 2024.\r\n<\/a><\/p>\r\n<\/td>\r\n<\/tr>\r\n\r\n<tr>\r\n<td>\r\n<p align=\"center\">\u00a0\u00a02.181<\/p>\r\n<\/td>\r\n<td>\r\n<p align=\"justify\">\u00a0<a href=\"https:\/\/cofecon.org.br\/transparencia\/files\/atos_normativos\/Res\/2025\/Res2025-2181.pdf\" target=\"_blank\" rel=\"noopener\">Disp\u00f5e sobre o Regulamento\r\ndo XXXI Pr\u00eamio Brasil de Economia -\r\nPBE 2025<\/a><\/p>\r\n<\/td>\r\n<\/tr>\r\n\r\n<tr>\r\n<td>\r\n<p align=\"center\">\u00a0\u00a02.182<\/p>\r\n<\/td>\r\n<td>\r\n<p align=\"justify\">\u00a0<a href=\"https:\/\/cofecon.org.br\/transparencia\/files\/atos_normativos\/Res\/2025\/Res2025-2182.pdf\" target=\"_blank\" rel=\"noopener\">Aprova o Regulamento\r\nd o 10\u00ba Desafio Quero Ser\r\nEconomista - 2025.<\/a><\/p>\r\n<\/td>\r\n<\/tr>\r\n\r\n<tr>\r\n<td>\r\n<p align=\"center\">\u00a0\u00a02.183<\/p>\r\n<\/td>\r\n<td>\r\n<p align=\"justify\">\u00a0<a href=\"https:\/\/cofecon.org.br\/transparencia\/files\/atos_normativos\/Res\/2025\/Res2025-2183.pdf\" target=\"_blank\" rel=\"noopener\">Aprovar o Plano de Dados Abertos (PDA) do Sistema Cofecon\/Corecon.\r\n<\/a><\/p>\r\n<\/td>\r\n<\/tr>\r\n\r\n<tr>\r\n<td>\r\n<p align=\"center\">  2.184<\/p>\r\n<\/td>\r\n<td>\r\n<p align=\"justify\"> <a href=\"https:\/\/cofecon.org.br\/transparencia\/files\/atos_normativos\/Res\/2025\/Res2025-2184.pdf\" target=\"_blank\" rel=\"noopener\">Institui procedimentos e aprova o calend\u00e1rio\r\nreferente ao processo eleitoral de 2025 do Sistema\r\nCofecon\/Corecon, e d\u00e1 outras provid\u00eancias.\r\n<\/a><\/p>\r\n<\/td>\r\n<\/tr>\r\n\r\n\r\n<tr>\r\n<td>\r\n<p align=\"center\">  2.185<\/p>\r\n<\/td>\r\n<td>\r\n<p align=\"justify\"> <a href=\"https:\/\/cofecon.org.br\/transparencia\/files\/atos_normativos\/Res\/2025\/Res2025-2185.pdf\" target=\"_blank\" rel=\"noopener\">Alterar o item 2.6 do cap\u00edtulo 6.2, da\r\nConsolida\u00e7\u00e3o da Legisla\u00e7\u00e3o da Profiss\u00e3o de\r\nEconomia - CLPE e d\u00e1 outras provid\u00eancias\r\n<\/a><\/p>\r\n<\/td>\r\n<\/tr>\r\n\r\n\r\n<tr>\r\n<td>\r\n<p align=\"center\">  2.186<\/p>\r\n<\/td>\r\n<td>\r\n<p align=\"justify\"> <a href=\"https:\/\/cofecon.org.br\/transparencia\/files\/atos_normativos\/Res\/2025\/Res2025-2186.pdf\" target=\"_blank\" rel=\"noopener\">Prorrogar as datas para realiza\u00e7\u00e3o do 10\u00ba Desafio Quero Ser Economista - 2025.\r\n<\/a><\/p>\r\n<\/td>\r\n<\/tr>\r\n\r\n<tr>\r\n<td>\r\n<p align=\"center\">  2.187<\/p>\r\n<\/td>\r\n<td>\r\n<p align=\"justify\"> <a href=\"https:\/\/cofecon.org.br\/transparencia\/files\/atos_normativos\/Res\/2025\/Res2025-2187.pdf\" target=\"_blank\" rel=\"noopener\">Disp\u00f5e sobre o 4\u00ba Pr\u00eamio Paul Singer de Boas\r\nPr\u00e1ticas Acad\u00eamicas - 2025.\r\n<\/a><\/p>\r\n<\/td>\r\n<\/tr>\r\n\r\n\r\n<tr>\r\n<td>\r\n<p align=\"center\">  2.188<\/p>\r\n<\/td>\r\n<td>\r\n<p align=\"justify\"> <a href=\"https:\/\/cofecon.org.br\/transparencia\/files\/atos_normativos\/Res\/2025\/Res2025-2188.pdf\" target=\"_blank\" rel=\"noopener\">Alterar o subitem 6.2.5 do item 6 do cap\u00edtulo 5.1.0 da\r\nConsolida\u00e7\u00e3o da Legisla\u00e7\u00e3o da Profiss\u00e3o de\r\nEconomista - CLPE.\r\n\r\n<\/a><\/p>\r\n<\/td>\r\n<\/tr>\r\n\r\n<tr>\r\n<td>\r\n<p align=\"center\">  2.189<\/p>\r\n<\/td>\r\n<td>\r\n<p align=\"justify\"> <a href=\"http:\/\/cofecon.org.br\/transparencia\/wp-content\/uploads\/2025\/09\/Resolucao-2.189-15.09.2025-Anuidades-2025.pdf\" target=\"_blank\" rel=\"noopener\">Estabelece os valores exatos das anuidades a serem \r\npagos pelas pessoas f\u00edsicas e jur\u00eddicas aos Conselhos\r\nde Economia, para o exerc\u00edcio de 2026, e d\u00e1 outras\r\nprovid\u00eancias.\r\n\r\n<\/a><\/p>\r\n<\/td>\r\n<\/tr>\r\n\r\n<tr>\r\n<td>\r\n<p align=\"center\">  2.190<\/p>\r\n<\/td>\r\n<td>\r\n<p align=\"justify\"> <a href=\"http:\/\/cofecon.org.br\/transparencia\/wp-content\/uploads\/2025\/12\/Resolucao-2.190-13.10.2025-Emolumentos-e-Multas-2026.pdf\" target=\"_blank\" rel=\"noopener\">Estabelece os valores exatos das taxas, emolumentos, pre\u00e7os de servi\u00e7os e multas a serem pagos pelas pessoas f\u00edsicas e jur\u00eddicas aos Conselhos de Economia, para o exerc\u00edcio de 2026, e d\u00e1 outras provid\u00eancias\r\n\r\n<\/a><\/p>\r\n<\/td>\r\n<\/tr>\r\n\r\n<tr>\r\n<td>\r\n<p align=\"center\">  2.191<\/p>\r\n<\/td>\r\n<td>\r\n<p align=\"justify\"> <a href=\"http:\/\/cofecon.org.br\/transparencia\/wp-content\/uploads\/2025\/12\/Resolucao-2.191-13.10.2025-Fusao-AC-2.pdf\" target=\"_blank\" rel=\"noopener\">Determina a fus\u00e3o do Conselho Regional de Economia da 23\u00aa Regi\u00e3o - Corecon-AC ao Conselho Regional de Economia da 24\u00aa Regi\u00e3o - Corecon-RO e d\u00e1 outras provid\u00eancias\r\n\r\n<\/a><\/p>\r\n<\/td>\r\n<\/tr>\r\n\r\n<tr>\r\n<td>\r\n<p align=\"center\">  2.192<\/p>\r\n<\/td>\r\n<td>\r\n<p align=\"justify\"> <a href=\"http:\/\/cofecon.org.br\/transparencia\/wp-content\/uploads\/2025\/12\/Resolucao-2.192-16.10.2025-Paul-Singer-2025-PRORROGACAO.pdf\" target=\"_blank\" rel=\"noopener\">Prorrogar inscri\u00e7\u00f5es do 4\u00ba Pr\u00eamio Paul Singer de Boas Pr\u00e1ticas Acad\u00eamicas - 2025.\r\n\r\n<\/a><\/p>\r\n<\/td>\r\n<\/tr>\r\n\r\n<\/tbody>\r\n<\/table>\r\n<\/div>\t\t\t\t<\/div>\n\t\t\t\t<\/div>\n\t\t\t\t\t<\/div>\n\t\t<\/div>\n\t\t\t\t\t<\/div>\n\t\t<\/section>\n\t\t\t\t<\/div>\n\t\t","protected":false},"excerpt":{"rendered":"<p>\u00a0Resolu\u00e7\u00f5es N\u00ba: Assunto: \u00a0\u00a02.176 \u00a0Designa composi\u00e7\u00e3o da Comiss\u00e3o de Tomada de Contas do Cofecon para o exerc\u00edcio 2025. \u00a0\u00a02.177 \u00a0Alterar o Regimento Interno do Conselho Federal de Economia, aprovado pela Resolu\u00e7\u00e3o n\u00ba 1.832, de 30 de julho de 2010. \u00a0\u00a02.178 \u00a0Aprova o Regulamento da XIV Gincana Nacional de Economia 2025. \u00a0\u00a02.179 \u00a0Disp\u00f5e sobre o X &hellip; <a href=\"https:\/\/cofecon.org.br\/transparencia\/?page_id=9400\" class=\"more-link\">Continue reading <span class=\"screen-reader-text\">Resolu\u00e7\u00f5es-2025<\/span><\/a><\/p>\n","protected":false},"author":11,"featured_media":0,"parent":0,"menu_order":0,"comment_status":"closed","ping_status":"closed","template":"","meta":{"footnotes":""},"class_list":["post-9400","page","type-page","status-publish","hentry"],"_links":{"self":[{"href":"https:\/\/cofecon.org.br\/transparencia\/index.php?rest_route=\/wp\/v2\/pages\/9400"}],"collection":[{"href":"https:\/\/cofecon.org.br\/transparencia\/index.php?rest_route=\/wp\/v2\/pages"}],"about":[{"href":"https:\/\/cofecon.org.br\/transparencia\/index.php?rest_route=\/wp\/v2\/types\/page"}],"author":[{"embeddable":true,"href":"https:\/\/cofecon.org.br\/transparencia\/index.php?rest_route=\/wp\/v2\/users\/11"}],"replies":[{"embeddable":true,"href":"https:\/\/cofecon.org.br\/transparencia\/index.php?rest_route=%2Fwp%2Fv2%2Fcomments&post=9400"}],"version-history":[{"count":52,"href":"https:\/\/cofecon.org.br\/transparencia\/index.php?rest_route=\/wp\/v2\/pages\/9400\/revisions"}],"predecessor-version":[{"id":10331,"href":"https:\/\/cofecon.org.br\/transparencia\/index.php?rest_route=\/wp\/v2\/pages\/9400\/revisions\/10331"}],"wp:attachment":[{"href":"https:\/\/cofecon.org.br\/transparencia\/index.php?rest_route=%2Fwp%2Fv2%2Fmedia&parent=9400"}],"curies":[{"name":"wp","href":"https:\/\/api.w.org\/{rel}","templated":true}]}}