{"id":940,"date":"2018-04-04T19:37:48","date_gmt":"2018-04-04T19:37:48","guid":{"rendered":"http:\/\/cofecon.org.br\/transparencia\/?page_id=940"},"modified":"2026-01-28T12:40:57","modified_gmt":"2026-01-28T12:40:57","slug":"to","status":"publish","type":"page","link":"https:\/\/cofecon.org.br\/transparencia\/?page_id=940","title":{"rendered":"Corecon &#8211; TO"},"content":{"rendered":"\t\t<div data-elementor-type=\"wp-page\" data-elementor-id=\"940\" class=\"elementor elementor-940\">\n\t\t\t\t\t\t<section class=\"elementor-section elementor-top-section elementor-element elementor-element-1582ef5a elementor-section-boxed elementor-section-height-default elementor-section-height-default\" data-id=\"1582ef5a\" data-element_type=\"section\">\n\t\t\t\t\t\t<div class=\"elementor-container elementor-column-gap-default\">\n\t\t\t\t\t<div class=\"elementor-column elementor-col-100 elementor-top-column elementor-element elementor-element-3574e530\" data-id=\"3574e530\" data-element_type=\"column\">\n\t\t\t<div class=\"elementor-widget-wrap elementor-element-populated\">\n\t\t\t\t\t\t<div class=\"elementor-element elementor-element-7d32b973 elementor-widget elementor-widget-text-editor\" data-id=\"7d32b973\" data-element_type=\"widget\" data-widget_type=\"text-editor.default\">\n\t\t\t\t<div class=\"elementor-widget-container\">\n\t\t\t\t\t\t\t\t\t<div align=\"left\"><p><img decoding=\"async\" src=\"http:\/\/cofecon.org.br\/transparencia\/wp-content\/uploads\/2024\/11\/corecon-27.png\" alt=\"\" width=\"348\" height=\"112\" \/><\/p><div><div align=\"left\"><strong>CONSELHO REGIONAL DE ECONOMIA &#8211; 25\u00aa REGI\u00c3O &#8211; TO<\/strong><br \/><strong>Site:<\/strong> www.corecon-to.org.br<\/div><div align=\"left\"><strong>E-mail:<\/strong> coreconto2015@gmail.com<\/div><div align=\"left\"><strong>CNPJ:<\/strong> 04.899.229\/0001-60<br \/><strong>Endere\u00e7o:<\/strong> ACSU SO 50, conjunto 01, lote 06, sala 701, Edif\u00edcio Comercial Amaz\u00f4nia Center<br \/>Palmas \/ TO CEP 77016-002<\/div><div align=\"left\"><strong>Telefones: <\/strong>(63) 98468-7280<br \/><strong>Respons\u00e1vel Direto:<\/strong> Viviane Oliveira Roseno Santos \/ Gerente Administrativo <br \/><strong>E-mail:<\/strong> coreconto2015@gmail.com<br \/><strong>Presidente:<\/strong> Higor de Sousa Franco<br \/><strong>Vice-Presidente:<\/strong> Vilmar Carneiro Wanderley<\/div><\/div><\/div>\t\t\t\t\t\t\t\t<\/div>\n\t\t\t\t<\/div>\n\t\t\t\t\t<\/div>\n\t\t<\/div>\n\t\t\t\t\t<\/div>\n\t\t<\/section>\n\t\t\t\t<\/div>\n\t\t","protected":false},"excerpt":{"rendered":"<p>CONSELHO REGIONAL DE ECONOMIA &#8211; 25\u00aa REGI\u00c3O &#8211; TOSite: www.corecon-to.org.brE-mail: coreconto2015@gmail.comCNPJ: 04.899.229\/0001-60Endere\u00e7o: ACSU SO 50, conjunto 01, lote 06, sala 701, Edif\u00edcio Comercial Amaz\u00f4nia CenterPalmas \/ TO CEP 77016-002Telefones: (63) 98468-7280Respons\u00e1vel Direto: Viviane Oliveira Roseno Santos \/ Gerente Administrativo E-mail: coreconto2015@gmail.comPresidente: Higor de Sousa FrancoVice-Presidente: Vilmar Carneiro Wanderley<\/p>\n","protected":false},"author":11,"featured_media":0,"parent":912,"menu_order":0,"comment_status":"closed","ping_status":"closed","template":"","meta":{"footnotes":""},"class_list":["post-940","page","type-page","status-publish","hentry"],"_links":{"self":[{"href":"https:\/\/cofecon.org.br\/transparencia\/index.php?rest_route=\/wp\/v2\/pages\/940"}],"collection":[{"href":"https:\/\/cofecon.org.br\/transparencia\/index.php?rest_route=\/wp\/v2\/pages"}],"about":[{"href":"https:\/\/cofecon.org.br\/transparencia\/index.php?rest_route=\/wp\/v2\/types\/page"}],"author":[{"embeddable":true,"href":"https:\/\/cofecon.org.br\/transparencia\/index.php?rest_route=\/wp\/v2\/users\/11"}],"replies":[{"embeddable":true,"href":"https:\/\/cofecon.org.br\/transparencia\/index.php?rest_route=%2Fwp%2Fv2%2Fcomments&post=940"}],"version-history":[{"count":32,"href":"https:\/\/cofecon.org.br\/transparencia\/index.php?rest_route=\/wp\/v2\/pages\/940\/revisions"}],"predecessor-version":[{"id":10423,"href":"https:\/\/cofecon.org.br\/transparencia\/index.php?rest_route=\/wp\/v2\/pages\/940\/revisions\/10423"}],"up":[{"embeddable":true,"href":"https:\/\/cofecon.org.br\/transparencia\/index.php?rest_route=\/wp\/v2\/pages\/912"}],"wp:attachment":[{"href":"https:\/\/cofecon.org.br\/transparencia\/index.php?rest_route=%2Fwp%2Fv2%2Fmedia&parent=940"}],"curies":[{"name":"wp","href":"https:\/\/api.w.org\/{rel}","templated":true}]}}

<div data-elementor-type="wp-page" data-elementor-id="940" class="elementor elementor-940">
						<section class="elementor-section elementor-top-section elementor-element elementor-element-1582ef5a elementor-section-boxed elementor-section-height-default elementor-section-height-default" data-id="1582ef5a" data-element_type="section">
						<div class="elementor-container elementor-column-gap-default">
					<div class="elementor-column elementor-col-100 elementor-top-column elementor-element elementor-element-3574e530" data-id="3574e530" data-element_type="column">
			<div class="elementor-widget-wrap elementor-element-populated">
						<div class="elementor-element elementor-element-7d32b973 elementor-widget elementor-widget-text-editor" data-id="7d32b973" data-element_type="widget" data-widget_type="text-editor.default">
				<div class="elementor-widget-container">
									<div align="left"><p><img decoding="async" src="http://cofecon.org.br/transparencia/wp-content/uploads/2024/11/corecon-27.png" alt="" width="348" height="112" /></p><div><div align="left"><strong>CONSELHO REGIONAL DE ECONOMIA &#8211; 25ª REGIÃO &#8211; TO</strong><br /><strong>Site:</strong> www.corecon-to.org.br</div><div align="left"><strong>E-mail:</strong> coreconto2015@gmail.com</div><div align="left"><strong>CNPJ:</strong> 04.899.229/0001-60<br /><strong>Endereço:</strong> ACSU SO 50, conjunto 01, lote 06, sala 701, Edifício Comercial Amazônia Center<br />Palmas / TO CEP 77016-002</div><div align="left"><strong>Telefones: </strong>(63) 98468-7280<br /><strong>Responsável Direto:</strong> Viviane Oliveira Roseno Santos / Gerente Administrativo <br /><strong>E-mail:</strong> coreconto2015@gmail.com<br /><strong>Presidente:</strong> Higor de Sousa Franco<br /><strong>Vice-Presidente:</strong> Vilmar Carneiro Wanderley</div></div></div>								</div>
				</div>
					</div>
		</div>
					</div>
		</section>
				</div>

<p>CONSELHO REGIONAL DE ECONOMIA &#8211; 25ª REGIÃO &#8211; TOSite: www.corecon-to.org.brE-mail: coreconto2015@gmail.comCNPJ: 04.899.229/0001-60Endereço: ACSU SO 50, conjunto 01, lote 06, sala 701, Edifício Comercial Amazônia CenterPalmas / TO CEP 77016-002Telefones: (63) 98468-7280Responsável Direto: Viviane Oliveira Roseno Santos / Gerente Administrativo E-mail: coreconto2015@gmail.comPresidente: Higor de Sousa FrancoVice-Presidente: Vilmar Carneiro Wanderley</p>
