{"id":933,"date":"2018-04-04T19:34:19","date_gmt":"2018-04-04T19:34:19","guid":{"rendered":"http:\/\/cofecon.org.br\/transparencia\/?page_id=933"},"modified":"2026-01-28T14:30:51","modified_gmt":"2026-01-28T14:30:51","slug":"ro","status":"publish","type":"page","link":"https:\/\/cofecon.org.br\/transparencia\/?page_id=933","title":{"rendered":"Corecon-RO\/AC"},"content":{"rendered":"\t\t<div data-elementor-type=\"wp-page\" data-elementor-id=\"933\" class=\"elementor elementor-933\">\n\t\t\t\t\t\t<section class=\"elementor-section elementor-top-section elementor-element elementor-element-446b0ec2 elementor-section-boxed elementor-section-height-default elementor-section-height-default\" data-id=\"446b0ec2\" data-element_type=\"section\">\n\t\t\t\t\t\t<div class=\"elementor-container elementor-column-gap-default\">\n\t\t\t\t\t<div class=\"elementor-column elementor-col-100 elementor-top-column elementor-element elementor-element-6b1be646\" data-id=\"6b1be646\" data-element_type=\"column\">\n\t\t\t<div class=\"elementor-widget-wrap elementor-element-populated\">\n\t\t\t\t\t\t<div class=\"elementor-element elementor-element-39cca8e elementor-widget elementor-widget-text-editor\" data-id=\"39cca8e\" data-element_type=\"widget\" data-widget_type=\"text-editor.default\">\n\t\t\t\t<div class=\"elementor-widget-container\">\n\t\t\t\t\t\t\t\t\t<div align=\"left\"><p><img decoding=\"async\" src=\"http:\/\/cofecon.org.br\/transparencia\/wp-content\/uploads\/2026\/01\/todas-as-logos-dos-corecons-30-1.png\" alt=\"\" width=\"348\" height=\"112\" \/><\/p><div><div align=\"left\"><strong>CONSELHO REGIONAL DE ECONOMIA &#8211; 24\u00aa REGI\u00c3O &#8211; RO-AC<\/strong><br \/><strong>Site:<\/strong> www.corecon-ro.org.br<\/div><div align=\"left\"><strong> E-mail:<\/strong> corecon-ro@cofecon.org.br; coreconro@gmail.com;<br \/><strong>Endere\u00e7o:<\/strong> Travessa Guapor\u00e9, n\u00ba 556, sala 309, Edif\u00edcio Rio Madeira, Centro<br \/>Porto Velho \/ RO CEP 76801-063<br \/><strong>Telefones:<\/strong> (69) 99948-9817<br \/><strong>Respons\u00e1vel Direto:<\/strong> Sirlene Rocha de Melo \/ Assistente ao Economista \/ (69) 99342-7373<br \/><strong>E-mail:<\/strong> : sirlene.rocha6@gmail.com<\/div><div align=\"left\"><strong>Presidente:<\/strong> Francisco Aroldo Vasconcelos de Oliveira<br \/><strong>Vice-Presidente:<\/strong> Jo\u00e3o Batista Almeida<\/div><\/div><\/div>\t\t\t\t\t\t\t\t<\/div>\n\t\t\t\t<\/div>\n\t\t\t\t\t<\/div>\n\t\t<\/div>\n\t\t\t\t\t<\/div>\n\t\t<\/section>\n\t\t\t\t<\/div>\n\t\t","protected":false},"excerpt":{"rendered":"<p>CONSELHO REGIONAL DE ECONOMIA &#8211; 24\u00aa REGI\u00c3O &#8211; RO-ACSite: www.corecon-ro.org.br E-mail: corecon-ro@cofecon.org.br; coreconro@gmail.com;Endere\u00e7o: Travessa Guapor\u00e9, n\u00ba 556, sala 309, Edif\u00edcio Rio Madeira, CentroPorto Velho \/ RO CEP 76801-063Telefones: (69) 99948-9817Respons\u00e1vel Direto: Sirlene Rocha de Melo \/ Assistente ao Economista \/ (69) 99342-7373E-mail: : sirlene.rocha6@gmail.comPresidente: Francisco Aroldo Vasconcelos de OliveiraVice-Presidente: Jo\u00e3o Batista Almeida<\/p>\n","protected":false},"author":11,"featured_media":0,"parent":912,"menu_order":0,"comment_status":"closed","ping_status":"closed","template":"","meta":{"footnotes":""},"class_list":["post-933","page","type-page","status-publish","hentry"],"_links":{"self":[{"href":"https:\/\/cofecon.org.br\/transparencia\/index.php?rest_route=\/wp\/v2\/pages\/933"}],"collection":[{"href":"https:\/\/cofecon.org.br\/transparencia\/index.php?rest_route=\/wp\/v2\/pages"}],"about":[{"href":"https:\/\/cofecon.org.br\/transparencia\/index.php?rest_route=\/wp\/v2\/types\/page"}],"author":[{"embeddable":true,"href":"https:\/\/cofecon.org.br\/transparencia\/index.php?rest_route=\/wp\/v2\/users\/11"}],"replies":[{"embeddable":true,"href":"https:\/\/cofecon.org.br\/transparencia\/index.php?rest_route=%2Fwp%2Fv2%2Fcomments&post=933"}],"version-history":[{"count":38,"href":"https:\/\/cofecon.org.br\/transparencia\/index.php?rest_route=\/wp\/v2\/pages\/933\/revisions"}],"predecessor-version":[{"id":10515,"href":"https:\/\/cofecon.org.br\/transparencia\/index.php?rest_route=\/wp\/v2\/pages\/933\/revisions\/10515"}],"up":[{"embeddable":true,"href":"https:\/\/cofecon.org.br\/transparencia\/index.php?rest_route=\/wp\/v2\/pages\/912"}],"wp:attachment":[{"href":"https:\/\/cofecon.org.br\/transparencia\/index.php?rest_route=%2Fwp%2Fv2%2Fmedia&parent=933"}],"curies":[{"name":"wp","href":"https:\/\/api.w.org\/{rel}","templated":true}]}}

<div data-elementor-type="wp-page" data-elementor-id="933" class="elementor elementor-933">
						<section class="elementor-section elementor-top-section elementor-element elementor-element-446b0ec2 elementor-section-boxed elementor-section-height-default elementor-section-height-default" data-id="446b0ec2" data-element_type="section">
						<div class="elementor-container elementor-column-gap-default">
					<div class="elementor-column elementor-col-100 elementor-top-column elementor-element elementor-element-6b1be646" data-id="6b1be646" data-element_type="column">
			<div class="elementor-widget-wrap elementor-element-populated">
						<div class="elementor-element elementor-element-39cca8e elementor-widget elementor-widget-text-editor" data-id="39cca8e" data-element_type="widget" data-widget_type="text-editor.default">
				<div class="elementor-widget-container">
									<div align="left"><p><img decoding="async" src="http://cofecon.org.br/transparencia/wp-content/uploads/2026/01/todas-as-logos-dos-corecons-30-1.png" alt="" width="348" height="112" /></p><div><div align="left"><strong>CONSELHO REGIONAL DE ECONOMIA &#8211; 24ª REGIÃO &#8211; RO-AC</strong><br /><strong>Site:</strong> www.corecon-ro.org.br</div><div align="left"><strong> E-mail:</strong> corecon-ro@cofecon.org.br; coreconro@gmail.com;<br /><strong>Endereço:</strong> Travessa Guaporé, nº 556, sala 309, Edifício Rio Madeira, Centro<br />Porto Velho / RO CEP 76801-063<br /><strong>Telefones:</strong> (69) 99948-9817<br /><strong>Responsável Direto:</strong> Sirlene Rocha de Melo / Assistente ao Economista / (69) 99342-7373<br /><strong>E-mail:</strong> : sirlene.rocha6@gmail.com</div><div align="left"><strong>Presidente:</strong> Francisco Aroldo Vasconcelos de Oliveira<br /><strong>Vice-Presidente:</strong> João Batista Almeida</div></div></div>								</div>
				</div>
					</div>
		</div>
					</div>
		</section>
				</div>

<p>CONSELHO REGIONAL DE ECONOMIA &#8211; 24ª REGIÃO &#8211; RO-ACSite: www.corecon-ro.org.br E-mail: corecon-ro@cofecon.org.br; coreconro@gmail.com;Endereço: Travessa Guaporé, nº 556, sala 309, Edifício Rio Madeira, CentroPorto Velho / RO CEP 76801-063Telefones: (69) 99948-9817Responsável Direto: Sirlene Rocha de Melo / Assistente ao Economista / (69) 99342-7373E-mail: : sirlene.rocha6@gmail.comPresidente: Francisco Aroldo Vasconcelos de OliveiraVice-Presidente: João Batista Almeida</p>
