{"id":9174,"date":"2024-12-20T15:02:31","date_gmt":"2024-12-20T15:02:31","guid":{"rendered":"https:\/\/cofecon.org.br\/transparencia\/?page_id=9174"},"modified":"2025-10-15T17:20:02","modified_gmt":"2025-10-15T17:20:02","slug":"portarias-2023","status":"publish","type":"page","link":"https:\/\/cofecon.org.br\/transparencia\/?page_id=9174","title":{"rendered":"Portarias-2023"},"content":{"rendered":"\t\t<div data-elementor-type=\"wp-page\" data-elementor-id=\"9174\" class=\"elementor elementor-9174\">\n\t\t\t\t\t\t<section class=\"elementor-section elementor-top-section elementor-element elementor-element-44c575f elementor-section-boxed elementor-section-height-default elementor-section-height-default\" data-id=\"44c575f\" data-element_type=\"section\">\n\t\t\t\t\t\t<div class=\"elementor-container elementor-column-gap-default\">\n\t\t\t\t\t<div class=\"elementor-column elementor-col-100 elementor-top-column elementor-element elementor-element-8b518e0\" data-id=\"8b518e0\" data-element_type=\"column\">\n\t\t\t<div class=\"elementor-widget-wrap elementor-element-populated\">\n\t\t\t\t\t\t<div class=\"elementor-element elementor-element-5f7166d elementor-widget elementor-widget-text-editor\" data-id=\"5f7166d\" data-element_type=\"widget\" data-widget_type=\"text-editor.default\">\n\t\t\t\t<div class=\"elementor-widget-container\">\n\t\t\t\t\t\t\t\t\t<table border=\"0\" align=\"center\">\n<tbody>\n<tr>\n<th scope=\"row\" align=\"center\" valign=\"middle\" width=\"134\">\n<p dir=\"ltr\" align=\"left\"><strong>Portarias N\u00ba:<\/strong><\/p>\n<\/th>\n<th scope=\"row\" align=\"center\" valign=\"middle\" width=\"499\">\n<p align=\"center\"><strong>Assunto:<\/strong><\/p>\n<\/th>\n<\/tr>\n<tr>\n<td>\n<p align=\"center\">01<\/p>\n<\/td>\n<td>\n<p align=\"left\"><a href=\"https:\/\/cofecon.org.br\/transparencia\/files\/atos_normativos\/Port\/2023\/Port-2023(1).pdf\" target=\"_blank\" rel=\"noopener noreferrer\">Designa Pregoeiros Oficiais do Cofecon e Equipe de apoio e condu\u00e7\u00e3o de procedimentos de Cota\u00e7\u00e3o Eletr\u00f4nica e Dispensa Eletr\u00f4nica por meio do Portal de Compras do Governo Federal.\n<\/a><\/p>\n<\/td>\n<\/tr>\n<tr>\n<td>\n<p align=\"center\">02<\/p>\n<\/td>\n<td>\n<p align=\"left\"><a href=\"http:\/\/cofecon.org.br\/transparencia\/files\/atos_normativos\/Port\/2023\/Port-2023(2).pdf\" target=\"_blank\" rel=\"noopener noreferrer\">Autoriza colaboradores a responderem pela Tesouraria do Cofecon.<\/a><\/p>\n<\/td>\n<\/tr>\n<tr>\n<td>\n<p align=\"center\">03<\/p>\n<\/td>\n<td>\n<p align=\"left\"><a href=\"http:\/\/cofecon.org.br\/transparencia\/files\/atos_normativos\/Port\/2023\/Port-2023(3).pdf\" target=\"_blank\" rel=\"noopener noreferrer\">Nomeia empregados para acompanhar e fiscalizar contratos administrativos.<\/a><\/p>\n<\/td>\n<\/tr>\n<tr>\n<td>\n<p align=\"center\">04<\/p>\n<\/td>\n<td>\n<p align=\"left\"><a href=\"http:\/\/cofecon.org.br\/transparencia\/files\/atos_normativos\/Port\/2023\/Port-2023(4).pdf\" target=\"_blank\" rel=\"noopener noreferrer\">Nomeia Rielisson Barbosa de Moura para o cargo de livre provimento na ocupa\u00e7\u00e3o de Assessor III do Cofecon.<\/a><\/p>\n<\/td>\n<\/tr>\n<tr>\n<td>\n<p align=\"center\">05<\/p>\n<\/td>\n<td>\n<p align=\"left\"><a href=\"http:\/\/cofecon.org.br\/transparencia\/files\/atos_normativos\/Port\/2023\/Port-2023(5).pdf\" target=\"_blank\" rel=\"noopener noreferrer\">Custeia passagem a\u00e9rea para Marcelo Gomes Justo.<\/a><\/p>\n<\/td>\n<\/tr>\n<tr>\n<td>\n<p align=\"center\">06<\/p>\n<\/td>\n<td>\n<p align=\"left\"><a href=\"http:\/\/cofecon.org.br\/transparencia\/files\/atos_normativos\/Port\/2023\/Port-2023(6).pdf\" target=\"_blank\" rel=\"noopener noreferrer\">Nomeia o assessor Paulo Roberto Samuel Alves J\u00fanior para exercer, cumulativamente, e em substitui\u00e7\u00e3o tempor\u00e1ria, o cargo em comiss\u00e3o de Procurador-Geral do Cofecon.<\/a><\/p>\n<\/td>\n<\/tr>\n<tr>\n<td>\n<p align=\"center\">07<\/p>\n<\/td>\n<td>\n<p align=\"left\"><a href=\"http:\/\/cofecon.org.br\/transparencia\/files\/atos_normativos\/Port\/2023\/Port-2023(7).pdf\" target=\"_blank\" rel=\"noopener noreferrer\">Altera o Anexo I da Portaria n\u00ba 2, de 18 de janeiro de 2019, que implementa o quadro de hor\u00e1rio dos empregados do Conselho Federal de Economia &#8211; Cofecon.<\/a><\/p>\n<\/td>\n<\/tr>\n<tr>\n<td>\n<p align=\"center\">08<\/p>\n<\/td>\n<td>\n<p align=\"left\"><a href=\"http:\/\/cofecon.org.br\/transparencia\/files\/atos_normativos\/Port\/2023\/Port-2023(8).pdf\" target=\"_blank\" rel=\"noopener noreferrer\">Designa a composi\u00e7\u00e3o das Comiss\u00f5es Tem\u00e1ticas e dos Grupos de Trabalho do Cofecon &#8211; 2023.<\/a><\/p>\n<\/td>\n<\/tr>\n<tr>\n<td>\n<p align=\"center\">09<\/p>\n<\/td>\n<td>\n<p align=\"left\"><a href=\"#\" target=\"_blank\" rel=\"noopener noreferrer\">\nDocumento Sigiloso <\/a><\/p>\n<\/td>\n<\/tr>\n<tr>\n<td>\n<p align=\"center\">10<\/p>\n<\/td>\n<td>\n<p align=\"left\"><a href=\"http:\/\/cofecon.org.br\/transparencia\/files\/atos_normativos\/Port\/2023\/Port-2023(10).pdf\" target=\"_blank\" rel=\"noopener noreferrer\">Inclui dispositivo \u00e0 Portaria n\u00ba 30, de 10 de dezembro de 2020, que regulamenta a concess\u00e3o de assist\u00eancia m\u00e9dico-hospitalar e odontol\u00f3gica no \u00e2mbito do Cofecon.<\/a><\/p>\n<\/td>\n<\/tr>\n<tr>\n<td>\n<p align=\"center\">11<\/p>\n<\/td>\n<td>\n<p align=\"left\"><a href=\"http:\/\/cofecon.org.br\/transparencia\/files\/atos_normativos\/Port\/2023\/Port-2023(11).pdf\" target=\"_blank\" rel=\"noopener noreferrer\">Destitui Jo\u00e3o Henrique Vieira Costa da fun\u00e7\u00e3o gratificada de Supervisor de Recep\u00e7\u00e3o e Designa para exercer a fun\u00e7\u00e3o gratificada de Suporte em Tecnologia da Informa\u00e7\u00e3o no Conselho Federal de Economia.<\/a><\/p>\n<\/td>\n<\/tr>\n<tr>\n<td>\n<p align=\"center\">12<\/p>\n<\/td>\n<td>\n<p align=\"left\"><a href=\"http:\/\/cofecon.org.br\/transparencia\/files\/atos_normativos\/Port\/2023\/Port-2023(12).pdf\" target=\"_blank\" rel=\"noopener noreferrer\">Nomeia o assessor Paulo Roberto Samuel Alves J\u00fanior para exercer, cumulativamente, e em substitui\u00e7\u00e3o tempor\u00e1ria, o cargo em comiss\u00e3o de Procurador-Geral do Cofecon.\n<\/a><\/p>\n<\/td>\n<\/tr>\n<tr>\n<td>\n<p align=\"center\">13<\/p>\n<\/td>\n<td>\n<p align=\"left\"><a href=\"http:\/\/cofecon.org.br\/transparencia\/files\/atos_normativos\/Port\/2023\/Port-2023(13).pdf\" target=\"_blank\" rel=\"noopener noreferrer\">Ajusta a composi\u00e7\u00e3o das Comiss\u00f5es Tem\u00e1ticas e dos Grupos de Trabalho do Cofecon &#8211; 2023.\n<\/a><\/p>\n<\/td>\n<\/tr>\n<tr>\n<td>\n<p align=\"center\">14<\/p>\n<\/td>\n<td>\n<p align=\"left\"><a href=\"http:\/\/cofecon.org.br\/transparencia\/files\/atos_normativos\/Port\/2023\/Port-2023(14).pdf\" target=\"_blank\" rel=\"noopener noreferrer\">Designa Daniel Nunes de Oliveira para exercer a fun\u00e7\u00e3o gratificada de Supervisor Administrativo no Conselho Federal de Economia. <\/a><\/p>\n<\/td>\n<\/tr>\n<tr>\n<td>\n<p align=\"center\">15<\/p>\n<\/td>\n<td>\n<p align=\"left\"><a href=\"http:\/\/cofecon.org.br\/transparencia\/files\/atos_normativos\/Port\/2023\/Port-2023(15).pdf\" target=\"_blank\" rel=\"noopener noreferrer\">Designa Danielle Costa Barbosa Girotto para exercer a fun\u00e7\u00e3o gratificada de Atua\u00e7\u00e3o em Processos Licitat\u00f3rios no Conselho Federal de Economia.<\/a><\/p>\n<\/td>\n<\/tr>\n<tr>\n<td>\n<p align=\"center\">16<\/p>\n<\/td>\n<td>\n<p align=\"left\"><a href=\"http:\/\/cofecon.org.br\/transparencia\/files\/atos_normativos\/Port\/2023\/Port-2023(16).pdf\" target=\"_blank\" rel=\"noopener noreferrer\">Designa Agentes de Contrata\u00e7\u00e3o, Equipe de apoio, Pregoeiros Oficiais e respons\u00e1veis pela condu\u00e7\u00e3o de procedimentos de Dispensa Eletr\u00f4nica por meio do Portal de Compras do Governo Federal.\n<\/a><\/p>\n<\/td>\n<\/tr>\n<tr>\n<td>\n<p align=\"center\">17<\/p>\n<\/td>\n<td>\n<p align=\"left\"><a href=\"http:\/\/cofecon.org.br\/transparencia\/files\/atos_normativos\/Port\/2023\/Port-2023(17).pdf\" target=\"_blank\" rel=\"noopener noreferrer\">\nNomeia empregados para acompanhar e fiscalizar\ncontratos administrativos.<\/a><\/p>\n<\/td>\n<\/tr>\n<tr>\n<td>\n<p align=\"center\">18<\/p>\n<\/td>\n<td>\n<p align=\"left\"><a href=\"#\" target=\"_blank\" rel=\"noopener noreferrer\">\nDocumento Sigiloso <\/a><\/p>\n<\/td>\n<\/tr>\n<tr>\n<td>\n<p align=\"center\">19<\/p>\n<\/td>\n<td>\n<p align=\"left\"><a href=\"https:\/\/cofecon.org.br\/transparencia\/files\/atos_normativos\/Port\/2023\/Port-2023(19).pdf\" target=\"_blank\" rel=\"noopener noreferrer\">Custeia passagem a\u00e9rea para Carlos Pinkusfeld\nMonteiro Bastos.\n<\/a><\/p>\n<\/td>\n<\/tr>\n<tr>\n<td>\n<p align=\"center\">20<\/p>\n<\/td>\n<td>\n<p align=\"left\"><a href=\"https:\/\/cofecon.org.br\/transparencia\/files\/atos_normativos\/Port\/2023\/Port-2023(20).pdf\" target=\"_blank\" rel=\"noopener noreferrer\">Cria Comiss\u00f5es Organizadora e Avaliadora do 8\u00ba\nDesafio Quero Ser Economista 2023.\n<\/a><\/p>\n<\/td>\n<\/tr>\n<tr>\n<td>\n<p align=\"center\">21<\/p>\n<\/td>\n<td>\n<p align=\"left\"><a href=\"https:\/\/cofecon.org.br\/transparencia\/files\/atos_normativos\/Port\/2023\/Port-2023(21).pdf\">Reajusta o valor das di\u00e1rias conforme varia\u00e7\u00e3o acumulada do INPC no per\u00edodo de maio de 2022 a abril de 2023 INPC\/IBGE.<\/a><\/p>\n<\/td>\n<\/tr>\n<tr>\n<td>\n<p align=\"center\">22<\/p>\n<\/td>\n<td>\n<p align=\"left\"><a href=\"#\" target=\"_blank\" rel=\"noopener noreferrer\">\nDocumento Sigiloso <\/a><\/p>\n<\/td>\n<\/tr>\n<tr>\n<td>\n<p align=\"center\">23<\/p>\n<\/td>\n<td>\n<p align=\"left\"><a href=\"https:\/\/cofecon.org.br\/transparencia\/files\/atos_normativos\/Port\/2023\/Port-2023(23).pdf\">Designa a composi\u00e7\u00e3o da Comiss\u00e3o Permanente de Controle Patrimonial do Cofecon.<\/a><\/p>\n<\/td>\n<\/tr>\n<tr>\n<td>\n<p align=\"center\">24<\/p>\n<\/td>\n<td>\n<p align=\"left\"><a href=\"https:\/\/cofecon.org.br\/transparencia\/files\/atos_normativos\/Port\/2023\/Port-2023(24).pdf\">Disp\u00f5e sobre a elabora\u00e7\u00e3o dos Estudos T\u00e9cnicos Preliminares &#8211; ETP no \u00e2mbito dos processos licitat\u00f3rios do Conselho Federal de Economia, sobre o Sistema ETP digital, e d\u00e1 outras provid\u00eancias.<\/a><\/p>\n<\/td>\n<\/tr>\n<tr>\n<td>\n<p align=\"center\">25<\/p>\n<\/td>\n<td>\n<p align=\"left\"><a href=\"https:\/\/cofecon.org.br\/transparencia\/files\/atos_normativos\/Port\/2023\/Port-2023(25).pdf\">Disp\u00f5e sobre os crit\u00e9rios e procedimentos para a emiss\u00e3o de atestados de capacidade t\u00e9cnica no \u00e2mbito do Conselho Federal de Economia.<\/a><\/p>\n<\/td>\n<\/tr>\n<tr>\n<td>\n<p align=\"center\">26<\/p>\n<\/td>\n<td>\n<p align=\"left\"><a href=\"https:\/\/cofecon.org.br\/transparencia\/files\/atos_normativos\/Port\/2023\/Port-2023(26).pdf\">Nomeia Ana Claudia Ramos Pinto para exercer, cumulativamente, e em substitui\u00e7\u00e3o tempor\u00e1ria, o cargo em comiss\u00e3o de Superintendente do Cofecon.<\/a><\/p>\n<\/td>\n<\/tr>\n<tr>\n<td>\n<p align=\"center\">27<\/p>\n<\/td>\n<td>\n<p align=\"left\"><a href=\"https:\/\/cofecon.org.br\/transparencia\/files\/atos_normativos\/Port\/2023\/Port-2023(27).pdf\">Custeia passagens a\u00e9reas e di\u00e1ria para Paulo Nogueira Batista J\u00fanior.<\/a><\/p>\n<\/td>\n<\/tr>\n<tr>\n<td>\n<p align=\"center\">28<\/p>\n<\/td>\n<td>\n<p align=\"left\"><a href=\"https:\/\/cofecon.org.br\/transparencia\/files\/atos_normativos\/Port\/2023\/Port-2023(28).pdf\">Custeia passagens a\u00e9reas e di\u00e1ria para Andr\u00e9 Paiva Ramos.<\/a><\/p>\n<\/td>\n<\/tr>\n<tr>\n<td>\n<p align=\"center\">29<\/p>\n<\/td>\n<td>\n<p align=\"left\"><a href=\"https:\/\/cofecon.org.br\/transparencia\/files\/atos_normativos\/Port\/2023\/Port-2023(29).pdf\">Custeia passagens a\u00e9reas e meia di\u00e1ria para C\u00e9sar Antonio Locatelli de Almeida.<\/a><\/p>\n<\/td>\n<\/tr>\n<tr>\n<td>\n<p align=\"center\">30<\/p>\n<\/td>\n<td>\n<p align=\"left\"><a href=\"https:\/\/cofecon.org.br\/transparencia\/files\/atos_normativos\/Port\/2023\/Port-2023(30).pdf\">Custeia passagens a\u00e9reas e di\u00e1ria para Lu\u00eds Nassif.<\/a><\/p>\n<\/td>\n<\/tr>\n<tr>\n<td>\n<p align=\"center\">31<\/p>\n<\/td>\n<td>\n<p align=\"left\"><a href=\"https:\/\/cofecon.org.br\/transparencia\/files\/atos_normativos\/Port\/2023\/Port-2023(31).pdf\">Nomeia Paulo Roberto Samuel Alves J\u00fanior para o\ncargo de livre provimento na ocupa\u00e7\u00e3o de Assessor I\ndo Cofecon.\n<\/a><\/p>\n<\/td>\n<\/tr>\n<tr>\n<td>\n<p align=\"center\">32<\/p>\n<\/td>\n<td>\n<p align=\"left\"><a href=\"https:\/\/cofecon.org.br\/transparencia\/files\/atos_normativos\/Port\/2023\/Port-2023(32).pdf\">Nomeia Caio da Rocha Santos para o cargo de livre\nprovimento na ocupa\u00e7\u00e3o de Assessor III do Cofecon.\n<\/a><\/p>\n<\/td>\n<\/tr>\n<tr>\n<td>\n<p align=\"center\">33<\/p>\n<\/td>\n<td>\n<p align=\"left\"><a href=\"https:\/\/cofecon.org.br\/transparencia\/files\/atos_normativos\/Port\/2023\/Port-2023(33).pdf\">Custeia passagens a\u00e9reas e di\u00e1rias para Dwan\nHenrique Martiningue.<\/a><\/p>\n<\/td>\n<\/tr>\n<tr>\n<td>\n<p align=\"center\">34<\/p>\n<\/td>\n<td>\n<p align=\"left\"><a href=\"https:\/\/cofecon.org.br\/transparencia\/files\/atos_normativos\/Port\/2023\/Port-2023(34).pdf\">Nomeia Jane Lopes da Silva para exercer,\ncumulativamente, e em substitui\u00e7\u00e3o tempor\u00e1ria, o\ncargo em comiss\u00e3o de Coordenador do Cofecon.<\/a><\/p>\n<\/td>\n<\/tr>\n<tr>\n<td>\n<p align=\"center\">35<\/p>\n<\/td>\n<td>\n<p align=\"left\"><a href=\"https:\/\/cofecon.org.br\/transparencia\/files\/atos_normativos\/Port\/2023\/Port-2023(35).pdf\">Reajusta o Valor-piso da Hora de Trabalho do\nEconomista &#8211; VHTE pelo IPCA (IBGE).\n<\/a><\/p>\n<\/td>\n<\/tr>\n<tr>\n<td>\n<p align=\"center\">36<\/p>\n<\/td>\n<td>\n<p align=\"left\"><a href=\"#\" target=\"_blank\" rel=\"noopener noreferrer\">\nDocumento Sigiloso <\/a><\/p>\n<\/td>\n<\/tr>\n<tr>\n<td>\n<p align=\"center\">37<\/p>\n<\/td>\n<td>\n<p align=\"left\"><a href=\"https:\/\/cofecon.org.br\/transparencia\/files\/atos_normativos\/Port\/2023\/Port-2023(37).pdf\">Convoca membro suplente da Comiss\u00e3o Eleitoral do\nConselho Federal de Economia &#8211; Cofecon, para exercer as\nfun\u00e7\u00f5es de membro efetivo, durante o pleito eleitoral de 2023.\n<\/a><\/p>\n<\/td>\n<\/tr>\n<tr>\n<td>\n<p align=\"center\">38<\/p>\n<\/td>\n<td>\n<p align=\"left\"><a href=\"#\" target=\"_blank\" rel=\"noopener noreferrer\">\nDocumento Sigiloso <\/a><\/p>\n<\/td>\n<\/tr>\n<tr>\n<td>\n<p align=\"center\">39<\/p>\n<\/td>\n<td>\n<p align=\"left\"><a href=\"https:\/\/cofecon.org.br\/transparencia\/files\/atos_normativos\/Port\/2023\/Port-2023(39).pdf\">Destitui Maria Aparecida Carneiro da fun\u00e7\u00e3o gratificada de Supervisor do N\u00facleo de Estudos Econ\u00f4micos e Estat\u00edsticos no Conselho Federal de Economia.\n<\/a><\/p>\n<\/td>\n<\/tr>\n<tr>\n<td>\n<p align=\"center\">40<\/p>\n<\/td>\n<td>\n<p align=\"left\"><a href=\"https:\/\/cofecon.org.br\/transparencia\/files\/atos_normativos\/Port\/2023\/Port-2023(40).pdf\">Nomeia Raquel Passos da Silva Ara\u00fajo para exercer, cumulativamente, e em substitui\u00e7\u00e3o tempor\u00e1ria, o cargo em comiss\u00e3o de Coordenador de Comunica\u00e7\u00e3o do Cofecon.\n<\/a><\/p>\n<\/td>\n<\/tr>\n<tr>\n<td>\n<p align=\"center\">41<\/p>\n<\/td>\n<td>\n<p align=\"left\"><a href=\"https:\/\/cofecon.org.br\/transparencia\/files\/atos_normativos\/Port\/2023\/Port-2023(41).pdf\">Designa para exerc\u00edcio interino da Presid\u00eancia do Cofecon, no per\u00edodo de 12 a 31 de dezembro de 2023, o Vice-Presidente Eduardo Rodrigues da Silva.\n<\/a><\/p>\n<\/td>\n<\/tr>\n<tr>\n<td>\n<p align=\"center\">42<\/p>\n<\/td>\n<td>\n<p align=\"left\"><a href=\"https:\/\/cofecon.org.br\/transparencia\/files\/atos_normativos\/Port\/2023\/Port-2023(42).pdf\">Nomeia Ana Claudia Ramos Pinto para exercer, cumulativamente, e em substitui\u00e7\u00e3o tempor\u00e1ria, o cargo em comiss\u00e3o de Superintendente do Cofecon.\n<\/a><\/p>\n<\/td>\n<\/tr>\n<tr>\n<td>\n<p align=\"center\">43<\/p>\n<\/td>\n<td>\n<p align=\"left\"><a href=\"https:\/\/cofecon.org.br\/transparencia\/files\/atos_normativos\/Port\/2023\/Port-2023(43).pdf\">Nomeia o assessor Paulo Roberto Samuel Alves J\u00fanior para exercer, cumulativamente, e em substitui\u00e7\u00e3o tempor\u00e1ria, o cargo em comiss\u00e3o de Procurador-Geral do Cofecon.\n<\/a><\/p>\n<\/td>\n<\/tr>\n<tr>\n<td>\n<p align=\"center\">44<\/p>\n<\/td>\n<td>\n<p align=\"left\"><a href=\"https:\/\/cofecon.org.br\/transparencia\/files\/atos_normativos\/Port\/2023\/Port-2023(44).pdf\">Exonera Jos\u00e9 Luiz Pereira Barbosa do cargo efetivo de Profissional de Suporte T\u00e9cnico &#8211; PST &#8211; na ocupa\u00e7\u00e3o de T\u00e9cnico de Contabilidade do Cofecon.\n<\/a><\/p>\n<\/td>\n<\/tr>\n<\/tbody>\n<\/table>\t\t\t\t\t\t\t\t<\/div>\n\t\t\t\t<\/div>\n\t\t\t\t\t<\/div>\n\t\t<\/div>\n\t\t\t\t\t<\/div>\n\t\t<\/section>\n\t\t\t\t<\/div>\n\t\t","protected":false},"excerpt":{"rendered":"<p>Portarias N\u00ba: Assunto: 01 Designa Pregoeiros Oficiais do Cofecon e Equipe de apoio e condu\u00e7\u00e3o de procedimentos de Cota\u00e7\u00e3o Eletr\u00f4nica e Dispensa Eletr\u00f4nica por meio do Portal de Compras do Governo Federal. 02 Autoriza colaboradores a responderem pela Tesouraria do Cofecon. 03 Nomeia empregados para acompanhar e fiscalizar contratos administrativos. 04 Nomeia Rielisson Barbosa de &hellip; <a href=\"https:\/\/cofecon.org.br\/transparencia\/?page_id=9174\" class=\"more-link\">Continue reading <span class=\"screen-reader-text\">Portarias-2023<\/span><\/a><\/p>\n","protected":false},"author":11,"featured_media":0,"parent":0,"menu_order":0,"comment_status":"closed","ping_status":"closed","template":"","meta":{"footnotes":""},"class_list":["post-9174","page","type-page","status-publish","hentry"],"_links":{"self":[{"href":"https:\/\/cofecon.org.br\/transparencia\/index.php?rest_route=\/wp\/v2\/pages\/9174"}],"collection":[{"href":"https:\/\/cofecon.org.br\/transparencia\/index.php?rest_route=\/wp\/v2\/pages"}],"about":[{"href":"https:\/\/cofecon.org.br\/transparencia\/index.php?rest_route=\/wp\/v2\/types\/page"}],"author":[{"embeddable":true,"href":"https:\/\/cofecon.org.br\/transparencia\/index.php?rest_route=\/wp\/v2\/users\/11"}],"replies":[{"embeddable":true,"href":"https:\/\/cofecon.org.br\/transparencia\/index.php?rest_route=%2Fwp%2Fv2%2Fcomments&post=9174"}],"version-history":[{"count":12,"href":"https:\/\/cofecon.org.br\/transparencia\/index.php?rest_route=\/wp\/v2\/pages\/9174\/revisions"}],"predecessor-version":[{"id":9977,"href":"https:\/\/cofecon.org.br\/transparencia\/index.php?rest_route=\/wp\/v2\/pages\/9174\/revisions\/9977"}],"wp:attachment":[{"href":"https:\/\/cofecon.org.br\/transparencia\/index.php?rest_route=%2Fwp%2Fv2%2Fmedia&parent=9174"}],"curies":[{"name":"wp","href":"https:\/\/api.w.org\/{rel}","templated":true}]}}