{"id":893,"date":"2018-03-05T18:33:09","date_gmt":"2018-03-05T18:33:09","guid":{"rendered":"http:\/\/cofecon.org.br\/transparencia\/?page_id=893"},"modified":"2025-10-15T17:51:12","modified_gmt":"2025-10-15T17:51:12","slug":"deliberacoes-2018","status":"publish","type":"page","link":"https:\/\/cofecon.org.br\/transparencia\/?page_id=893","title":{"rendered":"Deliberacoes-2018"},"content":{"rendered":"\t\t<div data-elementor-type=\"wp-page\" data-elementor-id=\"893\" class=\"elementor elementor-893\">\n\t\t\t\t\t\t<section class=\"elementor-section elementor-top-section elementor-element elementor-element-1c22301 elementor-section-boxed elementor-section-height-default elementor-section-height-default\" data-id=\"1c22301\" data-element_type=\"section\">\n\t\t\t\t\t\t<div class=\"elementor-container elementor-column-gap-default\">\n\t\t\t\t\t<div class=\"elementor-column elementor-col-100 elementor-top-column elementor-element elementor-element-7efd8a7f\" data-id=\"7efd8a7f\" data-element_type=\"column\">\n\t\t\t<div class=\"elementor-widget-wrap elementor-element-populated\">\n\t\t\t\t\t\t<div class=\"elementor-element elementor-element-2fcb48b8 elementor-widget elementor-widget-text-editor\" data-id=\"2fcb48b8\" data-element_type=\"widget\" data-widget_type=\"text-editor.default\">\n\t\t\t\t<div class=\"elementor-widget-container\">\n\t\t\t\t\t\t\t\t\t<div align=\"center\">\n<table border=\"0\" align=\"center\">\n<tbody>\n<tr>\n<th scope=\"row\" align=\"center\" valign=\"middle\" width=\"134\">\n<p dir=\"ltr\" align=\"left\"><strong><span style=\"text-decoration: underline;\"><span style=\"font-size: 10pt;\">Delibera\u00e7\u00f5es N\u00ba:<\/span><\/span><\/strong><\/p>\n<\/th>\n<th scope=\"row\" align=\"center\" valign=\"middle\" width=\"499\">\n<p align=\"center\"><strong><span style=\"text-decoration: underline;\"><span style=\"font-size: 10pt;\">Assunto:<\/span><\/span><\/strong><\/p>\n<\/th>\n<\/tr>\n<tr>\n<td>\n<p align=\"center\">4.894<\/p>\n<\/td>\n<td><a href=\"https:\/\/cofecon.org.br\/transparencia\/files\/atos_normativos\/Del\/2018\/Del2018-4894.pdf\" target=\"_blank\" rel=\"noopener noreferrer\">Homologa os processos administrativos apreciados na 682\u00aa Plen\u00e1ria<\/a><\/td>\n<\/tr>\n<tr>\n<td>\n<p align=\"center\">4.895<\/p>\n<\/td>\n<td><a href=\"https:\/\/cofecon.org.br\/transparencia\/files\/atos_normativos\/Del\/2018\/Del2018-4895.pdf\" target=\"_blank\" rel=\"noopener noreferrer\">Homologa processos cont\u00e1beis apreciados na 683\u00aa Plen\u00e1ria <\/a><\/td>\n<\/tr>\n<tr>\n<td>\n<p align=\"center\">4.896<\/p>\n<\/td>\n<td><a href=\"https:\/\/cofecon.org.br\/transparencia\/files\/atos_normativos\/Del\/2018\/Del2018-4896.pdf\" target=\"_blank\" rel=\"noopener noreferrer\">Homologa processos administrativos apreciados na 683\u00aa Plen\u00e1ria<\/a><\/td>\n<\/tr>\n<tr>\n<td>\n<p align=\"center\">4.897<\/p>\n<\/td>\n<td><a href=\"https:\/\/cofecon.org.br\/transparencia\/files\/atos_normativos\/Del\/2018\/Del2018-4897.pdf\" target=\"_blank\" rel=\"noopener noreferrer\">Homologa a Primeira Reformula\u00e7\u00e3o Or\u00e7ament\u00e1ria 2018<\/a><\/td>\n<\/tr>\n<tr>\n<td>\n<p align=\"center\">4.898<\/p>\n<\/td>\n<td><a href=\"https:\/\/cofecon.org.br\/transparencia\/files\/atos_normativos\/Del\/2018\/Del2018-4898.pdf\" target=\"_blank\" rel=\"noopener noreferrer\">Normas utiliza\u00e7\u00e3o Plen\u00e1ria<\/a><\/td>\n<\/tr>\n<tr>\n<td>\n<p align=\"center\">4.899<\/p>\n<\/td>\n<td><a href=\"https:\/\/cofecon.org.br\/transparencia\/files\/atos_normativos\/Del\/2018\/Del2018-4899.pdf\" target=\"_blank\" rel=\"noopener noreferrer\">Homologa processos cont\u00e1beis apreciados na 684\u00aa Plen\u00e1ria<\/a><\/td>\n<\/tr>\n<tr>\n<td>\n<p align=\"center\">4.900<\/p>\n<\/td>\n<td><a href=\"https:\/\/cofecon.org.br\/transparencia\/files\/atos_normativos\/Del\/2018\/Del2018-4900.pdf\" target=\"_blank\" rel=\"noopener noreferrer\">Homologa os processos administrativos apreciados na 684\u00aa Plen\u00e1ria<\/a><\/td>\n<\/tr>\n<tr>\n<td>\n<p align=\"center\">4.901<\/p>\n<\/td>\n<td><a href=\"https:\/\/cofecon.org.br\/transparencia\/files\/atos_normativos\/Del\/2018\/Del2018-4901.pdf\" target=\"_blank\" rel=\"noopener noreferrer\">Reajusta os valores das Tabelas Salariais do Plano de Cargos e Sal\u00e1rios &#8211; PCS<\/a><\/td>\n<\/tr>\n<tr>\n<td>\n<p align=\"center\">4.902<\/p>\n<\/td>\n<td><a href=\"https:\/\/cofecon.org.br\/transparencia\/files\/atos_normativos\/Del\/2018\/Del2018-4902.pdf\" target=\"_blank\" rel=\"noopener noreferrer\">Homologa processos cont\u00e1beis apreciados na 685\u00aa Plen\u00e1ria<\/a><\/td>\n<\/tr>\n<tr>\n<td>\n<p align=\"center\">4.903<\/p>\n<\/td>\n<td><a href=\"https:\/\/cofecon.org.br\/transparencia\/files\/atos_normativos\/Del\/2018\/Del2018-4903.pdf\" target=\"_blank\" rel=\"noopener noreferrer\">Homologa os processos administrativos apreciados na 685\u00aa Sess\u00e3o Plen\u00e1ria<\/a><\/td>\n<\/tr>\n<tr>\n<td>\n<p align=\"center\">4.904<\/p>\n<\/td>\n<td><a href=\"https:\/\/cofecon.org.br\/transparencia\/files\/atos_normativos\/Del\/2018\/Del2018-4904.pdf\" target=\"_blank\" rel=\"noopener noreferrer\">Pr\u00eamio Brasil 2018<\/a><\/td>\n<\/tr>\n<\/tbody>\n<tbody>\n<tr>\n<td>\n<p align=\"center\">4.905<\/p>\n<\/td>\n<td><a href=\"https:\/\/cofecon.org.br\/transparencia\/files\/atos_normativos\/Del\/2018\/Del2018-4905.pdf\" target=\"_blank\" rel=\"noopener noreferrer\">Homologa os processos administrativos apreciados na 686\u00aa Sess\u00e3o Plen\u00e1ria<\/a><\/td>\n<\/tr>\n<tr>\n<td>\n<p align=\"center\">4.906<\/p>\n<\/td>\n<td><a href=\"https:\/\/cofecon.org.br\/transparencia\/files\/atos_normativos\/Del\/2018\/Del2018-4906.pdf\" target=\"_blank\" rel=\"noopener noreferrer\">Suspende a participa\u00e7\u00e3o dos Delegados-Eleitores Corecon-AC na Assembleia<\/a><\/td>\n<\/tr>\n<tr>\n<td>\n<p align=\"center\">4.907<\/p>\n<\/td>\n<td><a href=\"https:\/\/cofecon.org.br\/transparencia\/files\/atos_normativos\/Del\/2018\/Del2018-4907.pdf\" target=\"_blank\" rel=\"noopener noreferrer\">Homologa Dossi\u00eas Eleitorais 2018<\/a><\/td>\n<\/tr>\n<tr>\n<td>\n<p align=\"center\">4.908<\/p>\n<\/td>\n<td><a href=\"https:\/\/cofecon.org.br\/transparencia\/files\/atos_normativos\/Del\/2018\/Del2018-4908.pdf\" target=\"_blank\" rel=\"noopener noreferrer\">Homologa Processos Cont\u00e1beis 687<\/a><\/td>\n<\/tr>\n<tr>\n<td>\n<p align=\"center\">4.909<\/p>\n<\/td>\n<td><a href=\"https:\/\/cofecon.org.br\/transparencia\/files\/atos_normativos\/Del\/2018\/Del2018-4909.pdf\" target=\"_blank\" rel=\"noopener noreferrer\">N\u00e3o homologa Dossi\u00ea eleitoral Corecon SP<\/a><\/td>\n<\/tr>\n<tr>\n<td>\n<p align=\"center\">4.910<\/p>\n<\/td>\n<td><a href=\"https:\/\/cofecon.org.br\/transparencia\/files\/atos_normativos\/Del\/2018\/Del2018-4910.pdf\" target=\"_blank\" rel=\"noopener noreferrer\">Dossi\u00ea eleitoral Corecon PA.AP<\/a><\/td>\n<\/tr>\n<tr>\n<td>\n<p align=\"center\">4.911<\/p>\n<\/td>\n<td><a href=\"https:\/\/cofecon.org.br\/transparencia\/files\/atos_normativos\/Del\/2018\/Del2018-4911.pdf\" target=\"_blank\" rel=\"noopener noreferrer\">Homologa Processos Administrativos 687<\/a><\/td>\n<\/tr>\n<tr>\n<td>\n<p align=\"center\">4.912<\/p>\n<\/td>\n<td><a href=\"https:\/\/cofecon.org.br\/transparencia\/files\/atos_normativos\/Del\/2018\/Del2018-4912.pdf\" target=\"_blank\" rel=\"noopener noreferrer\">N\u00e3o homologa Dossi\u00ea Eleitoral AC 687<\/a><\/td>\n<\/tr>\n<tr>\n<td>\n<p align=\"center\">4.913<\/p>\n<\/td>\n<td><a href=\"https:\/\/cofecon.org.br\/transparencia\/files\/atos_normativos\/Del\/2018\/Del2018-4913.pdf\" target=\"_blank\" rel=\"noopener noreferrer\">Homologa resultado do III Desafio Quero Ser Economista<\/a><\/td>\n<\/tr>\n<tr>\n<td>\n<p align=\"center\">4.914<\/p>\n<\/td>\n<td><a href=\"https:\/\/cofecon.org.br\/transparencia\/files\/atos_normativos\/Del\/2018\/Del2018-4914.pdf\" target=\"_blank\" rel=\"noopener noreferrer\">Anula <i>Ad Referendum<\/i> Delibera\u00e7\u00e3o n\u00ba 4909 &#8211; Dossi\u00ea SP<\/a><\/td>\n<\/tr>\n<\/tbody>\n<\/table>\n<\/div>\t\t\t\t\t\t\t\t<\/div>\n\t\t\t\t<\/div>\n\t\t\t\t\t<\/div>\n\t\t<\/div>\n\t\t\t\t\t<\/div>\n\t\t<\/section>\n\t\t\t\t<\/div>\n\t\t","protected":false},"excerpt":{"rendered":"<p>Delibera\u00e7\u00f5es N\u00ba: Assunto: 4.894 Homologa os processos administrativos apreciados na 682\u00aa Plen\u00e1ria 4.895 Homologa processos cont\u00e1beis apreciados na 683\u00aa Plen\u00e1ria 4.896 Homologa processos administrativos apreciados na 683\u00aa Plen\u00e1ria 4.897 Homologa a Primeira Reformula\u00e7\u00e3o Or\u00e7ament\u00e1ria 2018 4.898 Normas utiliza\u00e7\u00e3o Plen\u00e1ria 4.899 Homologa processos cont\u00e1beis apreciados na 684\u00aa Plen\u00e1ria 4.900 Homologa os processos administrativos apreciados na 684\u00aa &hellip; <a href=\"https:\/\/cofecon.org.br\/transparencia\/?page_id=893\" class=\"more-link\">Continue reading <span class=\"screen-reader-text\">Deliberacoes-2018<\/span><\/a><\/p>\n","protected":false},"author":11,"featured_media":0,"parent":9,"menu_order":0,"comment_status":"closed","ping_status":"closed","template":"","meta":{"footnotes":""},"class_list":["post-893","page","type-page","status-publish","hentry"],"_links":{"self":[{"href":"https:\/\/cofecon.org.br\/transparencia\/index.php?rest_route=\/wp\/v2\/pages\/893"}],"collection":[{"href":"https:\/\/cofecon.org.br\/transparencia\/index.php?rest_route=\/wp\/v2\/pages"}],"about":[{"href":"https:\/\/cofecon.org.br\/transparencia\/index.php?rest_route=\/wp\/v2\/types\/page"}],"author":[{"embeddable":true,"href":"https:\/\/cofecon.org.br\/transparencia\/index.php?rest_route=\/wp\/v2\/users\/11"}],"replies":[{"embeddable":true,"href":"https:\/\/cofecon.org.br\/transparencia\/index.php?rest_route=%2Fwp%2Fv2%2Fcomments&post=893"}],"version-history":[{"count":19,"href":"https:\/\/cofecon.org.br\/transparencia\/index.php?rest_route=\/wp\/v2\/pages\/893\/revisions"}],"predecessor-version":[{"id":10023,"href":"https:\/\/cofecon.org.br\/transparencia\/index.php?rest_route=\/wp\/v2\/pages\/893\/revisions\/10023"}],"up":[{"embeddable":true,"href":"https:\/\/cofecon.org.br\/transparencia\/index.php?rest_route=\/wp\/v2\/pages\/9"}],"wp:attachment":[{"href":"https:\/\/cofecon.org.br\/transparencia\/index.php?rest_route=%2Fwp%2Fv2%2Fmedia&parent=893"}],"curies":[{"name":"wp","href":"https:\/\/api.w.org\/{rel}","templated":true}]}}