{"id":7153,"date":"2024-01-16T12:49:58","date_gmt":"2024-01-16T12:49:58","guid":{"rendered":"https:\/\/cofecon.org.br\/transparencia\/?page_id=7153"},"modified":"2026-03-26T19:41:43","modified_gmt":"2026-03-26T19:41:43","slug":"deliberacoes-2024","status":"publish","type":"page","link":"https:\/\/cofecon.org.br\/transparencia\/?page_id=7153","title":{"rendered":"Delibera\u00e7\u00f5es-2024"},"content":{"rendered":"\t\t<div data-elementor-type=\"wp-page\" data-elementor-id=\"7153\" class=\"elementor elementor-7153\">\n\t\t\t\t\t\t<section class=\"elementor-section elementor-top-section elementor-element elementor-element-4d2a4d5 elementor-section-boxed elementor-section-height-default elementor-section-height-default\" data-id=\"4d2a4d5\" data-element_type=\"section\">\n\t\t\t\t\t\t<div class=\"elementor-container elementor-column-gap-default\">\n\t\t\t\t\t<div class=\"elementor-column elementor-col-100 elementor-top-column elementor-element elementor-element-5ee76f4\" data-id=\"5ee76f4\" data-element_type=\"column\">\n\t\t\t<div class=\"elementor-widget-wrap elementor-element-populated\">\n\t\t\t\t\t\t<div class=\"elementor-element elementor-element-9c625b4 elementor-widget elementor-widget-html\" data-id=\"9c625b4\" data-element_type=\"widget\" data-widget_type=\"html.default\">\n\t\t\t\t<div class=\"elementor-widget-container\">\n\t\t\t\t\t<table border=\"0\" align=\"center\">\n<tbody>\n<tr>\n<th scope=\"row\" align=\"center\" valign=\"middle\" width=\"134\">\n<p dir=\"ltr\" align=\"left\"><strong><span style=\"text-decoration: underline;\"><span style=\"font-size: 10pt;\">Delibera\u00e7\u00f5es N\u00ba:<\/span><\/span><\/strong><\/p>\n<\/th>\n<th scope=\"row\" align=\"center\" valign=\"middle\" width=\"499\">\n<p align=\"center\"><strong><span style=\"text-decoration: underline;\"><span style=\"font-size: 10pt;\">Assunto:<\/span><\/span><\/strong><\/p>\n<\/th>\n<\/tr>\n\n<tr>\n<td>\n<p align=\"center\">5059<\/p>\n<\/td>\n<td><a href=\"https:\/\/cofecon.org.br\/transparencia\/files\/atos_normativos\/Del\/2024\/Del2024-5059.pdf\" target=\"_blank\" rel=\"noopener noreferrer\">Indefere o registro, nos Conselhos Regionais de\nEconomia, dos egressos do curso de tecn\u00f3logo em\ngest\u00e3o financeira da Universidade Cesumar\n(UNICESUMAR).\n<\/a><\/td>\n<\/tr>\n\n\n<tr>\n<td>\n<p align=\"center\">5060<\/p>\n<\/td>\n<td><a href=\"https:\/\/cofecon.org.br\/transparencia\/files\/atos_normativos\/Del\/2024\/Del2024-5060.pdf\" target=\"_blank\" rel=\"noopener noreferrer\">Modifica e homologa altera\u00e7\u00f5es no Regimento\nInterno do Corecon-AM.\n<\/a><\/td>\n<\/tr>\n\n<tr>\n<td>\n<p align=\"center\">5061<\/p>\n<\/td>\n<td><a href=\"https:\/\/cofecon.org.br\/transparencia\/files\/atos_normativos\/Del\/2024\/Del2024-5061.pdf\" target=\"_blank\" rel=\"noopener noreferrer\">Altera dispositivos da Delibera\u00e7\u00e3o n\u00ba 4.851, de 11 de abril de 2016, que institui o normativo de pessoal para cargos e fun\u00e7\u00f5es gratificadas de livre provimento do Conselho Federal de Economia, e d\u00e1 outras provid\u00eancias.\n<\/a><\/td>\n<\/tr>\n\n<tr>\n<td>\n<p align=\"center\">5062<\/p>\n<\/td>\n<td><a href=\"https:\/\/cofecon.org.br\/transparencia\/files\/atos_normativos\/Del\/2024\/Del2024-5062.pdf\" target=\"_blank\" rel=\"noopener noreferrer\">Define os valores da bolsa-aux\u00edlio e estabelece benef\u00edcios adicionais para os estagi\u00e1rios do Conselho Federal de Economia<\/a><\/td>\n<\/tr>\n\n<tr>\n<td>\n<p align=\"center\">5063<\/p>\n<\/td>\n<td><a href=\"#\" target=\"_blank\" rel=\"noopener noreferrer\">Documento sigiloso<\/a><\/td>\n<\/tr>\n\n<tr>\n<td>\n<p align=\"center\">5064<\/p>\n<\/td>\n<td><a href=\"https:\/\/cofecon.org.br\/transparencia\/files\/atos_normativos\/Del\/2024\/Del2024-5064.pdf\" target=\"_blank\" rel=\"noopener noreferrer\">Homologa os processos cont\u00e1beis apreciados na 731\u00aa Sess\u00e3o Plen\u00e1ria Ordin\u00e1ria do Conselho Federal de Economia.<\/a><\/td>\n<\/tr>\n\n<tr>\n<td>\n<p align=\"center\">5065<\/p>\n<\/td>\n<td><a href=\"https:\/\/cofecon.org.br\/transparencia\/files\/atos_normativos\/Del\/2024\/Del2024-5065.pdf\" target=\"_blank\" rel=\"noopener noreferrer\">Homologa os processos administrativos apreciados na 731\u00aa Sess\u00e3o Plen\u00e1ria Ordin\u00e1ria do Conselho Federal de Economia.<\/a><\/td>\n<\/tr>\n\n<tr>\n<td>\n<p align=\"center\">5066<\/p>\n<\/td>\n<td><a href=\"https:\/\/cofecon.org.br\/transparencia\/files\/atos_normativos\/Del\/2024\/Del2024-5066.pdf\" target=\"_blank\" rel=\"noopener noreferrer\">Prorroga, excepcionalmente, o prazo para a Presta\u00e7\u00e3o de Contas de 2023 do Conselho Regional de Economia da 2\u00aa Regi\u00e3o (Corecon-SP).<\/a><\/td>\n<\/tr>\n\n<tr>\n<td>\n<p align=\"center\">5067<\/p>\n<\/td>\n<td><a href=\"https:\/\/cofecon.org.br\/transparencia\/files\/atos_normativos\/Del\/2024\/Del2024-5067.pdf\" target=\"_blank\" rel=\"noopener noreferrer\">Defere solicita\u00e7\u00e3o do Conselho Regional de Economia da 4\u00aa Regi\u00e3o-RS para, excepcionalmente, prorrogar a data de vencimento da cota \u00fanica referente \u00e0 anuidade do exerc\u00edcio de 2024 das pessoas jur\u00eddicas registradas no Corecon.<\/a><\/td>\n<\/tr>\n\n<tr>\n<td>\n<p align=\"center\">5068<\/p>\n<\/td>\n<td><a href=\"https:\/\/cofecon.org.br\/transparencia\/files\/atos_normativos\/Del\/2024\/Del2024-5068.pdf\" target=\"_blank\" rel=\"noopener noreferrer\">Homologa os processos cont\u00e1beis apreciados na 732\u00aa Sess\u00e3o Plen\u00e1ria Ordin\u00e1ria do Conselho Federal de Economia.<\/a><\/td>\n<\/tr>\n\n<tr>\n<td>\n<p align=\"center\">5069<\/p>\n<\/td>\n<td><a href=\"https:\/\/cofecon.org.br\/transparencia\/files\/atos_normativos\/Del\/2024\/Del2024-5069.pdf\" target=\"_blank\" rel=\"noopener noreferrer\">Homologa os processos administrativos apreciados na 732\u00aa Sess\u00e3o Plen\u00e1ria Ordin\u00e1ria Virtual do Conselho Federal de Economia.<\/a><\/td>\n<\/tr>\n\n<tr>\n<td>\n<p align=\"center\">5070<\/p>\n<\/td>\n<td><a href=\"https:\/\/cofecon.org.br\/transparencia\/files\/atos_normativos\/Del\/2024\/Del2024-5070.pdf\" target=\"_blank\" rel=\"noopener noreferrer\">Prorroga, excepcionalmente, o prazo para a entrega do Balancete do 1\u00ba Trimestre de 2024 do Conselho Regional de Economia da 4\u00aa Regi\u00e3o (Corecon-RS).<\/a><\/td>\n<\/tr>\n\n<tr>\n<td>\n<p align=\"center\">5071<\/p>\n<\/td>\n<td><a href=\"https:\/\/cofecon.org.br\/transparencia\/files\/atos_normativos\/Del\/2024\/Del2024-5071.pdf\" target=\"_blank\" rel=\"noopener noreferrer\">Disp\u00f5e sobre quest\u00f5es trabalhistas e reajuste das Tabelas Salariais do Plano de Cargos e Sal\u00e1rios - PCS e das Tabelas Salariais e das Gratifica\u00e7\u00f5es dos cargos e fun\u00e7\u00f5es de livre provimento do Cofecon.<\/a><\/td>\n<\/tr>\n\n<tr>\n<td>\n<p align=\"center\">5072<\/p>\n<\/td>\n<td><a href=\"https:\/\/cofecon.org.br\/transparencia\/files\/atos_normativos\/Del\/2024\/Del2024-5072.pdf\" target=\"_blank\" rel=\"noopener noreferrer\">Homologa os processos administrativos apreciados na 733\u00aa Sess\u00e3o Plen\u00e1ria Ordin\u00e1ria do Conselho Federal de Economia.<\/a><\/td>\n<\/tr>\n\n\n<tr>\n<td>\n<p align=\"center\">5073<\/p>\n<\/td>\n<td>Documento sigiloso.<\/td>\n<\/tr>\n\n<tr>\n<td>\n<p align=\"center\">5074<\/p>\n<\/td>\n<td><a href=\"https:\/\/cofecon.org.br\/transparencia\/files\/atos_normativos\/Del\/2024\/Del2024-5074.pdf\" target=\"_blank\" rel=\"noopener noreferrer\">Aprova o registro, nos Conselhos Regionais de Economia, dos egressos do Programa de P\u00f3s-Gradua\u00e7\u00e3o Stricto Sensu em Economia do Mestrado Profissional em Economia - \u00c1rea de Concentra\u00e7\u00e3o: Macroeconomia Financeira - FGV\/SP.<\/a><\/td>\n<\/tr>\n\n<tr>\n<td>\n<p align=\"center\">5075<\/p>\n<\/td>\n<td><a href=\"https:\/\/cofecon.org.br\/transparencia\/files\/atos_normativos\/Del\/2024\/Del2024-5075.pdf\" target=\"_blank\" rel=\"noopener noreferrer\">Aprova o registro, nos Conselhos Regionais de Economia, dos egressos do Programa de P\u00f3s-Gradua\u00e7\u00e3o Stricto Sensu do Mestrado profissional em Economia no Setor P\u00fablico - IDP.<\/a><\/td>\n<\/tr>\n\n<tr>\n<td>\n<p align=\"center\">5076<\/p>\n<\/td>\n<td><a href=\"https:\/\/cofecon.org.br\/transparencia\/files\/atos_normativos\/Del\/2024\/Del2024-5076.pdf\" target=\"_blank\" rel=\"noopener noreferrer\">Aprova o registro, nos Conselhos Regionais de Economia, dos egressos do Programa de P\u00f3s-Gradua\u00e7\u00e3o Stricto Sensu do Mestrado Profissional em Economia - \u00c1rea de Concentra\u00e7\u00e3o: \u201cteoria econ\u00f4mica\u201d - UFPE.<\/a><\/td>\n<\/tr>\n\n<tr>\n<td>\n<p align=\"center\">5077<\/p>\n<\/td>\n<td><a href=\"https:\/\/cofecon.org.br\/transparencia\/files\/atos_normativos\/Del\/2024\/Del2024-5077.pdf\" target=\"_blank\" rel=\"noopener noreferrer\">Homologa os processos cont\u00e1beis apreciados na 733\u00aa Sess\u00e3o Plen\u00e1ria Ordin\u00e1ria do Conselho Federal de Economia.<\/a><\/td>\n<\/tr>\n\n<tr>\n<td>\n<p align=\"center\">5078<\/p>\n<\/td>\n<td><a href=\"https:\/\/cofecon.org.br\/transparencia\/files\/atos_normativos\/Del\/2024\/Del2024-5078.pdf\" target=\"_blank\" rel=\"noopener noreferrer\">Homologa o Processo SEI n\u00ba 141100.000198\/2024-19, que se trata do Aux\u00edlio Financeiro para o II Semin\u00e1rio Mulher Economista 2024, apreciado na 733\u00aa Sess\u00e3o Plen\u00e1ria Ordin\u00e1ria do Conselho Federal de Economia.<\/a><\/td>\n<\/tr>\n<tr>\n<td>\n<p align=\"center\">5079<\/p>\n<\/td>\n<td><a href=\"https:\/\/cofecon.org.br\/transparencia\/files\/atos_normativos\/Del\/2024\/Del2024-5079.pdf\" target=\"_blank\" rel=\"noopener noreferrer\">Homologa os processos administrativos apreciados\nna 734\u00aa Sess\u00e3o Plen\u00e1ria Ordin\u00e1ria do Conselho\nFederal de Economia.<\/a><\/td>\n<\/tr>\n\n<tr>\n<td>\n<p align=\"center\">5080<\/p>\n<\/td>\n<td><a href=\"https:\/\/cofecon.org.br\/transparencia\/files\/atos_normativos\/Del\/2024\/Del2024-5080.pdf\" target=\"_blank\" rel=\"noopener noreferrer\">Aprova o registro, nos Conselhos Regionais de Economia, de egressos dos Programas de P\u00f3s-Gradua\u00e7\u00e3o Stricto Sensu em Economia e regulamenta seus respectivos campos de atua\u00e7\u00e3o profissional, e d\u00e1 outras provid\u00eancias.<\/a><\/td>\n<\/tr>\n\n<tr>\n<td>\n<p align=\"center\">5081<\/p>\n<\/td>\n<td><a href=\"https:\/\/cofecon.org.br\/transparencia\/files\/atos_normativos\/Del\/2024\/Del2024-5081.pdf\" target=\"_blank\" rel=\"noopener noreferrer\">Homologa os processos cont\u00e1beis apreciados na 734\u00aa\nSess\u00e3o Plen\u00e1ria Ordin\u00e1ria do Conselho Federal de\nEconomia.<\/a><\/td>\n<\/tr>\n\n<tr>\n<td>\n<p align=\"center\">5082<\/p>\n<\/td>\n<td><a href=\"https:\/\/cofecon.org.br\/transparencia\/files\/atos_normativos\/Del\/2024\/Del2024-5082.pdf\" target=\"_blank\" rel=\"noopener noreferrer\">Aprova a aplica\u00e7\u00e3o da interven\u00e7\u00e3o no Conselho Regional de Economia da 27\u00aa Regi\u00e3o - Corecon-RR.<\/a><\/td>\n<\/tr>\n\n<tr>\n<td>\n<p align=\"center\">5083<\/p>\n<\/td>\n<td><a href=\"https:\/\/cofecon.org.br\/transparencia\/files\/atos_normativos\/Del\/2024\/Del2024-5083.pdf\" target=\"_blank\" rel=\"noopener noreferrer\">Homologa os processos administrativos apreciados na 735\u00aa Sess\u00e3o Plen\u00e1ria Extraordin\u00e1ria Virtual do Conselho Federal de Economia.<\/a><\/td>\n<\/tr>\n\n<tr>\n<td>\n<p align=\"center\">5084<\/p>\n<\/td>\n<td><a href=\"https:\/\/cofecon.org.br\/transparencia\/files\/atos_normativos\/Del\/2024\/Del2024-5084.pdf\" target=\"_blank\" rel=\"noopener noreferrer\">Homologa os resultados do XXX Pr\u00eamio Brasil de Economia 2024.<\/a><\/td>\n<\/tr>\n\n<tr>\n<td>\n<p align=\"center\">5085<\/p>\n<\/td>\n<td><a href=\"https:\/\/cofecon.org.br\/transparencia\/files\/atos_normativos\/Del\/2024\/Del2024-5085.pdf\" target=\"_blank\" rel=\"noopener noreferrer\">Homologa o resultado do 9\u00ba Desafio Quero Ser Economista 2024.<\/a><\/td>\n<\/tr>\n\n<tr>\n<td>\n<p align=\"center\">5086<\/p>\n<\/td>\n<td><a href=\"https:\/\/cofecon.org.br\/transparencia\/files\/atos_normativos\/Del\/2024\/Del2024-5086.pdf\" target=\"_blank\" rel=\"noopener noreferrer\">Extingui os cargos e as ocupa\u00e7\u00f5es efetivas de T\u00e9cnico em Contabilidade e de Contador, previstos na Delibera\u00e7\u00e3o n\u00ba 4.769, de 15 de setembro de 2012, que disp\u00f5e sobre o Plano de Cargos e Sal\u00e1rio - PCS do Conselho Federal de Economia - Cofecon, e d\u00e1 outras provid\u00eancias.<\/a><\/td>\n<\/tr>\n\n<tr>\n<td>\n<p align=\"center\">5087<\/p>\n<\/td>\n<td><a href=\"https:\/\/cofecon.org.br\/transparencia\/files\/atos_normativos\/Del\/2024\/Del2024-5087.pdf\" target=\"_blank\" rel=\"noopener noreferrer\">Homologa o resultado da XIII Gincana Nacional de Economia 2024.<\/a><\/td>\n<\/tr>\n\n<tr>\n<td>\n<p align=\"center\">5088<\/p>\n<\/td>\n<td><a href=\"https:\/\/cofecon.org.br\/transparencia\/files\/atos_normativos\/Del\/2024\/Del2024-5088.pdf\" target=\"_blank\" rel=\"noopener noreferrer\">Aprova o registro, nos Conselhos Regionais de Economia, de egressos dos Programas de P\u00f3s-Gradua\u00e7\u00e3o Stricto Sensu em Economia e regulamenta seus respectivos campos de atua\u00e7\u00e3o profissional, e d\u00e1 outras provid\u00eancias.<\/a><\/td>\n<\/tr>\n\n\n<tr>\n<td>\n<p align=\"center\">5089<\/p>\n<\/td>\n<td><a href=\"https:\/\/cofecon.org.br\/transparencia\/files\/atos_normativos\/Del\/2024\/Del2024-5089.pdf\" target=\"_blank\" rel=\"noopener noreferrer\">Homologa os processos administrativos apreciados na 736\u00aa Sess\u00e3o Plen\u00e1ria Ampliada Ordin\u00e1ria do Conselho Federal de Economia.<\/a><\/td>\n<\/tr>\n\n\n<tr>\n<td>\n<p align=\"center\">5090<\/p>\n<\/td>\n<td><a href=\"https:\/\/cofecon.org.br\/transparencia\/files\/atos_normativos\/Del\/2024\/Del2024-5090.pdf\" target=\"_blank\" rel=\"noopener noreferrer\">Homologa os processos cont\u00e1beis apreciados na 736\u00aa Sess\u00e3o Plen\u00e1ria Ordin\u00e1ria Ampliada do Conselho Federal de Economia.<\/a><\/td>\n<\/tr>\n\n<tr>\n<td>\n<p align=\"center\">5091<\/p>\n<\/td>\n<td><a href=\"https:\/\/cofecon.org.br\/transparencia\/files\/atos_normativos\/Del\/2024\/Del2024-5091.pdf\" target=\"_blank\" rel=\"noopener noreferrer\">Homologa os Dossi\u00eas Eleitorais dos Conselhos Regionais de Economia referentes ao pleito de 2024.<\/a><\/td>\n<\/tr>\n\n<tr>\n<td>\n<p align=\"center\">5092<\/p>\n<\/td>\n<td><a href=\"#\" target=\"_blank\" rel=\"noopener noreferrer\">Sigiloso<\/a><\/td>\n<\/tr>\n\n<tr>\n<td>\n<p align=\"center\">5093<\/p>\n<\/td>\n<td><a href=\"https:\/\/cofecon.org.br\/transparencia\/files\/atos_normativos\/Del\/2024\/Del2024-5093.pdf\" target=\"_blank\" rel=\"n3opener noreferrer\">Homologa os processos cont\u00e1beis apreciados na 737\u00aa\nSess\u00e3o Plen\u00e1ria Ordin\u00e1ria do Conselho Federal de Economia.\n<\/a><\/td>\n<\/tr>\n\n<tr>\n<td>\n<p align=\"center\">5094<\/p>\n<\/td>\n<td><a href=\"https:\/\/cofecon.org.br\/transparencia\/files\/atos_normativos\/Del\/2024\/Del2024-5094.pdf\" target=\"_blank\" rel=\"n3opener noreferrer\">Homologa os processos administrativos apreciados\nna 737\u00aa Sess\u00e3o Plen\u00e1ria Ordin\u00e1ria do Conselho Federal de Economia.\n<\/a><\/td>\n<\/tr>\n\n<tr>\n<td>\n<p align=\"center\">5095<\/p>\n<\/td>\n<td><a href=\"https:\/\/cofecon.org.br\/transparencia\/files\/atos_normativos\/Del\/2024\/Del2024-5095.pdf\" target=\"_blank\" rel=\"n3opener noreferrer\">Aprova o registro, nos Conselhos Regionais de\nEconomia, de egressos dos Programas de P\u00f3sGradua\u00e7\u00e3o Stricto Sensu em Economia e regulamenta seus respectivos campos de atua\u00e7\u00e3o profissional, e d\u00e1 outras provid\u00eancias.\n<\/a><\/td>\n<\/tr>\n\n<tr>\n<td>\n<p align=\"center\">5096<\/p>\n<\/td>\n<td><a href=\"https:\/\/cofecon.org.br\/transparencia\/files\/atos_normativos\/Del\/2024\/Del2024-5096.pdf\" target=\"_blank\" rel=\"n3opener noreferrer\">Homologa os resultados das Premia\u00e7\u00f5es de 2024.\n<\/a><\/td>\n<\/tr>\n\n<tr>\n<td>\n<p align=\"center\">5097<\/p>\n<\/td>\n<td><a href=\"http:\/\/cofecon.org.br\/transparencia\/wp-content\/uploads\/2026\/03\/Deliberacao-5.097-16.12.2024-Resultado-Premio-Paul-Singer.pdf\" target=\"_blank\" rel=\"n3opener noreferrer\">Homologa o resultado do 3\u00ba Pr\u00eamio Paul Singer de Boas Pr\u00e1ticas Acad\u00eamicas-2024.\n<\/a><\/td>\n<\/tr>\n\n<tr>\n<td>\n<p align=\"center\">5098<\/p>\n<\/td>\n<td><a href=\"https:\/\/cofecon.org.br\/transparencia\/files\/atos_normativos\/Del\/2024\/Del2024-5098.pdf\" target=\"_blank\" rel=\"n3opener noreferrer\">Homologa os processos cont\u00e1beis apreciados na 738\u00aa Sess\u00e3o Plen\u00e1ria Ordin\u00e1ria do Conselho Federal de Economia.\n<\/a><\/td>\n<\/tr>\n\n<tr>\n<td>\n<p align=\"center\">5099<\/p>\n<\/td>\n<td><a href=\"https:\/\/cofecon.org.br\/transparencia\/files\/atos_normativos\/Del\/2024\/Del2024-5099.pdf\" target=\"_blank\" rel=\"n3opener noreferrer\">Homologa os processos administrativos apreciados na 738\u00aa Sess\u00e3o Plen\u00e1ria Ordin\u00e1ria do Conselho Federal de Economia.\n<\/a><\/td>\n<\/tr>\n\n<\/tbody>\n<\/table>\t\t\t\t<\/div>\n\t\t\t\t<\/div>\n\t\t\t\t\t<\/div>\n\t\t<\/div>\n\t\t\t\t\t<\/div>\n\t\t<\/section>\n\t\t\t\t<\/div>\n\t\t","protected":false},"excerpt":{"rendered":"<p>Delibera\u00e7\u00f5es N\u00ba: Assunto: 5059 Indefere o registro, nos Conselhos Regionais de Economia, dos egressos do curso de tecn\u00f3logo em gest\u00e3o financeira da Universidade Cesumar (UNICESUMAR). 5060 Modifica e homologa altera\u00e7\u00f5es no Regimento Interno do Corecon-AM. 5061 Altera dispositivos da Delibera\u00e7\u00e3o n\u00ba 4.851, de 11 de abril de 2016, que institui o normativo de pessoal para &hellip; <a href=\"https:\/\/cofecon.org.br\/transparencia\/?page_id=7153\" class=\"more-link\">Continue reading <span class=\"screen-reader-text\">Delibera\u00e7\u00f5es-2024<\/span><\/a><\/p>\n","protected":false},"author":11,"featured_media":0,"parent":9,"menu_order":0,"comment_status":"closed","ping_status":"closed","template":"","meta":{"footnotes":""},"class_list":["post-7153","page","type-page","status-publish","hentry"],"_links":{"self":[{"href":"https:\/\/cofecon.org.br\/transparencia\/index.php?rest_route=\/wp\/v2\/pages\/7153"}],"collection":[{"href":"https:\/\/cofecon.org.br\/transparencia\/index.php?rest_route=\/wp\/v2\/pages"}],"about":[{"href":"https:\/\/cofecon.org.br\/transparencia\/index.php?rest_route=\/wp\/v2\/types\/page"}],"author":[{"embeddable":true,"href":"https:\/\/cofecon.org.br\/transparencia\/index.php?rest_route=\/wp\/v2\/users\/11"}],"replies":[{"embeddable":true,"href":"https:\/\/cofecon.org.br\/transparencia\/index.php?rest_route=%2Fwp%2Fv2%2Fcomments&post=7153"}],"version-history":[{"count":99,"href":"https:\/\/cofecon.org.br\/transparencia\/index.php?rest_route=\/wp\/v2\/pages\/7153\/revisions"}],"predecessor-version":[{"id":10625,"href":"https:\/\/cofecon.org.br\/transparencia\/index.php?rest_route=\/wp\/v2\/pages\/7153\/revisions\/10625"}],"up":[{"embeddable":true,"href":"https:\/\/cofecon.org.br\/transparencia\/index.php?rest_route=\/wp\/v2\/pages\/9"}],"wp:attachment":[{"href":"https:\/\/cofecon.org.br\/transparencia\/index.php?rest_route=%2Fwp%2Fv2%2Fmedia&parent=7153"}],"curies":[{"name":"wp","href":"https:\/\/api.w.org\/{rel}","templated":true}]}}