{"id":5556,"date":"2023-01-03T13:05:00","date_gmt":"2023-01-03T13:05:00","guid":{"rendered":"https:\/\/cofecon.org.br\/transparencia\/?page_id=5556"},"modified":"2025-10-15T17:14:28","modified_gmt":"2025-10-15T17:14:28","slug":"deliberacoes-2023","status":"publish","type":"page","link":"https:\/\/cofecon.org.br\/transparencia\/?page_id=5556","title":{"rendered":"Delibera\u00e7\u00f5es-2023"},"content":{"rendered":"\t\t<div data-elementor-type=\"wp-page\" data-elementor-id=\"5556\" class=\"elementor elementor-5556\">\n\t\t\t\t\t\t<section class=\"elementor-section elementor-top-section elementor-element elementor-element-2b089fa elementor-section-boxed elementor-section-height-default elementor-section-height-default\" data-id=\"2b089fa\" data-element_type=\"section\">\n\t\t\t\t\t\t<div class=\"elementor-container elementor-column-gap-default\">\n\t\t\t\t\t<div class=\"elementor-column elementor-col-100 elementor-top-column elementor-element elementor-element-60e63e2\" data-id=\"60e63e2\" data-element_type=\"column\">\n\t\t\t<div class=\"elementor-widget-wrap elementor-element-populated\">\n\t\t\t\t\t\t<div class=\"elementor-element elementor-element-ad1a501 elementor-widget elementor-widget-text-editor\" data-id=\"ad1a501\" data-element_type=\"widget\" data-widget_type=\"text-editor.default\">\n\t\t\t\t<div class=\"elementor-widget-container\">\n\t\t\t\t\t\t\t\t\t<table border=\"0\" align=\"center\">\n<tbody>\n<tr>\n<th scope=\"row\" align=\"center\" valign=\"middle\" width=\"134\">\n<p dir=\"ltr\" align=\"left\"><strong><span style=\"text-decoration: underline;\"><span style=\"font-size: 10pt;\">Delibera\u00e7\u00f5es N\u00ba:<\/span><\/span><\/strong><\/p>\n<\/th>\n<th scope=\"row\" align=\"center\" valign=\"middle\" width=\"499\">\n<p align=\"center\"><strong><span style=\"text-decoration: underline;\"><span style=\"font-size: 10pt;\">Assunto:<\/span><\/span><\/strong><\/p>\n<\/th>\n<\/tr>\n<tr>\n<td>\n<p align=\"center\">5.022<\/p>\n<\/td>\n<td><a href=\"https:\/\/cofecon.org.br\/transparencia\/files\/atos_normativos\/Del\/2023\/Del2023-5022.pdf\" target=\"_blank\" rel=\"noopener noreferrer\">Homologa os processos administrativos apreciados na 719\u00aa Sess\u00e3o Plen\u00e1ria Ordin\u00e1ria Ampliada do Conselho Federal de Economia.<\/a><\/td>\n<\/tr>\n<tr>\n<td>\n<p align=\"center\">5.023<\/p>\n<\/td>\n<td><a href=\"https:\/\/cofecon.org.br\/transparencia\/files\/atos_normativos\/Del\/2023\/Del2023-5023.pdf\" target=\"_blank\" rel=\"noopener noreferrer\">Homologa os processos administrativos apreciados na 720\u00aa Sess\u00e3o Plen\u00e1ria Ordin\u00e1ria Ampliada do Conselho Federal de Economia.<\/a><\/td>\n<\/tr>\n<tr>\n<td>\n<p align=\"center\">5.024<\/p>\n<\/td>\n<td><a href=\"https:\/\/cofecon.org.br\/transparencia\/files\/atos_normativos\/Del\/2023\/Del2023-5024.pdf\" target=\"_blank\" rel=\"noopener noreferrer\">Homologa processos cont\u00e1beis apreciados na 721\u00aa Sess\u00e3o Plen\u00e1ria Ordin\u00e1ria do Conselho Federal de Economia.<\/a><\/td>\n<\/tr>\n<tr>\n<td>\n<p align=\"center\">5.025<\/p>\n<\/td>\n<td><a href=\"https:\/\/cofecon.org.br\/transparencia\/files\/atos_normativos\/Del\/2023\/Del2023-5025.pdf\" target=\"_blank\" rel=\"noopener noreferrer\">Altera dispositivos da Delibera\u00e7\u00e3o n\u00ba 4.851, de 11 de abril de 2016, que institui o normativo de pessoal para cargos e fun\u00e7\u00f5es gratificadas de livre provimento do Conselho Federal de Economia, e d\u00e1 outras provid\u00eancias.<\/a><\/td>\n<\/tr>\n<tr>\n<td>\n<p align=\"center\">5.026<\/p>\n<\/td>\n<td><a href=\"https:\/\/cofecon.org.br\/transparencia\/files\/atos_normativos\/Del\/2023\/Del2023-5026.pdf\" target=\"_blank\" rel=\"noopener noreferrer\">Homologa os processos administrativos apreciados na 721\u00aa Sess\u00e3o Plen\u00e1ria Ordin\u00e1ria do Conselho Federal de Economia.<\/a><\/td>\n<\/tr>\n<tr>\n<td>\n<p align=\"center\">5.027<\/p>\n<\/td>\n<td><a href=\"https:\/\/cofecon.org.br\/transparencia\/files\/atos_normativos\/Del\/2023\/Del2023-5027.pdf\" target=\"_blank\" rel=\"noopener noreferrer\">Homologa processos cont\u00e1beis dos Conselhos Regionais de Economia.<\/a><\/td>\n<\/tr>\n<tr>\n<td>\n<p align=\"center\">5.028<\/p>\n<\/td>\n<td><a href=\"https:\/\/cofecon.org.br\/transparencia\/files\/atos_normativos\/Del\/2023\/Del2023-5028.pdf\" target=\"_blank\" rel=\"noopener noreferrer\">Aprova o registro, nos Conselhos Regionais de\nEconomia, dos egressos do curso de Bacharelado em\nRela\u00e7\u00f5es Internacionais da Universidade Federal de\nSanta Catarina (UFSC)<\/a><\/td>\n<\/tr>\n<tr>\n<td>\n<p align=\"center\">5.029<\/p>\n<\/td>\n<td><a href=\"https:\/\/cofecon.org.br\/transparencia\/files\/atos_normativos\/Del\/2023\/Del2023-5029.pdf\" target=\"_blank\" rel=\"noopener noreferrer\">Aprova o registro, nos Conselhos Regionais de Economia, dos egressos do curso de Bacharelado em Rela\u00e7\u00f5es Internacionais do Centro Universit\u00e1rio Jorge Amado (Unijorge).<\/a><\/td>\n<\/tr>\n<tr>\n<td>\n<p align=\"center\">5.030<\/p>\n<\/td>\n<td><a href=\"https:\/\/cofecon.org.br\/transparencia\/files\/atos_normativos\/Del\/2023\/Del2023-5.030.pdf\" target=\"_blank\" rel=\"noopener noreferrer\">Homologa processos cont\u00e1beis apreciados na 723\u00aa Sess\u00e3o Plen\u00e1ria Ordin\u00e1ria do Conselho Federal de Economia.<\/a><\/td>\n<\/tr>\n<tr>\n<td>\n<p align=\"center\">5.031<\/p>\n<\/td>\n<td><a href=\"https:\/\/cofecon.org.br\/transparencia\/files\/atos_normativos\/Del\/2023\/Del2023-5.031.pdf\" target=\"_blank\" rel=\"noopener noreferrer\">Homologa os processos administrativos apreciados na 723\u00aa Sess\u00e3o Plen\u00e1ria Ordin\u00e1ria do Conselho Federal de Economia.\n<\/a><\/td>\n<\/tr>\n<tr>\n<td>\n<p align=\"center\">5.032<\/p>\n<\/td>\n<td><a href=\"https:\/\/cofecon.org.br\/transparencia\/files\/atos_normativos\/Del\/2023\/Del2023-5.032.pdf\" target=\"_blank\" rel=\"noopener noreferrer\">Disp\u00f5e sobre quest\u00f5es trabalhistas e reajuste das Tabelas Salariais do Plano de Cargos e Sal\u00e1rios &#8211; PCS e das Tabelas Salariais e das Gratifica\u00e7\u00f5es dos cargos e fun\u00e7\u00f5es de livre provimento do Cofecon.\n<\/a><\/td>\n<\/tr>\n<tr>\n<td>\n<p align=\"center\">5.033<\/p>\n<\/td>\n<td><a href=\"https:\/\/cofecon.org.br\/transparencia\/files\/atos_normativos\/Del\/2023\/Del2023-5033.pdf\" target=\"_blank\" rel=\"noopener noreferrer\">Homologa processos cont\u00e1beis apreciados na 724\u00aa Sess\u00e3o Plen\u00e1ria Ordin\u00e1ria do Conselho Federal de Economia. <\/a><\/td>\n<\/tr>\n<tr>\n<td>\n<p align=\"center\">5.034<\/p>\n<\/td>\n<td><a href=\"https:\/\/cofecon.org.br\/transparencia\/files\/atos_normativos\/Del\/2023\/Del2023-5034.pdf\" target=\"_blank\" rel=\"noopener noreferrer\">Altera dispositivos da Delibera\u00e7\u00e3o n\u00ba 4.851, de 11 de abril de 2016, que institui o normativo de pessoal para cargos e fun\u00e7\u00f5es gratificadas de livre provimento do Conselho Federal de Economia, e d\u00e1 outras provid\u00eancias.\n<\/a><\/td>\n<\/tr>\n<tr>\n<td>\n<p align=\"center\">5.035<\/p>\n<\/td>\n<td><a href=\"https:\/\/cofecon.org.br\/transparencia\/files\/atos_normativos\/Del\/2023\/DEL2023-5035.pdf\" target=\"_blank\" rel=\"noopener noreferrer\">Homologa os processos administrativos apreciados na 724\u00aa Sess\u00e3o Plen\u00e1ria Ordin\u00e1ria do Conselho Federal de Economia.\n<\/a><\/td>\n<\/tr>\n<tr>\n<td>\n<p align=\"center\">5.036<\/p>\n<\/td>\n<td><a href=\"https:\/\/cofecon.org.br\/transparencia\/files\/atos_normativos\/Del\/2023\/DEL2023-5036.pdf\" target=\"_blank\" rel=\"noopener noreferrer\">Aprova o registro, nos Conselhos Regionais de Economia, dos egressos do curso de Bacharelado em Rela\u00e7\u00f5es Internacionais do Centro Universit\u00e1rio Est\u00e1cio (Bahia). <\/a><\/td>\n<\/tr>\n<tr>\n<td>\n<p align=\"center\">5.037<\/p>\n<\/td>\n<td><a href=\"https:\/\/cofecon.org.br\/transparencia\/files\/atos_normativos\/Del\/2023\/DEL2023-5037.pdf\" target=\"_blank\" rel=\"noopener noreferrer\">Homologa o resultado do 8\u00ba Desafio Quero Ser Economista 2023. <\/a><\/td>\n<\/tr>\n<tr>\n<td>\n<p align=\"center\">5.038<\/p>\n<\/td>\n<td><a href=\"https:\/\/cofecon.org.br\/transparencia\/files\/atos_normativos\/Del\/2023\/DEL2023-5038.pdf\" target=\"_blank\" rel=\"noopener noreferrer\">Ad referendum do Plen\u00e1rio do Cofecon, conhece e nega provimento ao recurso interposto pela Chapa 02 &#8211; \u201cFor\u00e7a e Trabalho pela Profiss\u00e3o\u201d, em face de decis\u00e3o proferida pelo Plen\u00e1rio do Conselho Regional de Economia da 13\u00aa Regi\u00e3o &#8211; AM, que deu provimento ao recurso apresentado pela Chapa 01 &#8211; \u201cMuda Corecon\u201d, mantendo-se a candidatura do Econ. Inaldo Seixas Cruz.<\/a><\/td>\n<\/tr>\n<tr>\n<td>\n<p align=\"center\">5.039<\/p>\n<\/td>\n<td><a href=\"https:\/\/cofecon.org.br\/transparencia\/files\/atos_normativos\/Del\/2023\/Del2023-5039.pdf\" target=\"_blank\" rel=\"noopener noreferrer\">Indefere o registro, nos Conselhos Regionais de\nEconomia, dos egressos do curso de Bacharelado\nInterdisciplinar em Ci\u00eancia e Economia da\nUniversidade Federal de Alfenas.\n<\/a><\/td>\n<\/tr>\n<tr>\n<td>\n<p align=\"center\">5.040<\/p>\n<\/td>\n<td><a href=\"https:\/\/cofecon.org.br\/transparencia\/files\/atos_normativos\/Del\/2023\/Del2023-5040.pdf\" target=\"_blank\" rel=\"noopener noreferrer\">Aprova o registro, nos Conselhos Regionais de\nEconomia, dos egressos do curso de Bacharelado em\nRela\u00e7\u00f5es Internacionais da Universidade da Regi\u00e3o\nde Joinville.\n<\/a><\/td>\n<\/tr>\n<tr>\n<td>\n<p align=\"center\">5.041<\/p>\n<\/td>\n<td><a href=\"https:\/\/cofecon.org.br\/transparencia\/files\/atos_normativos\/Del\/2023\/Del2023-5041.pdf\" target=\"_blank\" rel=\"noopener noreferrer\">Aprova o registro, nos Conselhos Regionais de\nEconomia, dos egressos do curso de Bacharelado em\nRela\u00e7\u00f5es Internacionais da Universidade da Regi\u00e3o\nde Joinville.\n<\/a><\/td>\n<\/tr>\n<tr>\n<td>\n<p align=\"center\">5.042<\/p>\n<\/td>\n<td><a href=\"https:\/\/cofecon.org.br\/transparencia\/files\/atos_normativos\/Del\/2023\/Del2023-5042.pdf\" target=\"_blank\" rel=\"noopener noreferrer\">Aprova o registro, nos Conselhos Regionais de\nEconomia, dos egressos do curso de Bacharelado em\nCom\u00e9rcio Exterior da Universidade da Regi\u00e3o de\nJoinville.<\/a><\/td>\n<\/tr>\n<tr>\n<td>\n<p align=\"center\">5.043<\/p>\n<\/td>\n<td><a href=\"https:\/\/cofecon.org.br\/transparencia\/files\/atos_normativos\/Del\/2023\/Del2023-5043.pdf\" target=\"_blank\" rel=\"noopener noreferrer\">Homologa os processos administrativos apreciados\nna 725\u00aa Sess\u00e3o Plen\u00e1ria Ordin\u00e1ria do Conselho\nFederal de Economia.\n<\/a><\/td>\n<\/tr>\n<tr>\n<td>\n<p align=\"center\">5.047<\/p>\n<\/td>\n<td><a href=\"https:\/\/cofecon.org.br\/transparencia\/files\/atos_normativos\/Del\/2023\/Del2023-5047.pdf\" target=\"_blank\" rel=\"noopener noreferrer\">Homologa processos cont\u00e1beis apreciados na 725\u00aa\nSess\u00e3o Plen\u00e1ria Ordin\u00e1ria do Conselho Federal de\nEconomia.\n<\/a><\/td>\n<\/tr>\n<tr>\n<td>\n<p align=\"center\">5.048<\/p>\n<\/td>\n<td><a href=\"https:\/\/cofecon.org.br\/transparencia\/files\/atos_normativos\/Del\/2023\/Del2023-5048.pdf\" target=\"_blank\" rel=\"noopener noreferrer\">Homologa os resultados do XXIX Pr\u00eamio Brasil de Economia 2023\n<\/a><\/td>\n<\/tr>\n<tr>\n<td>\n<p align=\"center\">5.049<\/p>\n<\/td>\n<td><a href=\"https:\/\/cofecon.org.br\/transparencia\/files\/atos_normativos\/Del\/2023\/Del2023-5049.pdf\" target=\"_blank\" rel=\"noopener noreferrer\">Extingue a fun\u00e7\u00e3o gratificada de Supervisor do N\u00facleo de Estudos Econ\u00f4micos e Estat\u00edsticos prevista na Delibera\u00e7\u00e3o n\u00ba 4.851, de 11 de abril de 2016, que institui o normativo de pessoal para cargos e fun\u00e7\u00f5es gratificadas de livre provimento do Conselho Federal de Economia.\n<\/a><\/td>\n<\/tr>\n<tr>\n<td>\n<p align=\"center\">5.050<\/p>\n<\/td>\n<td><a href=\"https:\/\/cofecon.org.br\/transparencia\/files\/atos_normativos\/Del\/2023\/Del2023-5050.pdf\" target=\"_blank\" rel=\"noopener noreferrer\">Homologa os processos administrativos apreciados na 727\u00aa Sess\u00e3o Plen\u00e1ria Ampliada Ordin\u00e1ria do Conselho Federal de Economia.\n<\/a><\/td>\n<\/tr>\n<tr>\n<td>\n<p align=\"center\">5.051<\/p>\n<\/td>\n<td><a href=\"https:\/\/cofecon.org.br\/transparencia\/files\/atos_normativos\/Del\/2023\/Del2023-5051.pdf\" target=\"_blank\" rel=\"noopener noreferrer\">Homologa os processos cont\u00e1beis apreciados na 727\u00aa Sess\u00e3o Plen\u00e1ria Ampliada Ordin\u00e1ria do Conselho Federal de Economia.\n<\/a><\/td>\n<\/tr>\n<tr>\n<td>\n<p align=\"center\">5.052<\/p>\n<\/td>\n<td><a href=\"https:\/\/cofecon.org.br\/transparencia\/files\/atos_normativos\/Del\/2023\/Del2023-5052.pdf\" target=\"_blank\" rel=\"noopener noreferrer\">Homologa os resultados do Reconhecimento de Projetos de Boas Pr\u00e1ticas do Sistema Cofecon\/Corecons 2023.\n<\/a><\/td>\n<\/tr>\n<tr>\n<td>\n<p align=\"center\">5.053<\/p>\n<\/td>\n<td><a href=\"https:\/\/cofecon.org.br\/transparencia\/files\/atos_normativos\/Del\/2023\/Del2023-5053.pdf\" target=\"_blank\" rel=\"noopener noreferrer\">Homologa o resultado da XII Gincana Nacional de Economia 2023.\n<\/a><\/td>\n<\/tr>\n<tr>\n<td>\n<p align=\"center\">5.054<\/p>\n<\/td>\n<td><a href=\"https:\/\/cofecon.org.br\/transparencia\/files\/atos_normativos\/Del\/2023\/Del2023-5054.pdf\" target=\"_blank\" rel=\"noopener noreferrer\">Homologa os Dossi\u00eas Eleitorais dos Conselhos\nRegionais de Economia referentes ao exerc\u00edcio de\n2023, considerando as ressalvas constantes dos\npareceres da Comiss\u00e3o Eleitoral do Cofecon.\n<\/a><\/td>\n<\/tr>\n<tr>\n<td>\n<p align=\"center\">5.055<\/p>\n<\/td>\n<td><a href=\"https:\/\/cofecon.org.br\/transparencia\/files\/atos_normativos\/Del\/2023\/Del2023-5055.pdf\" target=\"_blank\" rel=\"noopener noreferrer\">Homologa os processos cont\u00e1beis apreciados na 729\u00aa Sess\u00e3o Plen\u00e1ria Ampliada Ordin\u00e1ria do Conselho Federal de Economia.\n<\/a><\/td>\n<\/tr>\n<tr>\n<td>\n<p align=\"center\">5.056<\/p>\n<\/td>\n<td><a href=\"https:\/\/cofecon.org.br\/transparencia\/files\/atos_normativos\/Del\/2023\/Del2023-5056.pdf\" target=\"_blank\" rel=\"noopener noreferrer\">Homologa os processos administrativos apreciados na 729\u00aa Sess\u00e3o Plen\u00e1ria Ordin\u00e1ria do Conselho Federal de Economia.\n<\/a><\/td>\n<\/tr>\n<tr>\n<td>\n<p align=\"center\">5.057<\/p>\n<\/td>\n<td><a href=\"https:\/\/cofecon.org.br\/transparencia\/files\/atos_normativos\/Del\/2023\/Del2023-5057.pdf\" target=\"_blank\" rel=\"noopener noreferrer\">Homologa as decis\u00f5es referentes \u00e0s impugna\u00e7\u00f5es apresentadas em face do resultado da Assembleia de Delegados Eleitores de 2023.\n<\/a><\/td>\n<\/tr>\n<tr>\n<td>\n<p align=\"center\">5.058<\/p>\n<\/td>\n<td><a href=\"https:\/\/cofecon.org.br\/transparencia\/files\/atos_normativos\/Del\/2023\/Del2023-5058.pdf\" target=\"_blank\" rel=\"noopener noreferrer\">Homologa o resultado do 2\u00ba Pr\u00eamio Paul Singer de Boas Pr\u00e1ticas Acad\u00eamicas-2023.\n<\/a><\/td>\n<\/tr>\n<\/tbody>\n<\/table>\t\t\t\t\t\t\t\t<\/div>\n\t\t\t\t<\/div>\n\t\t\t\t\t<\/div>\n\t\t<\/div>\n\t\t\t\t\t<\/div>\n\t\t<\/section>\n\t\t\t\t<\/div>\n\t\t","protected":false},"excerpt":{"rendered":"<p>Delibera\u00e7\u00f5es N\u00ba: Assunto: 5.022 Homologa os processos administrativos apreciados na 719\u00aa Sess\u00e3o Plen\u00e1ria Ordin\u00e1ria Ampliada do Conselho Federal de Economia. 5.023 Homologa os processos administrativos apreciados na 720\u00aa Sess\u00e3o Plen\u00e1ria Ordin\u00e1ria Ampliada do Conselho Federal de Economia. 5.024 Homologa processos cont\u00e1beis apreciados na 721\u00aa Sess\u00e3o Plen\u00e1ria Ordin\u00e1ria do Conselho Federal de Economia. 5.025 Altera dispositivos &hellip; <a href=\"https:\/\/cofecon.org.br\/transparencia\/?page_id=5556\" class=\"more-link\">Continue reading <span class=\"screen-reader-text\">Delibera\u00e7\u00f5es-2023<\/span><\/a><\/p>\n","protected":false},"author":11,"featured_media":0,"parent":9,"menu_order":0,"comment_status":"closed","ping_status":"closed","template":"","meta":{"footnotes":""},"class_list":["post-5556","page","type-page","status-publish","hentry"],"_links":{"self":[{"href":"https:\/\/cofecon.org.br\/transparencia\/index.php?rest_route=\/wp\/v2\/pages\/5556"}],"collection":[{"href":"https:\/\/cofecon.org.br\/transparencia\/index.php?rest_route=\/wp\/v2\/pages"}],"about":[{"href":"https:\/\/cofecon.org.br\/transparencia\/index.php?rest_route=\/wp\/v2\/types\/page"}],"author":[{"embeddable":true,"href":"https:\/\/cofecon.org.br\/transparencia\/index.php?rest_route=\/wp\/v2\/users\/11"}],"replies":[{"embeddable":true,"href":"https:\/\/cofecon.org.br\/transparencia\/index.php?rest_route=%2Fwp%2Fv2%2Fcomments&post=5556"}],"version-history":[{"count":145,"href":"https:\/\/cofecon.org.br\/transparencia\/index.php?rest_route=\/wp\/v2\/pages\/5556\/revisions"}],"predecessor-version":[{"id":9959,"href":"https:\/\/cofecon.org.br\/transparencia\/index.php?rest_route=\/wp\/v2\/pages\/5556\/revisions\/9959"}],"up":[{"embeddable":true,"href":"https:\/\/cofecon.org.br\/transparencia\/index.php?rest_route=\/wp\/v2\/pages\/9"}],"wp:attachment":[{"href":"https:\/\/cofecon.org.br\/transparencia\/index.php?rest_route=%2Fwp%2Fv2%2Fmedia&parent=5556"}],"curies":[{"name":"wp","href":"https:\/\/api.w.org\/{rel}","templated":true}]}}