{"id":4618,"date":"2022-07-25T19:30:36","date_gmt":"2022-07-25T19:30:36","guid":{"rendered":"https:\/\/cofecon.org.br\/transparencia\/?page_id=4618"},"modified":"2025-10-16T15:27:55","modified_gmt":"2025-10-16T15:27:55","slug":"pregao-eletronico-n-7-2022","status":"publish","type":"page","link":"https:\/\/cofecon.org.br\/transparencia\/?page_id=4618","title":{"rendered":"Preg\u00e3o Eletr\u00f4nico n\u00b0 7\/2022"},"content":{"rendered":"\t\t<div data-elementor-type=\"wp-page\" data-elementor-id=\"4618\" class=\"elementor elementor-4618\">\n\t\t\t\t\t\t<section class=\"elementor-section elementor-top-section elementor-element elementor-element-a7a272f elementor-section-boxed elementor-section-height-default elementor-section-height-default\" data-id=\"a7a272f\" data-element_type=\"section\">\n\t\t\t\t\t\t<div class=\"elementor-container elementor-column-gap-default\">\n\t\t\t\t\t<div class=\"elementor-column elementor-col-100 elementor-top-column elementor-element elementor-element-0916920\" data-id=\"0916920\" data-element_type=\"column\">\n\t\t\t<div class=\"elementor-widget-wrap elementor-element-populated\">\n\t\t\t\t\t\t<div class=\"elementor-element elementor-element-6e94cb7 elementor-widget elementor-widget-heading\" data-id=\"6e94cb7\" data-element_type=\"widget\" data-widget_type=\"heading.default\">\n\t\t\t\t<div class=\"elementor-widget-container\">\n\t\t\t\t\t<h2 class=\"elementor-heading-title elementor-size-default\">Presta\u00e7\u00e3o de servi\u00e7os de Recep\u00e7\u00e3o<\/h2>\t\t\t\t<\/div>\n\t\t\t\t<\/div>\n\t\t\t\t<div class=\"elementor-element elementor-element-537b83f elementor-widget elementor-widget-text-editor\" data-id=\"537b83f\" data-element_type=\"widget\" data-widget_type=\"text-editor.default\">\n\t\t\t\t<div class=\"elementor-widget-container\">\n\t\t\t\t\t\t\t\t\t<p style=\"font-family: Roboto, sans-serif; font-size: 17px; font-style: normal;\"><b>Objeto:<\/b>\u00a0O objeto da presente licita\u00e7\u00e3o \u00e9 a escolha da proposta mais vantajosa para a contrata\u00e7\u00e3o de pessoa jur\u00eddica especializada na \u00e1rea de apoio administrativo e atividades auxiliares, para presta\u00e7\u00e3o de servi\u00e7os continuados de recepcionista, com fornecimento de insumos de m\u00e3o de obra (uniformes), em regime de empreitada por pre\u00e7o global, na sede do Conselho Federal de Economia, no total de 1 (um) posto, conforme condi\u00e7\u00f5es, quantidades e exig\u00eancias estabelecidas neste Edital e seus anexos.<br \/><b>Modalidade:<\/b><span style=\"font-weight: 400;\">\u00a0Preg\u00e3o Eletr\u00f4nico<br \/><span style=\"font-size: 17px; font-weight: bold;\">Data da sess\u00e3o:<\/span> <s><span style=\"color: #ff0000;\">10 de agosto de 2022<\/span><\/s> &#8211; 17 de agosto de 2022<br \/><span style=\"font-size: 17px; font-weight: bold;\">Hor\u00e1rio:<\/span> 9h30<br \/><span style=\"font-size: 17px; font-weight: bold;\">Local:<\/span>\u00a0Portal de Compras do Governo Federal \u2013\u00a0<a style=\"font-size: 17px;\" tabindex=\"-1\" title=\"http:\/\/www.gov.br\/compras\" href=\"http:\/\/www.gov.br\/compras\" target=\"_blank\" rel=\"noopener noreferrer\" aria-label=\"Link www.gov.br\/compras\">www.gov.br\/compras<\/a><br \/><span style=\"font-size: 17px; font-weight: bold;\">Contato<\/span>:<br \/>SCS Quadra 2, Bloco B, 12\u00ba andar \u2013 Edif\u00edcio Pal\u00e1cio do Com\u00e9rcio<br \/>Bras\u00edlia-DF CEP: 70.318-900<br \/>Telefone: (61) 3208-1800<br \/>E-mail: licitacao@cofecon.org.br<\/span><\/p><p style=\"font-family: Roboto, sans-serif; font-size: 17px; font-style: normal; font-weight: 400;\"><span style=\"font-size: 12pt; text-decoration-line: underline;\">Anexo:<\/span><\/p><ol style=\"font-family: Roboto, sans-serif; font-size: 17px; font-style: normal; font-weight: 400;\"><li style=\"font-size: 17px; list-style-type: none;\"><ol style=\"font-size: 17px;\"><li style=\"font-size: 17px; list-style-type: none;\"><ol style=\"font-size: 17px;\"><li>Edital do Preg\u00e3o n\u00ba 7\/2022 (<a href=\"https:\/\/cofecon.org.br\/transparencia\/files\/licitacoes\/contratos\/2022\/pregao7-2022\/09-Edital_7.2022-Recepcao.pdf\">pdf<\/a> \/ <a href=\"https:\/\/www.cofecon.org.br\/transparencia\/files\/licitacoes\/contratos\/2022\/pregao7-2022\/Edital7.2022.docx\">docx<\/a>)<\/li><li><a href=\"https:\/\/cofecon.org.br\/transparencia\/files\/licitacoes\/contratos\/2022\/pregao7-2022\/11-ALPE_7.2022-26.07.2022-RECEPCIONISTA.pdf\">1\u00aa Publica\u00e7\u00e3o no Di\u00e1rio Oficial da Uni\u00e3o<\/a><\/li><li><a href=\"https:\/\/cofecon.org.br\/transparencia\/files\/licitacoes\/contratos\/2022\/pregao7-2022\/41-ALPE_7.2022-27.07.2022-RECEPCIONISTA-2.pdf\">2\u00aa Publica\u00e7\u00e3o no Di\u00e1rio Oficial da Uni\u00e3o<\/a><\/li><li><a href=\"https:\/\/cofecon.org.br\/transparencia\/files\/licitacoes\/contratos\/2022\/pregao7-2022\/42-ALPE_7.2022-28.07.2022-RECEPCIONISTA-3.pdf\">3\u00aa Publica\u00e7\u00e3o no Di\u00e1rio Oficial da Uni\u00e3o<\/a><\/li><li><a href=\"https:\/\/cofecon.org.br\/transparencia\/files\/licitacoes\/contratos\/2022\/pregao7-2022\/14-Resposta-pedido-esclarecimento-SMARTSUPPLY.pdf\">Resposta ao Pedido de Esclarecimento n\u00ba 1<\/a><\/li><li><a href=\"https:\/\/cofecon.org.br\/transparencia\/files\/licitacoes\/contratos\/2022\/pregao7-2022\/modelo-planilha-para-portal-compras1.xlsx\">Modelo de Planilha Composi\u00e7\u00e3o de Pre\u00e7os<\/a><\/li><li><a href=\"https:\/\/cofecon.org.br\/transparencia\/files\/licitacoes\/contratos\/2022\/pregao7-2022\/51_Aviso-Adiamento_P-7.202210.08.2022-RECEPCIONISTA.pdf\">Aviso Adiantamento da licita\u00e7\u00e3o<\/a><\/li><li><a href=\"https:\/\/cofecon.org.br\/transparencia\/files\/licitacoes\/contratos\/2022\/pregao7-2022\/18-Resposta-pedido-de-esclarecimento_2_FAMILYSERVICOS.pdf\">Resposta ao Pedido de Esclarecimento n\u00ba 2<\/a><\/li><li><a href=\"https:\/\/cofecon.org.br\/transparencia\/files\/licitacoes\/contratos\/2022\/pregao7-2022\/19-Resposta-pedido-de-esclarecimento_3_SmartSuplly.pdf\">Resposta ao Pedido de Esclarecimento n\u00ba 3<\/a><\/li><\/ol><\/li><\/ol><\/li><\/ol>\t\t\t\t\t\t\t\t<\/div>\n\t\t\t\t<\/div>\n\t\t\t\t\t<\/div>\n\t\t<\/div>\n\t\t\t\t\t<\/div>\n\t\t<\/section>\n\t\t\t\t<\/div>\n\t\t","protected":false},"excerpt":{"rendered":"<p>Presta\u00e7\u00e3o de servi\u00e7os de Recep\u00e7\u00e3o Objeto:\u00a0O objeto da presente licita\u00e7\u00e3o \u00e9 a escolha da proposta mais vantajosa para a contrata\u00e7\u00e3o de pessoa jur\u00eddica especializada na \u00e1rea de apoio administrativo e atividades auxiliares, para presta\u00e7\u00e3o de servi\u00e7os continuados de recepcionista, com fornecimento de insumos de m\u00e3o de obra (uniformes), em regime de empreitada por pre\u00e7o global, &hellip; <a href=\"https:\/\/cofecon.org.br\/transparencia\/?page_id=4618\" class=\"more-link\">Continue reading <span class=\"screen-reader-text\">Preg\u00e3o Eletr\u00f4nico n\u00b0 7\/2022<\/span><\/a><\/p>\n","protected":false},"author":11,"featured_media":0,"parent":0,"menu_order":0,"comment_status":"closed","ping_status":"closed","template":"","meta":{"footnotes":""},"class_list":["post-4618","page","type-page","status-publish","hentry"],"_links":{"self":[{"href":"https:\/\/cofecon.org.br\/transparencia\/index.php?rest_route=\/wp\/v2\/pages\/4618"}],"collection":[{"href":"https:\/\/cofecon.org.br\/transparencia\/index.php?rest_route=\/wp\/v2\/pages"}],"about":[{"href":"https:\/\/cofecon.org.br\/transparencia\/index.php?rest_route=\/wp\/v2\/types\/page"}],"author":[{"embeddable":true,"href":"https:\/\/cofecon.org.br\/transparencia\/index.php?rest_route=\/wp\/v2\/users\/11"}],"replies":[{"embeddable":true,"href":"https:\/\/cofecon.org.br\/transparencia\/index.php?rest_route=%2Fwp%2Fv2%2Fcomments&post=4618"}],"version-history":[{"count":52,"href":"https:\/\/cofecon.org.br\/transparencia\/index.php?rest_route=\/wp\/v2\/pages\/4618\/revisions"}],"predecessor-version":[{"id":10233,"href":"https:\/\/cofecon.org.br\/transparencia\/index.php?rest_route=\/wp\/v2\/pages\/4618\/revisions\/10233"}],"wp:attachment":[{"href":"https:\/\/cofecon.org.br\/transparencia\/index.php?rest_route=%2Fwp%2Fv2%2Fmedia&parent=4618"}],"curies":[{"name":"wp","href":"https:\/\/api.w.org\/{rel}","templated":true}]}}