{"id":394,"date":"2017-04-06T12:48:15","date_gmt":"2017-04-06T12:48:15","guid":{"rendered":"http:\/\/cofecon.org.br\/transparencia\/?page_id=394"},"modified":"2017-04-06T13:22:56","modified_gmt":"2017-04-06T13:22:56","slug":"lei-6839","status":"publish","type":"page","link":"https:\/\/cofecon.org.br\/transparencia\/?page_id=394","title":{"rendered":""},"content":{"rendered":"<p class=\"style9\" align=\"center\"><span style=\"text-decoration: none; font-size: 12pt; font-weight: bold; color: #555555;\">Lei n\u00ba 6.839, de 30 de outubro de 1980<\/span><\/p>\n<p class=\"style9\" align=\"justify\"><span style=\"font-size: 10pt; font-family: verdana,geneva;\">Disp\u00f5e sobre o registro de empresas nas entidades fiscalizadoras do exerc\u00edcio de profiss\u00f5es.<\/span><\/p>\n<p class=\"style9\" align=\"justify\"><span style=\"font-size: 10pt; font-family: verdana,geneva;\">O Presidente da Rep\u00fablica:<\/span><\/p>\n<p class=\"style9\" align=\"justify\"><span style=\"font-size: 10pt; font-family: verdana,geneva;\">Fa\u00e7o saber que o Congresso Nacional decreta e eu sanciono a seguinte Lei:<\/span><\/p>\n<p class=\"style9\" align=\"justify\"><span style=\"font-size: 10pt; font-family: verdana,geneva;\"><strong>Art. 1\u00ba <\/strong>&#8211; O registro de empresas e a anota\u00e7\u00e3o dos profissionais legalmente habilitados, delas encarregadas, ser\u00e3o obrigat\u00f3rios nas entidades competentes para a fiscaliza\u00e7\u00e3o do exerc\u00edcio das diversas profiss\u00f5es, em raz\u00e3o da atividade b\u00e1sica ou em rela\u00e7\u00e3o aquela pela qual prestem servi\u00e7os a terceiros.<\/span><\/p>\n<p class=\"style9\" align=\"justify\"><span style=\"font-size: 10pt; font-family: verdana,geneva;\"><strong>Art. 2\u00ba<\/strong> &#8211; Esta Lei entrar\u00e1 em vigor na data de sua publica\u00e7\u00e3o.<\/span><\/p>\n<p class=\"style9\" align=\"justify\"><span style=\"font-size: 10pt; font-family: verdana,geneva;\"><strong>Art. 3\u00ba<\/strong> &#8211; Revogam-se as disposi\u00e7\u00f5es em contr\u00e1rio.<\/span><\/p>\n<p class=\"style9\" align=\"justify\"><span style=\"font-size: 10pt; font-family: verdana,geneva;\">Bras\u00edlia, em 30 de outubro de 1980; 159\u00ba da Independ\u00eancia e 92\u00ba da Rep\u00fablica.<\/span><\/p>\n<p class=\"style9\" align=\"justify\"><span style=\"font-size: 10pt; font-family: verdana,geneva;\">JO\u00c3O FIGUEIREDO &#8211; Murilo Macedo<\/span><\/p>\n","protected":false},"excerpt":{"rendered":"<p>Lei n\u00ba 6.839, de 30 de outubro de 1980 Disp\u00f5e sobre o registro de empresas nas entidades fiscalizadoras do exerc\u00edcio de profiss\u00f5es. O Presidente da Rep\u00fablica: Fa\u00e7o saber que o Congresso Nacional decreta e eu sanciono a seguinte Lei: Art. 1\u00ba &#8211; O registro de empresas e a anota\u00e7\u00e3o dos profissionais legalmente habilitados, delas encarregadas, &hellip; <a href=\"https:\/\/cofecon.org.br\/transparencia\/?page_id=394\" class=\"more-link\">Continue reading <span class=\"screen-reader-text\"><\/span><\/a><\/p>\n","protected":false},"author":11,"featured_media":0,"parent":57,"menu_order":0,"comment_status":"closed","ping_status":"closed","template":"","meta":{"footnotes":""},"class_list":["post-394","page","type-page","status-publish","hentry"],"_links":{"self":[{"href":"https:\/\/cofecon.org.br\/transparencia\/index.php?rest_route=\/wp\/v2\/pages\/394"}],"collection":[{"href":"https:\/\/cofecon.org.br\/transparencia\/index.php?rest_route=\/wp\/v2\/pages"}],"about":[{"href":"https:\/\/cofecon.org.br\/transparencia\/index.php?rest_route=\/wp\/v2\/types\/page"}],"author":[{"embeddable":true,"href":"https:\/\/cofecon.org.br\/transparencia\/index.php?rest_route=\/wp\/v2\/users\/11"}],"replies":[{"embeddable":true,"href":"https:\/\/cofecon.org.br\/transparencia\/index.php?rest_route=%2Fwp%2Fv2%2Fcomments&post=394"}],"version-history":[{"count":5,"href":"https:\/\/cofecon.org.br\/transparencia\/index.php?rest_route=\/wp\/v2\/pages\/394\/revisions"}],"predecessor-version":[{"id":403,"href":"https:\/\/cofecon.org.br\/transparencia\/index.php?rest_route=\/wp\/v2\/pages\/394\/revisions\/403"}],"up":[{"embeddable":true,"href":"https:\/\/cofecon.org.br\/transparencia\/index.php?rest_route=\/wp\/v2\/pages\/57"}],"wp:attachment":[{"href":"https:\/\/cofecon.org.br\/transparencia\/index.php?rest_route=%2Fwp%2Fv2%2Fmedia&parent=394"}],"curies":[{"name":"wp","href":"https:\/\/api.w.org\/{rel}","templated":true}]}}

<p class="style9" align="center"><span style="text-decoration: none; font-size: 12pt; font-weight: bold; color: #555555;">Lei nº 6.839, de 30 de outubro de 1980</span></p>
<p class="style9" align="justify"><span style="font-size: 10pt; font-family: verdana,geneva;">Dispõe sobre o registro de empresas nas entidades fiscalizadoras do exercício de profissões.</span></p>
<p class="style9" align="justify"><span style="font-size: 10pt; font-family: verdana,geneva;">O Presidente da República:</span></p>
<p class="style9" align="justify"><span style="font-size: 10pt; font-family: verdana,geneva;">Faço saber que o Congresso Nacional decreta e eu sanciono a seguinte Lei:</span></p>
<p class="style9" align="justify"><span style="font-size: 10pt; font-family: verdana,geneva;"><strong>Art. 1º </strong>&#8211; O registro de empresas e a anotação dos profissionais legalmente habilitados, delas encarregadas, serão obrigatórios nas entidades competentes para a fiscalização do exercício das diversas profissões, em razão da atividade básica ou em relação aquela pela qual prestem serviços a terceiros.</span></p>
<p class="style9" align="justify"><span style="font-size: 10pt; font-family: verdana,geneva;"><strong>Art. 2º</strong> &#8211; Esta Lei entrará em vigor na data de sua publicação.</span></p>
<p class="style9" align="justify"><span style="font-size: 10pt; font-family: verdana,geneva;"><strong>Art. 3º</strong> &#8211; Revogam-se as disposições em contrário.</span></p>
<p class="style9" align="justify"><span style="font-size: 10pt; font-family: verdana,geneva;">Brasília, em 30 de outubro de 1980; 159º da Independência e 92º da República.</span></p>
<p class="style9" align="justify"><span style="font-size: 10pt; font-family: verdana,geneva;">JOÃO FIGUEIREDO &#8211; Murilo Macedo</span></p>

<p>Lei nº 6.839, de 30 de outubro de 1980 Dispõe sobre o registro de empresas nas entidades fiscalizadoras do exercício de profissões. O Presidente da República: Faço saber que o Congresso Nacional decreta e eu sanciono a seguinte Lei: Art. 1º &#8211; O registro de empresas e a anotação dos profissionais legalmente habilitados, delas encarregadas, &hellip; <a href="https://cofecon.org.br/transparencia/?page_id=394" class="more-link">Continue reading <span class="screen-reader-text"></span></a></p>
