{"id":386,"date":"2017-04-06T12:44:25","date_gmt":"2017-04-06T12:44:25","guid":{"rendered":"http:\/\/cofecon.org.br\/transparencia\/?page_id=386"},"modified":"2017-04-06T13:01:32","modified_gmt":"2017-04-06T13:01:32","slug":"lei-6206","status":"publish","type":"page","link":"https:\/\/cofecon.org.br\/transparencia\/?page_id=386","title":{"rendered":""},"content":{"rendered":"<p class=\"style7\" align=\"center\"><span style=\"text-decoration: none; font-size: 12pt; font-weight: bold; color: #555555;\">Lei n.\u00ba 6.206, de 07 de maio de 1975<\/span><\/p>\n<p class=\"style9\" align=\"justify\"><span style=\"font-family: verdana; font-size: 10pt;\">D\u00e1 valor de documento de identidade \u00e0s carteiras expedidas pelos \u00f3rg\u00e3os fiscalizadores de exerc\u00edcio profissional, e d\u00e1 outras provid\u00eancias.<\/span><\/p>\n<p class=\"style9\" align=\"justify\"><span style=\"font-family: verdana; font-size: 10pt;\">O Presidente da Rep\u00fablica:<\/span><\/p>\n<p class=\"style9\" align=\"justify\"><span style=\"font-family: verdana; font-size: 10pt;\">Fa\u00e7o saber que o Congresso Nacional decreta e eu sanciono a seguinte Lei:<\/span><\/p>\n<p class=\"style9\" align=\"justify\"><span style=\"font-family: verdana; font-size: 10pt;\">Art. 1\u00ba &#8211; \u00c9 v\u00e1lida em todo o Territ\u00f3rio Nacional como prova de identidade, para qualquer efeito, a carteira emitida pelos \u00f3rg\u00e3os criados por lei federal, controladores do exerc\u00edcio profissional.<\/span><\/p>\n<p class=\"style9\" align=\"justify\"><span style=\"font-family: verdana; font-size: 10pt;\">Art. 2\u00ba &#8211; Os cr\u00e9ditos dos \u00f3rg\u00e3os referidos no artigo anterior ser\u00e3o exig\u00edveis pela a\u00e7\u00e3o executiva processada perante a Justi\u00e7a Federal.<\/span><\/p>\n<p class=\"style9\" align=\"justify\"><span style=\"font-family: verdana; font-size: 10pt;\">Art. 3\u00ba &#8211; Esta Lei entrar\u00e1 em vigor na data de sua publica\u00e7\u00e3o, revogadas as disposi\u00e7\u00f5es em contr\u00e1rio.<\/span><\/p>\n<p class=\"style9\" align=\"justify\"><span style=\"font-family: verdana; font-size: 10pt;\">Ernesto Geisel &#8211; Presidente da Rep\u00fablica<\/span><\/p>\n<p class=\"style9\" align=\"justify\"><span style=\"font-family: verdana; font-size: 10pt;\">Armando Falc\u00e3o<\/span><\/p>\n","protected":false},"excerpt":{"rendered":"<p>Lei n.\u00ba 6.206, de 07 de maio de 1975 D\u00e1 valor de documento de identidade \u00e0s carteiras expedidas pelos \u00f3rg\u00e3os fiscalizadores de exerc\u00edcio profissional, e d\u00e1 outras provid\u00eancias. O Presidente da Rep\u00fablica: Fa\u00e7o saber que o Congresso Nacional decreta e eu sanciono a seguinte Lei: Art. 1\u00ba &#8211; \u00c9 v\u00e1lida em todo o Territ\u00f3rio Nacional &hellip; <a href=\"https:\/\/cofecon.org.br\/transparencia\/?page_id=386\" class=\"more-link\">Continue reading <span class=\"screen-reader-text\"><\/span><\/a><\/p>\n","protected":false},"author":11,"featured_media":0,"parent":57,"menu_order":0,"comment_status":"closed","ping_status":"closed","template":"","meta":{"footnotes":""},"class_list":["post-386","page","type-page","status-publish","hentry"],"_links":{"self":[{"href":"https:\/\/cofecon.org.br\/transparencia\/index.php?rest_route=\/wp\/v2\/pages\/386"}],"collection":[{"href":"https:\/\/cofecon.org.br\/transparencia\/index.php?rest_route=\/wp\/v2\/pages"}],"about":[{"href":"https:\/\/cofecon.org.br\/transparencia\/index.php?rest_route=\/wp\/v2\/types\/page"}],"author":[{"embeddable":true,"href":"https:\/\/cofecon.org.br\/transparencia\/index.php?rest_route=\/wp\/v2\/users\/11"}],"replies":[{"embeddable":true,"href":"https:\/\/cofecon.org.br\/transparencia\/index.php?rest_route=%2Fwp%2Fv2%2Fcomments&post=386"}],"version-history":[{"count":5,"href":"https:\/\/cofecon.org.br\/transparencia\/index.php?rest_route=\/wp\/v2\/pages\/386\/revisions"}],"predecessor-version":[{"id":400,"href":"https:\/\/cofecon.org.br\/transparencia\/index.php?rest_route=\/wp\/v2\/pages\/386\/revisions\/400"}],"up":[{"embeddable":true,"href":"https:\/\/cofecon.org.br\/transparencia\/index.php?rest_route=\/wp\/v2\/pages\/57"}],"wp:attachment":[{"href":"https:\/\/cofecon.org.br\/transparencia\/index.php?rest_route=%2Fwp%2Fv2%2Fmedia&parent=386"}],"curies":[{"name":"wp","href":"https:\/\/api.w.org\/{rel}","templated":true}]}}

<p class="style7" align="center"><span style="text-decoration: none; font-size: 12pt; font-weight: bold; color: #555555;">Lei n.º 6.206, de 07 de maio de 1975</span></p>
<p class="style9" align="justify"><span style="font-family: verdana; font-size: 10pt;">Dá valor de documento de identidade às carteiras expedidas pelos órgãos fiscalizadores de exercício profissional, e dá outras providências.</span></p>
<p class="style9" align="justify"><span style="font-family: verdana; font-size: 10pt;">O Presidente da República:</span></p>
<p class="style9" align="justify"><span style="font-family: verdana; font-size: 10pt;">Faço saber que o Congresso Nacional decreta e eu sanciono a seguinte Lei:</span></p>
<p class="style9" align="justify"><span style="font-family: verdana; font-size: 10pt;">Art. 1º &#8211; É válida em todo o Território Nacional como prova de identidade, para qualquer efeito, a carteira emitida pelos órgãos criados por lei federal, controladores do exercício profissional.</span></p>
<p class="style9" align="justify"><span style="font-family: verdana; font-size: 10pt;">Art. 2º &#8211; Os créditos dos órgãos referidos no artigo anterior serão exigíveis pela ação executiva processada perante a Justiça Federal.</span></p>
<p class="style9" align="justify"><span style="font-family: verdana; font-size: 10pt;">Art. 3º &#8211; Esta Lei entrará em vigor na data de sua publicação, revogadas as disposições em contrário.</span></p>
<p class="style9" align="justify"><span style="font-family: verdana; font-size: 10pt;">Ernesto Geisel &#8211; Presidente da República</span></p>
<p class="style9" align="justify"><span style="font-family: verdana; font-size: 10pt;">Armando Falcão</span></p>

<p>Lei n.º 6.206, de 07 de maio de 1975 Dá valor de documento de identidade às carteiras expedidas pelos órgãos fiscalizadores de exercício profissional, e dá outras providências. O Presidente da República: Faço saber que o Congresso Nacional decreta e eu sanciono a seguinte Lei: Art. 1º &#8211; É válida em todo o Território Nacional &hellip; <a href="https://cofecon.org.br/transparencia/?page_id=386" class="more-link">Continue reading <span class="screen-reader-text"></span></a></p>
