{"id":374,"date":"2017-04-05T21:03:00","date_gmt":"2017-04-05T21:03:00","guid":{"rendered":"http:\/\/cofecon.org.br\/transparencia\/?page_id=374"},"modified":"2017-04-05T21:12:48","modified_gmt":"2017-04-05T21:12:48","slug":"lei-6021","status":"publish","type":"page","link":"https:\/\/cofecon.org.br\/transparencia\/?page_id=374","title":{"rendered":""},"content":{"rendered":"<p class=\"style9\" align=\"center\"><span style=\"text-decoration: none; font-size: 12pt; font-weight: bold; color: #555555;\">Lei n\u00ba 6.021, de 03 de janeiro de 1974<\/span><\/p>\n<p class=\"style9\" align=\"justify\"><span style=\"font-size: 10pt; font-family: verdana,geneva;\">Altera dispositivos da Lei n.\u00ba 1.411, de 13 de agosto de 1951, que disp\u00f5e sobre a profiss\u00e3o de Economista; atualiza os valores das anuidades, taxas e multas, subordinando-as a percentuais do maior sal\u00e1rio m\u00ednimo, e altera a denomina\u00e7\u00e3o dos Conselhos Federal e Regionais.<\/span><\/p>\n<p class=\"style9\" align=\"justify\"><span style=\"font-size: 10pt; font-family: verdana,geneva;\">O Presidente da Rep\u00fablica:<\/span><\/p>\n<p class=\"style9\" align=\"justify\"><span style=\"font-size: 10pt; font-family: verdana,geneva;\">Fa\u00e7o saber que o Congresso Nacional decreta e eu sanciono a seguinte Lei:<\/span><\/p>\n<p class=\"style9\" align=\"justify\"><span style=\"font-size: 10pt; font-family: verdana,geneva;\"><strong>Art. 1\u00ba<\/strong> &#8211; O artigo 6\u00ba, da Lei n.\u00ba 1.411, de 13 de agosto de 1951, passa a ter a seguinte reda\u00e7\u00e3o:<\/span><\/p>\n<p class=\"style9\" align=\"justify\"><span style=\"font-size: 10pt; font-family: verdana,geneva;\">&#8220;Art. 6\u00ba &#8211; S\u00e3o criados o Conselho Federal de Economia (COFECON), com sede na Capital Federal, e os Conselhos Regionais de Economia (CORECON), de acordo com o que preceitua esta Lei.&#8221;<\/span><\/p>\n<p class=\"style9\" align=\"justify\"><span style=\"font-size: 10pt; font-family: verdana,geneva;\"><strong>Art. 2\u00ba<\/strong> &#8211; O artigo 15, da Lei n.\u00ba 1.411, de 13 de agosto de 1951, passa a ter a seguinte reda\u00e7\u00e3o:<\/span><\/p>\n<p class=\"style9\" align=\"justify\"><span style=\"font-size: 10pt; font-family: verdana,geneva;\">&#8220;Art. 15 &#8211; A todo profissional devidamente registrado no COFECON ser\u00e1 expedida a respectiva carteira de identidade profissional por este \u00f3rg\u00e3o, assinada pelo Presidente, que constitui prova de identidade para todos os efeitos legais. A carteira de identifica\u00e7\u00e3o profissional conter\u00e1 as seguintes indica\u00e7\u00f5es:<\/span><\/p>\n<p class=\"style9\" align=\"justify\"><span style=\"font-size: 10pt; font-family: verdana,geneva;\">a) nome, por extenso, do profissional;<\/span><\/p>\n<p class=\"style9\" align=\"justify\"><span style=\"font-size: 10pt; font-family: verdana,geneva;\">b) filia\u00e7\u00e3o;<\/span><\/p>\n<p class=\"style9\" align=\"justify\"><span style=\"font-size: 10pt; font-family: verdana,geneva;\">c) nacionalidade e naturalidade;<\/span><\/p>\n<p class=\"style9\" align=\"justify\"><span style=\"font-size: 10pt; font-family: verdana,geneva;\">d) data de nascimento;<\/span><\/p>\n<p class=\"style9\" align=\"justify\"><span style=\"font-size: 10pt; font-family: verdana,geneva;\">e) denomina\u00e7\u00e3o da Faculdade em que se diplomou ou declara\u00e7\u00e3o de habilita\u00e7\u00e3o, na forma desta Lei, e respectivas datas;<\/span><\/p>\n<p class=\"style9\" align=\"justify\"><span style=\"font-size: 10pt; font-family: verdana,geneva;\">f) natureza do t\u00edtulo ou dos t\u00edtulos de habilita\u00e7\u00e3o;<\/span><\/p>\n<p class=\"style9\" align=\"justify\"><span style=\"font-size: 10pt; font-family: verdana,geneva;\">g) n\u00famero de registro no CORECON;<\/span><\/p>\n<p class=\"style9\" align=\"justify\"><span style=\"font-size: 10pt; font-family: verdana,geneva;\">h) fotografia de frente e impress\u00e3o datilosc\u00f3pica;<\/span><\/p>\n<p class=\"style9\" align=\"justify\"><span style=\"font-size: 10pt; font-family: verdana,geneva;\">i) prazo de validade da carteira;<\/span><\/p>\n<p class=\"style9\" align=\"justify\"><span style=\"font-size: 10pt; font-family: verdana,geneva;\">j) n\u00famero do CIC (Cart\u00e3o de Identifica\u00e7\u00e3o do Contribuinte);<\/span><\/p>\n<p class=\"style9\" align=\"justify\"><span style=\"font-size: 10pt; font-family: verdana,geneva;\">l) assinatura.<\/span><\/p>\n<p class=\"style9\" align=\"justify\"><span style=\"font-size: 10pt; font-family: verdana,geneva;\">Par\u00e1grafo \u00danico &#8211; A expedi\u00e7\u00e3o da carteira de identifica\u00e7\u00e3o profissional \u00e9 sujeita \u00e0 taxa de dez por cento do maior sal\u00e1rio m\u00ednimo vigente; o registro de profissional a cinq\u00fcenta por cento do maior sal\u00e1rio m\u00ednimo vigente; e o registro obrigat\u00f3rio da pessoa jur\u00eddica, organizada sob qualquer forma para prestar servi\u00e7os t\u00e9cnicos de Economia, fica sujeito a taxa equivalente ao maior sal\u00e1rio m\u00ednimo vigente&#8221;.<\/span><\/p>\n<p class=\"style9\" align=\"justify\"><span style=\"font-size: 10pt; font-family: verdana,geneva;\"><strong>Art. 3\u00ba<\/strong> &#8211; O artigo 17, da Lei n.\u00ba 1.411, de 13 de agosto de 1951, passa a ter a seguinte reda\u00e7\u00e3o:<\/span><\/p>\n<p class=\"style9\" align=\"justify\"><span style=\"font-size: 10pt; font-family: verdana,geneva;\">&#8220;Art. 17 &#8211; Os profissionais referidos nesta Lei ficam sujeitos ao pagamento de uma anuidade no valor de quarenta por cento do maior sal\u00e1rio m\u00ednimo vigente, e as pessoas jur\u00eddicas, organizadas sob qualquer forma para prestar servi\u00e7os t\u00e9cnicos de Economia, a anuidade no valor de duzentos por cento a quinhentos por cento do maior sal\u00e1rio m\u00ednimo vigente, de acordo com o capital registrado.<\/span><\/p>\n<p class=\"style9\" align=\"justify\"><span style=\"font-size: 10pt; font-family: verdana,geneva;\">\u00a7 1\u00ba &#8211; A anuidade ser\u00e1 paga at\u00e9 31 de mar\u00e7o de cada ano, salvo a primeira, que se far\u00e1 no ato de inscri\u00e7\u00e3o ou registro.<\/span><\/p>\n<p class=\"style9\" align=\"justify\"><span style=\"font-size: 10pt; font-family: verdana,geneva;\">\u00a7 2\u00ba &#8211; O atraso no pagamento das anuidades acarretar\u00e1 multa equivalente a cinco por cento do maior sal\u00e1rio m\u00ednimo vigente, por trimestre de atraso, dentro do per\u00edodo, e vinte por cento sobre o valor da anuidade, nos per\u00edodos subseq\u00fcentes.<\/span><\/p>\n<p class=\"style9\" align=\"justify\"><span style=\"font-size: 10pt; font-family: verdana,geneva;\">\u00a7 3\u00ba &#8211; A comprova\u00e7\u00e3o do pagamento das anuidades nos CORECON ser\u00e1 necess\u00e1ria para que seja efetivado o pagamento de sal\u00e1rios a Economistas contratados por organiza\u00e7\u00f5es p\u00fablicas ou privadas&#8221;.<\/span><\/p>\n<p class=\"style9\" align=\"justify\"><span style=\"font-size: 10pt; font-family: verdana,geneva;\"><strong>Art. 4\u00ba<\/strong> &#8211; A letra &#8220;a&#8221; do artigo 19 da Lei n.\u00ba 1.411, de 13 de agosto de 1951, passa a ter a seguinte reda\u00e7\u00e3o&#8221;:<\/span><\/p>\n<p class=\"style9\" align=\"justify\"><span style=\"font-size: 10pt; font-family: verdana,geneva;\">&#8220;a) multa no valor de cinco por cento a duzentos e cinq\u00fcenta por cento do valor da anuidade.&#8221;<\/span><\/p>\n<p class=\"style9\" align=\"justify\"><span style=\"font-size: 10pt; font-family: verdana,geneva;\"><strong>Art. 5\u00ba<\/strong> &#8211; Esta Lei entrar\u00e1 em vigor na data de sua publica\u00e7\u00e3o, revogados os artigos 6\u00ba, 15 e 17 da Lei n.\u00ba 1.411, de 13 de agosto de 1951, e demais disposi\u00e7\u00f5es em contr\u00e1rio.<\/span><\/p>\n<p class=\"style9\" align=\"justify\"><span style=\"font-size: 10pt; font-family: verdana,geneva;\">Bras\u00edlia, 3 de janeiro de 1974, 153\u00ba da Independ\u00eancia e 86\u00ba da Rep\u00fablica.<\/span><\/p>\n<p class=\"style9\" align=\"justify\"><span style=\"font-size: 10pt; font-family: verdana,geneva;\">EM\u00cdLIO G. M\u00c9DICE<\/span><\/p>\n<p class=\"style9\" align=\"justify\"><span style=\"font-size: 10pt; font-family: verdana,geneva;\">DOU 04.01.1974<\/span><\/p>\n","protected":false},"excerpt":{"rendered":"<p>Lei n\u00ba 6.021, de 03 de janeiro de 1974 Altera dispositivos da Lei n.\u00ba 1.411, de 13 de agosto de 1951, que disp\u00f5e sobre a profiss\u00e3o de Economista; atualiza os valores das anuidades, taxas e multas, subordinando-as a percentuais do maior sal\u00e1rio m\u00ednimo, e altera a denomina\u00e7\u00e3o dos Conselhos Federal e Regionais. O Presidente da &hellip; <a href=\"https:\/\/cofecon.org.br\/transparencia\/?page_id=374\" class=\"more-link\">Continue reading <span class=\"screen-reader-text\"><\/span><\/a><\/p>\n","protected":false},"author":11,"featured_media":0,"parent":57,"menu_order":0,"comment_status":"closed","ping_status":"closed","template":"","meta":{"footnotes":""},"class_list":["post-374","page","type-page","status-publish","hentry"],"_links":{"self":[{"href":"https:\/\/cofecon.org.br\/transparencia\/index.php?rest_route=\/wp\/v2\/pages\/374"}],"collection":[{"href":"https:\/\/cofecon.org.br\/transparencia\/index.php?rest_route=\/wp\/v2\/pages"}],"about":[{"href":"https:\/\/cofecon.org.br\/transparencia\/index.php?rest_route=\/wp\/v2\/types\/page"}],"author":[{"embeddable":true,"href":"https:\/\/cofecon.org.br\/transparencia\/index.php?rest_route=\/wp\/v2\/users\/11"}],"replies":[{"embeddable":true,"href":"https:\/\/cofecon.org.br\/transparencia\/index.php?rest_route=%2Fwp%2Fv2%2Fcomments&post=374"}],"version-history":[{"count":7,"href":"https:\/\/cofecon.org.br\/transparencia\/index.php?rest_route=\/wp\/v2\/pages\/374\/revisions"}],"predecessor-version":[{"id":384,"href":"https:\/\/cofecon.org.br\/transparencia\/index.php?rest_route=\/wp\/v2\/pages\/374\/revisions\/384"}],"up":[{"embeddable":true,"href":"https:\/\/cofecon.org.br\/transparencia\/index.php?rest_route=\/wp\/v2\/pages\/57"}],"wp:attachment":[{"href":"https:\/\/cofecon.org.br\/transparencia\/index.php?rest_route=%2Fwp%2Fv2%2Fmedia&parent=374"}],"curies":[{"name":"wp","href":"https:\/\/api.w.org\/{rel}","templated":true}]}}

<p class="style9" align="center"><span style="text-decoration: none; font-size: 12pt; font-weight: bold; color: #555555;">Lei nº 6.021, de 03 de janeiro de 1974</span></p>
<p class="style9" align="justify"><span style="font-size: 10pt; font-family: verdana,geneva;">Altera dispositivos da Lei n.º 1.411, de 13 de agosto de 1951, que dispõe sobre a profissão de Economista; atualiza os valores das anuidades, taxas e multas, subordinando-as a percentuais do maior salário mínimo, e altera a denominação dos Conselhos Federal e Regionais.</span></p>
<p class="style9" align="justify"><span style="font-size: 10pt; font-family: verdana,geneva;">O Presidente da República:</span></p>
<p class="style9" align="justify"><span style="font-size: 10pt; font-family: verdana,geneva;">Faço saber que o Congresso Nacional decreta e eu sanciono a seguinte Lei:</span></p>
<p class="style9" align="justify"><span style="font-size: 10pt; font-family: verdana,geneva;"><strong>Art. 1º</strong> &#8211; O artigo 6º, da Lei n.º 1.411, de 13 de agosto de 1951, passa a ter a seguinte redação:</span></p>
<p class="style9" align="justify"><span style="font-size: 10pt; font-family: verdana,geneva;">&#8220;Art. 6º &#8211; São criados o Conselho Federal de Economia (COFECON), com sede na Capital Federal, e os Conselhos Regionais de Economia (CORECON), de acordo com o que preceitua esta Lei.&#8221;</span></p>
<p class="style9" align="justify"><span style="font-size: 10pt; font-family: verdana,geneva;"><strong>Art. 2º</strong> &#8211; O artigo 15, da Lei n.º 1.411, de 13 de agosto de 1951, passa a ter a seguinte redação:</span></p>
<p class="style9" align="justify"><span style="font-size: 10pt; font-family: verdana,geneva;">&#8220;Art. 15 &#8211; A todo profissional devidamente registrado no COFECON será expedida a respectiva carteira de identidade profissional por este órgão, assinada pelo Presidente, que constitui prova de identidade para todos os efeitos legais. A carteira de identificação profissional conterá as seguintes indicações:</span></p>
<p class="style9" align="justify"><span style="font-size: 10pt; font-family: verdana,geneva;">a) nome, por extenso, do profissional;</span></p>
<p class="style9" align="justify"><span style="font-size: 10pt; font-family: verdana,geneva;">b) filiação;</span></p>
<p class="style9" align="justify"><span style="font-size: 10pt; font-family: verdana,geneva;">c) nacionalidade e naturalidade;</span></p>
<p class="style9" align="justify"><span style="font-size: 10pt; font-family: verdana,geneva;">d) data de nascimento;</span></p>
<p class="style9" align="justify"><span style="font-size: 10pt; font-family: verdana,geneva;">e) denominação da Faculdade em que se diplomou ou declaração de habilitação, na forma desta Lei, e respectivas datas;</span></p>
<p class="style9" align="justify"><span style="font-size: 10pt; font-family: verdana,geneva;">f) natureza do título ou dos títulos de habilitação;</span></p>
<p class="style9" align="justify"><span style="font-size: 10pt; font-family: verdana,geneva;">g) número de registro no CORECON;</span></p>
<p class="style9" align="justify"><span style="font-size: 10pt; font-family: verdana,geneva;">h) fotografia de frente e impressão datiloscópica;</span></p>
<p class="style9" align="justify"><span style="font-size: 10pt; font-family: verdana,geneva;">i) prazo de validade da carteira;</span></p>
<p class="style9" align="justify"><span style="font-size: 10pt; font-family: verdana,geneva;">j) número do CIC (Cartão de Identificação do Contribuinte);</span></p>
<p class="style9" align="justify"><span style="font-size: 10pt; font-family: verdana,geneva;">l) assinatura.</span></p>
<p class="style9" align="justify"><span style="font-size: 10pt; font-family: verdana,geneva;">Parágrafo Único &#8211; A expedição da carteira de identificação profissional é sujeita à taxa de dez por cento do maior salário mínimo vigente; o registro de profissional a cinqüenta por cento do maior salário mínimo vigente; e o registro obrigatório da pessoa jurídica, organizada sob qualquer forma para prestar serviços técnicos de Economia, fica sujeito a taxa equivalente ao maior salário mínimo vigente&#8221;.</span></p>
<p class="style9" align="justify"><span style="font-size: 10pt; font-family: verdana,geneva;"><strong>Art. 3º</strong> &#8211; O artigo 17, da Lei n.º 1.411, de 13 de agosto de 1951, passa a ter a seguinte redação:</span></p>
<p class="style9" align="justify"><span style="font-size: 10pt; font-family: verdana,geneva;">&#8220;Art. 17 &#8211; Os profissionais referidos nesta Lei ficam sujeitos ao pagamento de uma anuidade no valor de quarenta por cento do maior salário mínimo vigente, e as pessoas jurídicas, organizadas sob qualquer forma para prestar serviços técnicos de Economia, a anuidade no valor de duzentos por cento a quinhentos por cento do maior salário mínimo vigente, de acordo com o capital registrado.</span></p>
<p class="style9" align="justify"><span style="font-size: 10pt; font-family: verdana,geneva;">§ 1º &#8211; A anuidade será paga até 31 de março de cada ano, salvo a primeira, que se fará no ato de inscrição ou registro.</span></p>
<p class="style9" align="justify"><span style="font-size: 10pt; font-family: verdana,geneva;">§ 2º &#8211; O atraso no pagamento das anuidades acarretará multa equivalente a cinco por cento do maior salário mínimo vigente, por trimestre de atraso, dentro do período, e vinte por cento sobre o valor da anuidade, nos períodos subseqüentes.</span></p>
<p class="style9" align="justify"><span style="font-size: 10pt; font-family: verdana,geneva;">§ 3º &#8211; A comprovação do pagamento das anuidades nos CORECON será necessária para que seja efetivado o pagamento de salários a Economistas contratados por organizações públicas ou privadas&#8221;.</span></p>
<p class="style9" align="justify"><span style="font-size: 10pt; font-family: verdana,geneva;"><strong>Art. 4º</strong> &#8211; A letra &#8220;a&#8221; do artigo 19 da Lei n.º 1.411, de 13 de agosto de 1951, passa a ter a seguinte redação&#8221;:</span></p>
<p class="style9" align="justify"><span style="font-size: 10pt; font-family: verdana,geneva;">&#8220;a) multa no valor de cinco por cento a duzentos e cinqüenta por cento do valor da anuidade.&#8221;</span></p>
<p class="style9" align="justify"><span style="font-size: 10pt; font-family: verdana,geneva;"><strong>Art. 5º</strong> &#8211; Esta Lei entrará em vigor na data de sua publicação, revogados os artigos 6º, 15 e 17 da Lei n.º 1.411, de 13 de agosto de 1951, e demais disposições em contrário.</span></p>
<p class="style9" align="justify"><span style="font-size: 10pt; font-family: verdana,geneva;">Brasília, 3 de janeiro de 1974, 153º da Independência e 86º da República.</span></p>
<p class="style9" align="justify"><span style="font-size: 10pt; font-family: verdana,geneva;">EMÍLIO G. MÉDICE</span></p>
<p class="style9" align="justify"><span style="font-size: 10pt; font-family: verdana,geneva;">DOU 04.01.1974</span></p>

<p>Lei nº 6.021, de 03 de janeiro de 1974 Altera dispositivos da Lei n.º 1.411, de 13 de agosto de 1951, que dispõe sobre a profissão de Economista; atualiza os valores das anuidades, taxas e multas, subordinando-as a percentuais do maior salário mínimo, e altera a denominação dos Conselhos Federal e Regionais. O Presidente da &hellip; <a href="https://cofecon.org.br/transparencia/?page_id=374" class="more-link">Continue reading <span class="screen-reader-text"></span></a></p>
