{"id":287,"date":"2017-04-04T18:04:34","date_gmt":"2017-04-04T18:04:34","guid":{"rendered":"http:\/\/cofecon.org.br\/transparencia\/?page_id=287"},"modified":"2025-10-15T18:27:08","modified_gmt":"2025-10-15T18:27:08","slug":"deliberacoes-2012","status":"publish","type":"page","link":"https:\/\/cofecon.org.br\/transparencia\/?page_id=287","title":{"rendered":"Deliberacoes-2012"},"content":{"rendered":"\t\t<div data-elementor-type=\"wp-page\" data-elementor-id=\"287\" class=\"elementor elementor-287\">\n\t\t\t\t\t\t<section class=\"elementor-section elementor-top-section elementor-element elementor-element-4ef21cb4 elementor-section-boxed elementor-section-height-default elementor-section-height-default\" data-id=\"4ef21cb4\" data-element_type=\"section\">\n\t\t\t\t\t\t<div class=\"elementor-container elementor-column-gap-default\">\n\t\t\t\t\t<div class=\"elementor-column elementor-col-100 elementor-top-column elementor-element elementor-element-f3bfc68\" data-id=\"f3bfc68\" data-element_type=\"column\">\n\t\t\t<div class=\"elementor-widget-wrap elementor-element-populated\">\n\t\t\t\t\t\t<div class=\"elementor-element elementor-element-27b51297 elementor-widget elementor-widget-text-editor\" data-id=\"27b51297\" data-element_type=\"widget\" data-widget_type=\"text-editor.default\">\n\t\t\t\t<div class=\"elementor-widget-container\">\n\t\t\t\t\t\t\t\t\t<div align=\"center\">\n<table border=\"0\" align=\"center\">\n<tbody>\n<tr>\n<th scope=\"row\" align=\"center\" valign=\"middle\" width=\"134\">\n<p dir=\"ltr\" align=\"left\"><strong><span style=\"text-decoration: underline;\"><span style=\"font-size: 10pt;\">Delibera\u00e7\u00f5es N\u00ba:<\/span><\/span><\/strong><\/p>\n<\/th>\n<th scope=\"row\" align=\"center\" valign=\"middle\" width=\"499\">\n<p align=\"center\"><strong><span style=\"text-decoration: underline;\"><span style=\"font-size: 10pt;\">Assunto:<\/span><\/span><\/strong><\/p>\n<\/th>\n<\/tr>\n<tr>\n<td>\n<p align=\"center\">4.751<\/p>\n<\/td>\n<td><a href=\"https:\/\/cofecon.org.br\/transparencia\/files\/atos_normativos\/Del\/2012\/Del-2012(1).pdf\" target=\"_blank\" rel=\"noopener\">Homologa Processos Administrativos 638\u00aa Sess\u00e3o Plen\u00e1ria<\/a><\/td>\n<\/tr>\n<tr>\n<td>\n<p align=\"center\">4.752<\/p>\n<\/td>\n<td><a href=\"https:\/\/cofecon.org.br\/transparencia\/files\/atos_normativos\/Del\/2012\/Del-2012(2).pdf\" target=\"_blank\" rel=\"noopener\">Concede parcelamento de d\u00edvida &#8211; CORECON-SE<\/a><\/td>\n<\/tr>\n<tr>\n<td>\n<p align=\"center\">4.753<\/p>\n<\/td>\n<td><a href=\"https:\/\/cofecon.org.br\/transparencia\/files\/atos_normativos\/Del\/2012\/Del-2012(3).pdf\" target=\"_blank\" rel=\"noopener\">Concede parcelamento de d\u00edvida &#8211; CORECON-MA<\/a><\/td>\n<\/tr>\n<tr>\n<td>\n<p align=\"center\">4.754<\/p>\n<\/td>\n<td><a href=\"https:\/\/cofecon.org.br\/transparencia\/files\/atos_normativos\/Del\/2012\/Del-2012(4).pdf\" target=\"_blank\" rel=\"noopener\">Homologa Processos Cont\u00e1beis 639\u00aa Sess\u00e3o Plen\u00e1ria<\/a><\/td>\n<\/tr>\n<tr>\n<td>\n<p align=\"center\">4.755<\/p>\n<\/td>\n<td><a href=\"https:\/\/cofecon.org.br\/transparencia\/files\/atos_normativos\/Del\/2012\/Del-2012(5).pdf\" target=\"_blank\" rel=\"noopener\">Homologa Processos Administrativos 639\u00aa Sess\u00e3o Plen\u00e1ria<\/a><\/td>\n<\/tr>\n<tr>\n<td>\n<p align=\"center\">4.756<\/p>\n<\/td>\n<td><a href=\"https:\/\/cofecon.org.br\/transparencia\/files\/atos_normativos\/Del\/2012\/Del-2012(6).pdf\" target=\"_blank\" rel=\"noopener\"> Concede parcelamento de d\u00edvida &#8211; CORECON-MT <\/a><\/td>\n<\/tr>\n<tr>\n<td>\n<p align=\"center\">4.757<\/p>\n<\/td>\n<td><a href=\"https:\/\/cofecon.org.br\/transparencia\/files\/atos_normativos\/Del\/2012\/Del-2012(7).pdf\" target=\"_blank\" rel=\"noopener\"> Homologa Processos Cont\u00e1beis 640\u00aa Plen\u00e1ria <\/a><\/td>\n<\/tr>\n<tr>\n<td>\n<p align=\"center\">4.758<\/p>\n<\/td>\n<td><a href=\"https:\/\/cofecon.org.br\/transparencia\/files\/atos_normativos\/Del\/2012\/Del-2012(8).pdf\" target=\"_blank\" rel=\"noopener\"> Homologa Processos Administrativos 640\u00aa Plen\u00e1ria <\/a><\/td>\n<\/tr>\n<tr>\n<td>\n<p align=\"center\">4.759<\/p>\n<\/td>\n<td><a href=\"https:\/\/cofecon.org.br\/transparencia\/files\/atos_normativos\/Del\/2012\/Del-2012(9).pdf\" target=\"_blank\" rel=\"noopener\"> Corrige os valores das Tabelas Salariais <\/a><\/td>\n<\/tr>\n<tr>\n<td>\n<p align=\"center\">4.760<\/p>\n<\/td>\n<td><a href=\"https:\/\/cofecon.org.br\/transparencia\/files\/atos_normativos\/Del\/2012\/Del-2012(10).pdf\" target=\"_blank\" rel=\"noopener\"> Homologa Processos Cont\u00e1beis 641\u00aa Plen\u00e1rias <\/a><\/td>\n<\/tr>\n<tr>\n<td>\n<p align=\"center\">4.761<\/p>\n<\/td>\n<td><a href=\"https:\/\/cofecon.org.br\/transparencia\/files\/atos_normativos\/Del\/2012\/Del-2012(11).pdf\" target=\"_blank\" rel=\"noopener\"> Homologa Processos Administrativos 641\u00aa Plen\u00e1ria <\/a><\/td>\n<\/tr>\n<tr>\n<td>\n<p align=\"center\">4.762<\/p>\n<\/td>\n<td><a href=\"https:\/\/cofecon.org.br\/transparencia\/files\/atos_normativos\/Del\/2012\/Del-2012(12).pdf\" target=\"_blank\" rel=\"noopener\"> Concede auxilio financeiro ao XXVI ENE <\/a><\/td>\n<\/tr>\n<tr>\n<td>\n<p align=\"center\">4.763<\/p>\n<\/td>\n<td><a href=\"https:\/\/cofecon.org.br\/transparencia\/files\/atos_normativos\/Del\/2012\/Del-2012(13).pdf\" target=\"_blank\" rel=\"noopener\"> Homologa Processos Cont\u00e1beis dos Conselhos Regionais de Economia na 642\u00aa Sess\u00e3o Plen\u00e1ria <\/a><\/td>\n<\/tr>\n<tr>\n<td>\n<p align=\"center\">4.764<\/p>\n<\/td>\n<td><a href=\"https:\/\/cofecon.org.br\/transparencia\/files\/atos_normativos\/Del\/2012\/Del-2012(14).pdf\" target=\"_blank\" rel=\"noopener\"> Homologa processos administrativos apreciados na 642\u00aa Sess\u00e3o Plen\u00e1ria <\/a><\/td>\n<\/tr>\n<tr>\n<td>\n<p align=\"center\">4.765<\/p>\n<\/td>\n<td><a href=\"https:\/\/cofecon.org.br\/transparencia\/files\/atos_normativos\/Del\/2012\/Del-2012(15).pdf\" target=\"_blank\" rel=\"noopener\"> Concede apoio financeiro ao CORECON-GO para realiza\u00e7\u00e3o do da Semana do Economista 2012 <\/a><\/td>\n<\/tr>\n<tr>\n<td>\n<p align=\"center\">4.766<\/p>\n<\/td>\n<td><a href=\"https:\/\/cofecon.org.br\/transparencia\/files\/atos_normativos\/Del\/2012\/Del-2012(16).pdf\" target=\"_blank\" rel=\"noopener\"> Homologa os resultados do XVIII Pr\u00eamio Brasil de Economia-2012<\/a><\/td>\n<\/tr>\n<tr>\n<td>\n<p align=\"center\">4.767<\/p>\n<\/td>\n<td><a href=\"https:\/\/cofecon.org.br\/transparencia\/files\/atos_normativos\/Del\/2012\/Del-2012(17).pdf\" target=\"_blank\" rel=\"noopener\"> Homologa Processos Administrativos 643\u00ba Sess\u00e3o Plen\u00e1ria<\/a><\/td>\n<\/tr>\n<tr>\n<td>\n<p align=\"center\">4.768<\/p>\n<\/td>\n<td><a href=\"https:\/\/cofecon.org.br\/transparencia\/files\/atos_normativos\/Del\/2012\/Del-2012(18).pdf\" target=\"_blank\" rel=\"noopener\"> Homologa Processos Cont\u00e1beis 643\u00ba Sess\u00e3o Plen\u00e1ria<\/a><\/td>\n<\/tr>\n<tr>\n<td>\n<p align=\"center\">4.769<\/p>\n<\/td>\n<td><a href=\"https:\/\/cofecon.org.br\/transparencia\/files\/atos_normativos\/Del\/2012\/Del-2012(19).pdf\" target=\"_blank\" rel=\"noopener\"> Altera o Plano de Cargos e Sal\u00e1rios &#8211; PCS <\/a><\/td>\n<\/tr>\n<tr>\n<td>\n<p align=\"center\">4.770<\/p>\n<\/td>\n<td><a href=\"https:\/\/cofecon.org.br\/transparencia\/files\/atos_normativos\/Del\/2012\/Del-2012(20).pdf\" target=\"_blank\" rel=\"noopener\"> Cargos de Livre Provimento <\/a><\/td>\n<\/tr>\n<tr>\n<td>\n<p align=\"center\">4.771<\/p>\n<\/td>\n<td><a href=\"https:\/\/cofecon.org.br\/transparencia\/files\/atos_normativos\/Del\/2012\/Del-2012(21).pdf\" target=\"_blank\" rel=\"noopener\"> Homologa processos administrativos da 644\u00aa Plen\u00e1ria <\/a><\/td>\n<\/tr>\n<tr>\n<td>\n<p align=\"center\">4.772<\/p>\n<\/td>\n<td><a href=\"https:\/\/cofecon.org.br\/transparencia\/files\/atos_normativos\/Del\/2012\/Del-2012(22).pdf\" target=\"_blank\" rel=\"noopener\"> Homologa processos administrativos da 645\u00aa Plen\u00e1ria <\/a><\/td>\n<\/tr>\n<tr>\n<td>\n<p align=\"center\">4.773<\/p>\n<\/td>\n<td><a href=\"https:\/\/cofecon.org.br\/transparencia\/files\/atos_normativos\/Del\/2012\/Del-2012(23).pdf\" target=\"_blank\" rel=\"noopener\"> Homologa Dossi\u00eas Eleitorais &#8211; 2012 <\/a><\/td>\n<\/tr>\n<tr>\n<td>\n<p align=\"center\">4.774<\/p>\n<\/td>\n<td><a href=\"https:\/\/cofecon.org.br\/transparencia\/files\/atos_normativos\/Del\/2012\/Del-2012(24).pdf\" target=\"_blank\" rel=\"noopener\"> Declara nula elei\u00e7\u00e3o CORECON-PA <\/a><\/td>\n<\/tr>\n<tr>\n<td>\n<p align=\"center\">4.775<\/p>\n<\/td>\n<td><a href=\"https:\/\/cofecon.org.br\/transparencia\/files\/atos_normativos\/Del\/2012\/Del-2012(25).pdf\" target=\"_blank\" rel=\"noopener\"> Homologa processos cont\u00e1beis da 645\u00aa Plen\u00e1ria <\/a><\/td>\n<\/tr>\n<tr>\n<td>\n<p align=\"center\">4.776<\/p>\n<\/td>\n<td><a href=\"https:\/\/cofecon.org.br\/transparencia\/files\/atos_normativos\/Del\/2012\/Del-2012(26).pdf\" target=\"_blank\" rel=\"noopener\"> Homologa processos Administrativos &#8211; 646\u00aa Plen\u00e1ria <\/a><\/td>\n<\/tr>\n<tr>\n<td>\n<p align=\"center\">4.777<\/p>\n<\/td>\n<td><a href=\"https:\/\/cofecon.org.br\/transparencia\/files\/atos_normativos\/Del\/2012\/Del-2012(27).pdf\" target=\"_blank\" rel=\"noopener\"> Homologa Dossi\u00ea Eleitoral CORECON-AP <\/a><\/td>\n<\/tr>\n<tr>\n<td>\n<p align=\"center\">4.778<\/p>\n<\/td>\n<td><a href=\"https:\/\/cofecon.org.br\/transparencia\/files\/atos_normativos\/Del\/2012\/Del-2012(28).pdf\" target=\"_blank\" rel=\"noopener\"> Homologa processos cont\u00e1beis &#8211; 646\u00aa Plen\u00e1ria<\/a><\/td>\n<\/tr>\n<\/tbody>\n<\/table>\n<\/div>\t\t\t\t\t\t\t\t<\/div>\n\t\t\t\t<\/div>\n\t\t\t\t\t<\/div>\n\t\t<\/div>\n\t\t\t\t\t<\/div>\n\t\t<\/section>\n\t\t\t\t<\/div>\n\t\t","protected":false},"excerpt":{"rendered":"<p>Delibera\u00e7\u00f5es N\u00ba: Assunto: 4.751 Homologa Processos Administrativos 638\u00aa Sess\u00e3o Plen\u00e1ria 4.752 Concede parcelamento de d\u00edvida &#8211; CORECON-SE 4.753 Concede parcelamento de d\u00edvida &#8211; CORECON-MA 4.754 Homologa Processos Cont\u00e1beis 639\u00aa Sess\u00e3o Plen\u00e1ria 4.755 Homologa Processos Administrativos 639\u00aa Sess\u00e3o Plen\u00e1ria 4.756 Concede parcelamento de d\u00edvida &#8211; CORECON-MT 4.757 Homologa Processos Cont\u00e1beis 640\u00aa Plen\u00e1ria 4.758 Homologa Processos Administrativos &hellip; <a href=\"https:\/\/cofecon.org.br\/transparencia\/?page_id=287\" class=\"more-link\">Continue reading <span class=\"screen-reader-text\">Deliberacoes-2012<\/span><\/a><\/p>\n","protected":false},"author":11,"featured_media":0,"parent":9,"menu_order":0,"comment_status":"closed","ping_status":"closed","template":"","meta":{"footnotes":""},"class_list":["post-287","page","type-page","status-publish","hentry"],"_links":{"self":[{"href":"https:\/\/cofecon.org.br\/transparencia\/index.php?rest_route=\/wp\/v2\/pages\/287"}],"collection":[{"href":"https:\/\/cofecon.org.br\/transparencia\/index.php?rest_route=\/wp\/v2\/pages"}],"about":[{"href":"https:\/\/cofecon.org.br\/transparencia\/index.php?rest_route=\/wp\/v2\/types\/page"}],"author":[{"embeddable":true,"href":"https:\/\/cofecon.org.br\/transparencia\/index.php?rest_route=\/wp\/v2\/users\/11"}],"replies":[{"embeddable":true,"href":"https:\/\/cofecon.org.br\/transparencia\/index.php?rest_route=%2Fwp%2Fv2%2Fcomments&post=287"}],"version-history":[{"count":12,"href":"https:\/\/cofecon.org.br\/transparencia\/index.php?rest_route=\/wp\/v2\/pages\/287\/revisions"}],"predecessor-version":[{"id":10072,"href":"https:\/\/cofecon.org.br\/transparencia\/index.php?rest_route=\/wp\/v2\/pages\/287\/revisions\/10072"}],"up":[{"embeddable":true,"href":"https:\/\/cofecon.org.br\/transparencia\/index.php?rest_route=\/wp\/v2\/pages\/9"}],"wp:attachment":[{"href":"https:\/\/cofecon.org.br\/transparencia\/index.php?rest_route=%2Fwp%2Fv2%2Fmedia&parent=287"}],"curies":[{"name":"wp","href":"https:\/\/api.w.org\/{rel}","templated":true}]}}