{"id":251,"date":"2017-04-03T18:34:10","date_gmt":"2017-04-03T18:34:10","guid":{"rendered":"http:\/\/cofecon.org.br\/transparencia\/?page_id=251"},"modified":"2026-04-14T19:49:03","modified_gmt":"2026-04-14T19:49:03","slug":"resolucoes-2008","status":"publish","type":"page","link":"https:\/\/cofecon.org.br\/transparencia\/?page_id=251","title":{"rendered":"Resolucoes-2008"},"content":{"rendered":"\t\t<div data-elementor-type=\"wp-page\" data-elementor-id=\"251\" class=\"elementor elementor-251\">\n\t\t\t\t\t\t<section class=\"elementor-section elementor-top-section elementor-element elementor-element-2cb26150 elementor-section-boxed elementor-section-height-default elementor-section-height-default\" data-id=\"2cb26150\" data-element_type=\"section\">\n\t\t\t\t\t\t<div class=\"elementor-container elementor-column-gap-default\">\n\t\t\t\t\t<div class=\"elementor-column elementor-col-100 elementor-top-column elementor-element elementor-element-3e7f9bbc\" data-id=\"3e7f9bbc\" data-element_type=\"column\">\n\t\t\t<div class=\"elementor-widget-wrap elementor-element-populated\">\n\t\t\t\t\t\t<div class=\"elementor-element elementor-element-47a39eba elementor-widget elementor-widget-text-editor\" data-id=\"47a39eba\" data-element_type=\"widget\" data-widget_type=\"text-editor.default\">\n\t\t\t\t<div class=\"elementor-widget-container\">\n\t\t\t\t\t\t\t\t\t<div align=\"center\">\n<table border=\"0\" align=\"center\">\n<tbody>\n<tr>\n<th scope=\"row\" align=\"center\" valign=\"middle\">\n<p align=\"center\"><strong><span style=\"text-decoration: underline;\"><span style=\"font-size: 10pt;\">Resolu\u00e7\u00f5es.n\u00ba:<\/span><\/span><\/strong><\/p>\n<\/th>\n<th scope=\"row\" align=\"center\" valign=\"middle\">\n<p align=\"center\"><strong><span style=\"text-decoration: underline;\"><span style=\"font-size: 10pt;\">Assunto:<\/span><\/span><\/strong><\/p>\n<\/th>\n<\/tr>\n<tr>\n<td>\n<p align=\"center\">\u00a01.793<\/p>\n<\/td>\n<td>\u00a0<a href=\"https:\/\/cofecon.org.br\/transparencia\/files\/atos_normativos\/Res\/2008\/Res-2008.pdf\" target=\"_blank\" rel=\"noopener\">Altera prazo anuidades para o CORECON-AL<\/a><\/td>\n<\/tr>\n<tr>\n<td>\n<p align=\"center\">\u00a01.794<\/p>\n<\/td>\n<td>\u00a0<a href=\"https:\/\/cofecon.org.br\/transparencia\/files\/atos_normativos\/Res\/2008\/Res-2008%20(1).pdf\" target=\"_blank\" rel=\"noopener\">Altera o Cap\u00edtulo 5.1.1 &#8211; Regimento Interno COFECON<\/a><\/td>\n<\/tr>\n<tr>\n<td>\n<p align=\"center\">\u00a01.795<\/p>\n<\/td>\n<td>\u00a0<a href=\"https:\/\/cofecon.org.br\/transparencia\/files\/atos_normativos\/Res\/2008\/Res-2008%20(2).pdf\" target=\"_blank\" rel=\"noopener\">Designa Comiss\u00e3o Eleitoral para o pleito de 2008 &#8211; CORECON-AL<\/a><\/td>\n<\/tr>\n<tr>\n<td>\n<p align=\"center\">\u00a01.796<\/p>\n<\/td>\n<td>\u00a0<a href=\"https:\/\/cofecon.org.br\/transparencia\/files\/atos_normativos\/Res\/2008\/Res-2008%20(3).pdf\" target=\"_blank\" rel=\"noopener\">Aprova o Processo Eleitoral de 2008 do CORECON-AL<\/a><\/td>\n<\/tr>\n<tr>\n<td>\n<p align=\"center\">\u00a01.797<\/p>\n<\/td>\n<td>\u00a0<a href=\"https:\/\/cofecon.org.br\/transparencia\/files\/atos_normativos\/Res\/2008\/Res-2008%20(4).pdf\" target=\"_blank\" rel=\"noopener\">Disciplina a utiliza\u00e7\u00e3o de di\u00e1rias<\/a><\/td>\n<\/tr>\n<tr>\n<td>\n<p align=\"center\">\u00a01.798<\/p>\n<\/td>\n<td>\u00a0<a href=\"https:\/\/cofecon.org.br\/transparencia\/files\/atos_normativos\/Res\/2008\/Res-2008%20(5).pdf\" target=\"_blank\" rel=\"noopener\">Altera o subitem 43.1 do Cap\u00edtulo 6.4 da Consolida\u00e7\u00e3o<\/a><\/td>\n<\/tr>\n<tr>\n<td>\n<p align=\"center\">\u00a01.799<\/p>\n<\/td>\n<td>\u00a0<a href=\"https:\/\/cofecon.org.br\/transparencia\/files\/atos_normativos\/Res\/2008\/Res-2008%20(6).pdf\" target=\"_blank\" rel=\"noopener\">Altera\u00e7\u00e3o de Prazo para envio de pe\u00e7as cont\u00e1beis constante no Cap\u00edtulo 5.2 &#8211; Item 14 da consolida\u00e7\u00e3o<\/a><\/td>\n<\/tr>\n<tr>\n<td>\n<p align=\"center\">\u00a01.800<\/p>\n<\/td>\n<td>\u00a0<a href=\"https:\/\/cofecon.org.br\/transparencia\/files\/atos_normativos\/Res\/2008\/Res-2008%20(7).pdf\" target=\"_blank\" rel=\"noopener\">Atualiza o Cap\u00edtulo 5.3.2 da Consolida\u00e7\u00e3o da Regulamenta\u00e7\u00e3o \nProfissional do Economista, que disp\u00f5e sobre os valores das \nContribui\u00e7\u00f5es Parafiscais-Anuidades devidos aos Conselhos \nde Economia pelas pessoas f\u00edsicas e jur\u00eddicas, para o exerc\u00edcio \nde 2009 e d\u00e1 outras provid\u00eancias. <\/a><\/td>\n<\/tr>\n<tr>\n<td>\n<p align=\"center\">\u00a01.801<\/p>\n<\/td>\n<td>\u00a0<a href=\"https:\/\/cofecon.org.br\/transparencia\/files\/atos_normativos\/Res\/2008\/Res-2008%20(8).pdf\" target=\"_blank\" rel=\"noopener\">Cap\u00edtulo 5.3.3 &#8211; Taxas e Emolumentos<\/a><\/td>\n<\/tr>\n<tr>\n<td>\n<p align=\"center\">\u00a01.802<\/p>\n<\/td>\n<td>\u00a0<a href=\"https:\/\/cofecon.org.br\/transparencia\/files\/atos_normativos\/Res\/2008\/Res-2008%20(9).pdf\" target=\"_blank\" rel=\"noopener\">Disciplina a Elei\u00e7\u00e3o de Conselheiros Federais- Assembl\u00e9ia de Delegados Eleitores<\/a><\/td>\n<\/tr>\n<tr>\n<td>\n<p align=\"center\">\u00a01.803<\/p>\n<\/td>\n<td>\u00a0<a href=\"https:\/\/cofecon.org.br\/transparencia\/files\/atos_normativos\/Res\/2008\/Res-2008%20(10).pdf\" target=\"_blank\" rel=\"noopener\">Altera o Cap\u00edtulo 5.1.1<\/a><\/td>\n<\/tr>\n<tr>\n<td>\n<p align=\"center\">\u00a01.804<\/p>\n<\/td>\n<td>\u00a0<a href=\"https:\/\/cofecon.org.br\/transparencia\/files\/atos_normativos\/Res\/2008\/Res-2008%20(11).pdf\" target=\"_blank\" rel=\"noopener\">Cap\u00edtulo 5.1.2 &#8211; Regimento Interno CORECONs<\/a><\/td>\n<\/tr>\n<tr>\n<td>\n<p align=\"center\">\u00a01.805<\/p>\n<\/td>\n<td>\u00a0<a href=\"https:\/\/cofecon.org.br\/transparencia\/files\/atos_normativos\/Res\/2008\/Res-2008%20(12).pdf\" target=\"_blank\" rel=\"noopener\">Assembl\u00e9ia Geral de Delegados Eleitores &#8211; 2008<\/a><\/td>\n<\/tr>\n<tr>\n<td>\n<p align=\"center\">\u00a01.806<\/p>\n<\/td>\n<td>\u00a0<a href=\"https:\/\/cofecon.org.br\/transparencia\/files\/atos_normativos\/Res\/2008\/Res-2008%20(13).pdf\" target=\"_blank\" rel=\"noopener\">Altera o Cap\u00edtulo 5.1.4<\/a><\/td>\n<\/tr>\n<tr>\n<td>\n<p align=\"center\">\u00a01.806-Anexo<\/p>\n<\/td>\n<td>\u00a0<a href=\"https:\/\/cofecon.org.br\/transparencia\/files\/atos_normativos\/Res\/2008\/Res-2008%20(14).pdf\" target=\"_blank\" rel=\"noopener\">Anexo &#8211; Altera o Cap\u00edtulo 5.1.4<\/a><\/td>\n<\/tr>\n<\/tbody>\n<\/table>\n<\/div>\t\t\t\t\t\t\t\t<\/div>\n\t\t\t\t<\/div>\n\t\t\t\t\t<\/div>\n\t\t<\/div>\n\t\t\t\t\t<\/div>\n\t\t<\/section>\n\t\t\t\t<\/div>\n\t\t","protected":false},"excerpt":{"rendered":"<p>Resolu\u00e7\u00f5es.n\u00ba: Assunto: \u00a01.793 \u00a0Altera prazo anuidades para o CORECON-AL \u00a01.794 \u00a0Altera o Cap\u00edtulo 5.1.1 &#8211; Regimento Interno COFECON \u00a01.795 \u00a0Designa Comiss\u00e3o Eleitoral para o pleito de 2008 &#8211; CORECON-AL \u00a01.796 \u00a0Aprova o Processo Eleitoral de 2008 do CORECON-AL \u00a01.797 \u00a0Disciplina a utiliza\u00e7\u00e3o de di\u00e1rias \u00a01.798 \u00a0Altera o subitem 43.1 do Cap\u00edtulo 6.4 da Consolida\u00e7\u00e3o \u00a01.799 &hellip; <a href=\"https:\/\/cofecon.org.br\/transparencia\/?page_id=251\" class=\"more-link\">Continue reading <span class=\"screen-reader-text\">Resolucoes-2008<\/span><\/a><\/p>\n","protected":false},"author":11,"featured_media":0,"parent":9,"menu_order":0,"comment_status":"closed","ping_status":"closed","template":"","meta":{"footnotes":""},"class_list":["post-251","page","type-page","status-publish","hentry"],"_links":{"self":[{"href":"https:\/\/cofecon.org.br\/transparencia\/index.php?rest_route=\/wp\/v2\/pages\/251"}],"collection":[{"href":"https:\/\/cofecon.org.br\/transparencia\/index.php?rest_route=\/wp\/v2\/pages"}],"about":[{"href":"https:\/\/cofecon.org.br\/transparencia\/index.php?rest_route=\/wp\/v2\/types\/page"}],"author":[{"embeddable":true,"href":"https:\/\/cofecon.org.br\/transparencia\/index.php?rest_route=\/wp\/v2\/users\/11"}],"replies":[{"embeddable":true,"href":"https:\/\/cofecon.org.br\/transparencia\/index.php?rest_route=%2Fwp%2Fv2%2Fcomments&post=251"}],"version-history":[{"count":11,"href":"https:\/\/cofecon.org.br\/transparencia\/index.php?rest_route=\/wp\/v2\/pages\/251\/revisions"}],"predecessor-version":[{"id":10680,"href":"https:\/\/cofecon.org.br\/transparencia\/index.php?rest_route=\/wp\/v2\/pages\/251\/revisions\/10680"}],"up":[{"embeddable":true,"href":"https:\/\/cofecon.org.br\/transparencia\/index.php?rest_route=\/wp\/v2\/pages\/9"}],"wp:attachment":[{"href":"https:\/\/cofecon.org.br\/transparencia\/index.php?rest_route=%2Fwp%2Fv2%2Fmedia&parent=251"}],"curies":[{"name":"wp","href":"https:\/\/api.w.org\/{rel}","templated":true}]}}