{"id":249,"date":"2017-04-03T18:33:29","date_gmt":"2017-04-03T18:33:29","guid":{"rendered":"http:\/\/cofecon.org.br\/transparencia\/?page_id=249"},"modified":"2026-04-14T19:50:06","modified_gmt":"2026-04-14T19:50:06","slug":"resolucoes-2009","status":"publish","type":"page","link":"https:\/\/cofecon.org.br\/transparencia\/?page_id=249","title":{"rendered":"Resolucoes-2009"},"content":{"rendered":"\t\t<div data-elementor-type=\"wp-page\" data-elementor-id=\"249\" class=\"elementor elementor-249\">\n\t\t\t\t\t\t<section class=\"elementor-section elementor-top-section elementor-element elementor-element-29d7833a elementor-section-boxed elementor-section-height-default elementor-section-height-default\" data-id=\"29d7833a\" data-element_type=\"section\">\n\t\t\t\t\t\t<div class=\"elementor-container elementor-column-gap-default\">\n\t\t\t\t\t<div class=\"elementor-column elementor-col-100 elementor-top-column elementor-element elementor-element-614cc7\" data-id=\"614cc7\" data-element_type=\"column\">\n\t\t\t<div class=\"elementor-widget-wrap elementor-element-populated\">\n\t\t\t\t\t\t<div class=\"elementor-element elementor-element-70c90874 elementor-widget elementor-widget-text-editor\" data-id=\"70c90874\" data-element_type=\"widget\" data-widget_type=\"text-editor.default\">\n\t\t\t\t<div class=\"elementor-widget-container\">\n\t\t\t\t\t\t\t\t\t<div align=\"center\">\n<table border=\"0\" align=\"center\">\n<tbody>\n<tr>\n<th scope=\"row\" align=\"center\" valign=\"middle\">\n<p align=\"center\"><strong><span style=\"text-decoration: underline;\"><span style=\"font-size: 10pt;\">Resolu\u00e7\u00f5es.n\u00ba:<\/span><\/span><\/strong><\/p>\n<\/th>\n<th scope=\"row\" align=\"center\" valign=\"middle\">\n<p align=\"center\"><strong><span style=\"text-decoration: underline;\"><span style=\"font-size: 10pt;\">Assunto:<\/span><\/span><\/strong><\/p>\n<\/th>\n<\/tr>\n<tr>\n<td>\n<p align=\"center\">\u00a01.807<\/p>\n<\/td>\n<td>\u00a0<a href=\"https:\/\/cofecon.org.br\/transparencia\/files\/atos_normativos\/Res\/2009\/Res-2009.pdf\" target=\"_blank\" rel=\"noopener\">Altera o item 7 do Cap\u00edtulo 6.1.1.1<\/a><\/td>\n<\/tr>\n<tr>\n<td>\n<p align=\"center\">\u00a01.807-Anexo<\/p>\n<\/td>\n<td>\u00a0<a href=\"https:\/\/cofecon.org.br\/transparencia\/files\/atos_normativos\/Res\/2009\/Res-2009%20(1).pdf\" target=\"_blank\" rel=\"noopener\">Anexo &#8211; Cap\u00edtulo 6.1.1.1<\/a><\/td>\n<\/tr>\n<tr>\n<td>\n<p align=\"center\">\u00a01.808<\/p>\n<\/td>\n<td>\u00a0<a href=\"https:\/\/cofecon.org.br\/transparencia\/files\/atos_normativos\/Res\/2009\/Res-2009%20(2).pdf\" target=\"_blank\" rel=\"noopener\">Revoga o Artigo 1\u00ba da Resolu\u00e7\u00e3o n\u00ba 1.805-2008<\/a><\/td>\n<\/tr>\n<tr>\n<td>\n<p align=\"center\">\u00a01.809<\/p>\n<\/td>\n<td>\u00a0<a href=\"https:\/\/cofecon.org.br\/transparencia\/files\/atos_normativos\/Res\/2009\/Res-2009%20(3).pdf\" target=\"_blank\" rel=\"noopener\">Declara revogada a Resolu\u00e7\u00e3o n\u00ba 1.802<\/a><\/td>\n<\/tr>\n<tr>\n<td>\n<p align=\"center\">\u00a01.810<\/p>\n<\/td>\n<td>\u00a0<a href=\"https:\/\/cofecon.org.br\/transparencia\/files\/atos_normativos\/Res\/2009\/Res-2009%20(4).pdf\" target=\"_blank\" rel=\"noopener\">Institui Cargos de Livre Provimento &#8211; PCS COFECON<\/a><\/td>\n<\/tr>\n<tr>\n<td>\n<p align=\"center\">\u00a01.811<\/p>\n<\/td>\n<td>\u00a0<a href=\"https:\/\/cofecon.org.br\/transparencia\/files\/atos_normativos\/Res\/2009\/Res-2009%20(5).pdf\" target=\"_blank\" rel=\"noopener\">Cria e determina a instala\u00e7\u00e3o do \nCORECON-RR e d\u00e1 outras \nprovid\u00eancias. <\/a><\/td>\n<\/tr>\n<tr>\n<td>\n<p align=\"center\">\u00a01.812<\/p>\n<\/td>\n<td>\u00a0<a href=\"https:\/\/cofecon.org.br\/transparencia\/files\/atos_normativos\/Res\/2009\/Res-2009%20(6).pdf\" target=\"_blank\" rel=\"noopener\">Revoga Art. 2\u00ba da Resolu\u00e7\u00e3o 1807<\/a><\/td>\n<\/tr>\n<tr>\n<td>\n<p align=\"center\">\u00a01.812-Anexo<\/p>\n<\/td>\n<td>\u00a0<a href=\"https:\/\/cofecon.org.br\/transparencia\/files\/atos_normativos\/Res\/2009\/Res-2009%20(7).pdf\" target=\"_blank\" rel=\"noopener\">Revoga Art. 2\u00ba da Resolu\u00e7\u00e3o 1807<\/a><\/td>\n<\/tr>\n<tr>\n<td>\n<p align=\"center\">\u00a01.813<\/p>\n<\/td>\n<td>\u00a0<a href=\"https:\/\/cofecon.org.br\/transparencia\/files\/atos_normativos\/Res\/2009\/Res-2009%20(8).pdf\" target=\"_blank\" rel=\"noopener\">Instru\u00e7\u00f5es Eleitorais e Edital de Convoca\u00e7\u00e3o<\/a><\/td>\n<\/tr>\n<tr>\n<td>\n<p align=\"center\">\u00a01.814<\/p>\n<\/td>\n<td>\u00a0<a href=\"https:\/\/cofecon.org.br\/transparencia\/files\/atos_normativos\/Res\/2009\/Res-2009%20(9).pdf\" target=\"_blank\" rel=\"noopener\">Institui o PAI<\/a><\/td>\n<\/tr>\n<tr>\n<td>\n<p align=\"center\">\u00a01.815<\/p>\n<\/td>\n<td>\u00a0<a href=\"https:\/\/cofecon.org.br\/transparencia\/files\/atos_normativos\/Res\/2009\/Res-2009%20(10).pdf\" target=\"_blank\" rel=\"noopener\">XV PBE<\/a><\/td>\n<\/tr>\n<tr>\n<td>\n<p align=\"center\">\u00a01.816<\/p>\n<\/td>\n<td>\u00a0<a href=\"https:\/\/cofecon.org.br\/transparencia\/files\/atos_normativos\/Res\/2009\/Res-2009%20(11).pdf\" target=\"_blank\" rel=\"noopener\">Altera o cap\u00edtulo 6.1.1.2<\/a><\/td>\n<\/tr>\n<tr>\n<td>\n<p align=\"center\">\u00a01.817<\/p>\n<\/td>\n<td>\u00a0<span style=\"color: #000000;\"><a href=\"https:\/\/cofecon.org.br\/transparencia\/files\/atos_normativos\/Res\/2009\/Res-2009%20(12).pdf\" target=\"_blank\" rel=\"noopener\">Pr\u00eamio Personalidade Econ\u00f4mica do Ano<\/a><\/span><\/td>\n<\/tr>\n<tr>\n<td>\n<p align=\"center\">\u00a01.818<\/p>\n<\/td>\n<td>\u00a0<span style=\"color: #000000;\"><a href=\"https:\/\/cofecon.org.br\/transparencia\/files\/atos_normativos\/Res\/2009\/Res-2009%20(13).pdf\" target=\"_blank\" rel=\"noopener\">Altera o valor das di\u00e1rias<\/a><\/span><\/td>\n<\/tr>\n<tr>\n<td>\n<p align=\"center\">\u00a01.819<\/p>\n<\/td>\n<td>\u00a0<a href=\"https:\/\/cofecon.org.br\/transparencia\/files\/atos_normativos\/Res\/2009\/Res-2009%20(14).pdf\" target=\"_blank\" rel=\"noopener\">Atualiza os Cap\u00edtulos 5.3.2 e 5.3.3<\/a><\/td>\n<\/tr>\n<tr>\n<td>\n<p align=\"center\">\u00a01.820<\/p>\n<\/td>\n<td>\u00a0<a href=\"https:\/\/cofecon.org.br\/transparencia\/files\/atos_normativos\/Res\/2009\/Res-2009%20(15).pdf\" target=\"_blank\" rel=\"noopener\">Atualiza e cria itens do Cap\u00edtulo 5.3.2<\/a><\/td>\n<\/tr>\n<tr>\n<td>\n<p align=\"center\">\u00a01.821<\/p>\n<\/td>\n<td>\u00a0<a href=\"https:\/\/cofecon.org.br\/transparencia\/files\/atos_normativos\/Res\/2009\/Res-2009%20(16).pdf\" target=\"_blank\" rel=\"noopener\">Altera o Item 2.1.1 do Cap\u00edtulo 5.3.3<\/a><\/td>\n<\/tr>\n<tr>\n<td>\n<p align=\"center\">\u00a01.821-Anexo<\/p>\n<\/td>\n<td>\u00a0<a href=\"https:\/\/cofecon.org.br\/transparencia\/files\/atos_normativos\/Res\/2009\/Res-2009%20(17).pdf\" target=\"_blank\" rel=\"noopener\">Taxas e Emolumentos para 2010<\/a><\/td>\n<\/tr>\n<tr>\n<td>\n<p align=\"center\">\u00a01.822<\/p>\n<\/td>\n<td>\u00a0<a href=\"https:\/\/cofecon.org.br\/transparencia\/files\/atos_normativos\/Res\/2009\/Res-2009%20(18).pdf\" target=\"_blank\" rel=\"noopener\">Altera\u00e7\u00e3o da composi\u00e7\u00e3o do Plen\u00e1rio do COFECON<\/a><\/td>\n<\/tr>\n<\/tbody>\n<\/table>\n<\/div>\t\t\t\t\t\t\t\t<\/div>\n\t\t\t\t<\/div>\n\t\t\t\t\t<\/div>\n\t\t<\/div>\n\t\t\t\t\t<\/div>\n\t\t<\/section>\n\t\t\t\t<\/div>\n\t\t","protected":false},"excerpt":{"rendered":"<p>Resolu\u00e7\u00f5es.n\u00ba: Assunto: \u00a01.807 \u00a0Altera o item 7 do Cap\u00edtulo 6.1.1.1 \u00a01.807-Anexo \u00a0Anexo &#8211; Cap\u00edtulo 6.1.1.1 \u00a01.808 \u00a0Revoga o Artigo 1\u00ba da Resolu\u00e7\u00e3o n\u00ba 1.805-2008 \u00a01.809 \u00a0Declara revogada a Resolu\u00e7\u00e3o n\u00ba 1.802 \u00a01.810 \u00a0Institui Cargos de Livre Provimento &#8211; PCS COFECON \u00a01.811 \u00a0Cria e determina a instala\u00e7\u00e3o do CORECON-RR e d\u00e1 outras provid\u00eancias. \u00a01.812 \u00a0Revoga Art. &hellip; <a href=\"https:\/\/cofecon.org.br\/transparencia\/?page_id=249\" class=\"more-link\">Continue reading <span class=\"screen-reader-text\">Resolucoes-2009<\/span><\/a><\/p>\n","protected":false},"author":11,"featured_media":0,"parent":9,"menu_order":0,"comment_status":"closed","ping_status":"closed","template":"","meta":{"footnotes":""},"class_list":["post-249","page","type-page","status-publish","hentry"],"_links":{"self":[{"href":"https:\/\/cofecon.org.br\/transparencia\/index.php?rest_route=\/wp\/v2\/pages\/249"}],"collection":[{"href":"https:\/\/cofecon.org.br\/transparencia\/index.php?rest_route=\/wp\/v2\/pages"}],"about":[{"href":"https:\/\/cofecon.org.br\/transparencia\/index.php?rest_route=\/wp\/v2\/types\/page"}],"author":[{"embeddable":true,"href":"https:\/\/cofecon.org.br\/transparencia\/index.php?rest_route=\/wp\/v2\/users\/11"}],"replies":[{"embeddable":true,"href":"https:\/\/cofecon.org.br\/transparencia\/index.php?rest_route=%2Fwp%2Fv2%2Fcomments&post=249"}],"version-history":[{"count":11,"href":"https:\/\/cofecon.org.br\/transparencia\/index.php?rest_route=\/wp\/v2\/pages\/249\/revisions"}],"predecessor-version":[{"id":10683,"href":"https:\/\/cofecon.org.br\/transparencia\/index.php?rest_route=\/wp\/v2\/pages\/249\/revisions\/10683"}],"up":[{"embeddable":true,"href":"https:\/\/cofecon.org.br\/transparencia\/index.php?rest_route=\/wp\/v2\/pages\/9"}],"wp:attachment":[{"href":"https:\/\/cofecon.org.br\/transparencia\/index.php?rest_route=%2Fwp%2Fv2%2Fmedia&parent=249"}],"curies":[{"name":"wp","href":"https:\/\/api.w.org\/{rel}","templated":true}]}}