{"id":231,"date":"2017-04-03T17:49:51","date_gmt":"2017-04-03T17:49:51","guid":{"rendered":"http:\/\/cofecon.org.br\/transparencia\/?page_id=231"},"modified":"2026-03-30T18:28:06","modified_gmt":"2026-03-30T18:28:06","slug":"portarias-2006","status":"publish","type":"page","link":"https:\/\/cofecon.org.br\/transparencia\/?page_id=231","title":{"rendered":"Portarias-2006"},"content":{"rendered":"\t\t<div data-elementor-type=\"wp-page\" data-elementor-id=\"231\" class=\"elementor elementor-231\">\n\t\t\t\t\t\t<section class=\"elementor-section elementor-top-section elementor-element elementor-element-3ec219ac elementor-section-boxed elementor-section-height-default elementor-section-height-default\" data-id=\"3ec219ac\" data-element_type=\"section\">\n\t\t\t\t\t\t<div class=\"elementor-container elementor-column-gap-default\">\n\t\t\t\t\t<div class=\"elementor-column elementor-col-100 elementor-top-column elementor-element elementor-element-3298a0b0\" data-id=\"3298a0b0\" data-element_type=\"column\">\n\t\t\t<div class=\"elementor-widget-wrap elementor-element-populated\">\n\t\t\t\t\t\t<div class=\"elementor-element elementor-element-32df371e elementor-widget elementor-widget-text-editor\" data-id=\"32df371e\" data-element_type=\"widget\" data-widget_type=\"text-editor.default\">\n\t\t\t\t<div class=\"elementor-widget-container\">\n\t\t\t\t\t\t\t\t\t<div align=\"center\">\n<table border=\"0\" align=\"center\">\n<tbody>\n<tr>\n<td width=\"117\" height=\"20\"><strong><u><span style=\"font-size: 10pt;\">Portarias N\u00ba:<\/span><\/u><\/strong><\/td>\n<td width=\"665\"><strong><u><span style=\"font-size: 10pt;\">Assunto<\/span><\/u><\/strong><\/td>\n<\/tr>\n<tr>\n<td height=\"20\">\n<div align=\"center\">1<\/div><\/td>\n<td><a href=\"https:\/\/cofecon.org.br\/transparencia\/files\/atos_normativos\/Port\/2006\/Por-2006.pdf\" target=\"_blank\" rel=\"noopener\">Designa Val\u00e9ria Moraes para movimentar fundo fixo<\/a><\/td>\n<\/tr>\n<tr>\n<td height=\"20\">\n<div align=\"center\">2<\/div><\/td>\n<td><a href=\"https:\/\/cofecon.org.br\/transparencia\/files\/atos_normativos\/Port\/2006\/Por-2006%20(1).pdf\" target=\"_blank\" rel=\"noopener\">Limites e controle com despesas de viagem<\/a><\/td>\n<\/tr>\n<tr>\n<td height=\"20\">\n<div align=\"center\">3<\/div><\/td>\n<td><a href=\"https:\/\/cofecon.org.br\/transparencia\/files\/atos_normativos\/Port\/2006\/Por-2006%20(2).pdf\" target=\"_blank\" rel=\"noopener\">Cria Comiss\u00e3o Consultiva<\/a><\/td>\n<\/tr>\n<tr>\n<td height=\"20\">\n<div align=\"center\">4<\/div><\/td>\n<td><a href=\"https:\/\/cofecon.org.br\/transparencia\/files\/atos_normativos\/Port\/2006\/Por-2006%20(3).pdf\" target=\"_blank\" rel=\"noopener\">Inclui integrantes da Comiss\u00e3o Consultiva<\/a><\/td>\n<\/tr>\n<tr>\n<td height=\"20\">\n<div align=\"center\">5<\/div><\/td>\n<td><a href=\"https:\/\/cofecon.org.br\/transparencia\/files\/atos_normativos\/Port\/2006\/Por-2006%20(4).pdf\" target=\"_blank\" rel=\"noopener\">Convoca integrante da Comiss\u00e3o Consultiva<\/a><\/td>\n<\/tr>\n<tr>\n<td height=\"20\">\n<div align=\"center\">6<\/div><\/td>\n<td><a href=\"https:\/\/cofecon.org.br\/transparencia\/files\/atos_normativos\/Port\/2006\/Por-2006%20(5).pdf\" target=\"_blank\" rel=\"noopener\">Composi\u00e7\u00e3o da CTC<\/a><\/td>\n<\/tr>\n<tr>\n<td height=\"20\">\n<div align=\"center\">7<\/div><\/td>\n<td><a href=\"https:\/\/cofecon.org.br\/transparencia\/files\/atos_normativos\/Port\/2006\/Por-2006%20(6).pdf\" target=\"_blank\" rel=\"noopener\">Composi\u00e7\u00e3o Comiss\u00e3o de Licita\u00e7\u00e3o<\/a><\/td>\n<\/tr>\n<tr>\n<td height=\"20\">\n<div align=\"center\">8<\/div><\/td>\n<td><a href=\"https:\/\/cofecon.org.br\/transparencia\/files\/atos_normativos\/Port\/2006\/Por-2006%20(7).pdf\" target=\"_blank\" rel=\"noopener\">Convoca integrante da Comiss\u00e3o Consultiva<\/a><\/td>\n<\/tr>\n<tr>\n<td height=\"20\">\n<div align=\"center\">9<\/div><\/td>\n<td><a href=\"https:\/\/cofecon.org.br\/transparencia\/files\/atos_normativos\/Port\/2006\/Por-2006%20(8).pdf\" target=\"_blank\" rel=\"noopener\">Delega compet\u00eancia ao Coordenador T\u00e9cnico<\/a><\/td>\n<\/tr>\n<tr>\n<td height=\"20\">\n<div align=\"center\">10<\/div><\/td>\n<td><a href=\"https:\/\/cofecon.org.br\/transparencia\/files\/atos_normativos\/Port\/2006\/Por-2006%20(9).pdf\" target=\"_blank\" rel=\"noopener\">Pedidos de orienta\u00e7\u00e3o<\/a><\/td>\n<\/tr>\n<tr>\n<td height=\"20\">\n<div align=\"center\">11<\/div><\/td>\n<td><a href=\"https:\/\/cofecon.org.br\/transparencia\/files\/atos_normativos\/Port\/2006\/Por-2006%20(10).pdf\" target=\"_blank\" rel=\"noopener\">Exonera Antonio Guerra<\/a><\/td>\n<\/tr>\n<tr>\n<td height=\"20\">\n<div align=\"center\">12<\/div><\/td>\n<td><a href=\"https:\/\/cofecon.org.br\/transparencia\/files\/atos_normativos\/Port\/2006\/Por-2006%20(11).pdf\" target=\"_blank\" rel=\"noopener\">Portaria colaborador SINCE<\/a><\/td>\n<\/tr>\n<tr>\n<td height=\"20\">\n<div align=\"center\">13<\/div><\/td>\n<td><a href=\"https:\/\/cofecon.org.br\/transparencia\/files\/atos_normativos\/Port\/2006\/Por-2006%20(12).pdf\" target=\"_blank\" rel=\"noopener\">Relatores das Comiss\u00f5es<\/a><\/td>\n<\/tr>\n<tr>\n<td height=\"20\">\n<div align=\"center\">14<\/div><\/td>\n<td><a href=\"https:\/\/cofecon.org.br\/transparencia\/files\/atos_normativos\/Port\/2006\/Por-2006%20(13).pdf\" target=\"_blank\" rel=\"noopener\">Estabelece crit\u00e9rios e procedimentos para o processo interno de execu\u00e7\u00e3o da despesa<\/a><\/td>\n<\/tr>\n<tr>\n<td height=\"20\">\n<div align=\"center\">15<\/div><\/td>\n<td><a href=\"https:\/\/cofecon.org.br\/transparencia\/files\/atos_normativos\/Port\/2006\/Por-2006%20(14).pdf\" target=\"_blank\" rel=\"noopener\">Delega compet\u00eancia a dirigente e empregados<\/a><\/td>\n<\/tr>\n<tr>\n<td height=\"20\">\n<div align=\"center\">16<\/div><\/td>\n<td><a href=\"https:\/\/cofecon.org.br\/transparencia\/files\/atos_normativos\/Port\/2006\/Por-2006%20(15).pdf\" target=\"_blank\" rel=\"noopener\">Estabelece procedimentos para orienta\u00e7\u00e3o<\/a><\/td>\n<\/tr>\n<tr>\n<td height=\"20\">\n<div align=\"center\">17<\/div><\/td>\n<td><a href=\"https:\/\/cofecon.org.br\/transparencia\/files\/atos_normativos\/Port\/2006\/Por-2006%20(16).pdf\" target=\"_blank\" rel=\"noopener\">Composi\u00e7\u00e3o da Comiss\u00e3o de Doa\u00e7\u00e3o<\/a><\/td>\n<\/tr>\n<tr>\n<td height=\"20\">\n<div align=\"center\">17-A<\/div><\/td>\n<td><a href=\"https:\/\/cofecon.org.br\/transparencia\/files\/atos_normativos\/Port\/2006\/Por-2006%20(17).pdf\" target=\"_blank\" rel=\"noopener\">Convoca colaborador M\u00e1ximo Porto Seleme<\/a><\/td>\n<\/tr>\n<tr>\n<td height=\"20\">\n<div align=\"center\">18<\/div><\/td>\n<td><a href=\"https:\/\/cofecon.org.br\/transparencia\/files\/atos_normativos\/Port\/2006\/Por-2006%20(18).pdf\" target=\"_blank\" rel=\"noopener\">Execu\u00e7\u00e3o fiscal interestadual<\/a><\/td>\n<\/tr>\n<tr>\n<td height=\"20\">\n<div align=\"center\">19<\/div><\/td>\n<td><a href=\"https:\/\/cofecon.org.br\/transparencia\/files\/atos_normativos\/Port\/2006\/Por-2006%20(19).pdf\" target=\"_blank\" rel=\"noopener\">Convoca integrante da Comiss\u00e3o Consultiva<\/a><\/td>\n<\/tr>\n<tr>\n<td height=\"20\">\n<div align=\"center\">20<\/div><\/td>\n<td><a href=\"https:\/\/cofecon.org.br\/transparencia\/files\/atos_normativos\/Port\/2006\/Por-2006%20(20).pdf\" target=\"_blank\" rel=\"noopener\">Convoca integrante da Comiss\u00e3o Consultiva<\/a><\/td>\n<\/tr>\n<tr>\n<td height=\"20\">\n<div align=\"center\">21<\/div><\/td>\n<td><a href=\"https:\/\/cofecon.org.br\/transparencia\/files\/atos_normativos\/Port\/2006\/Por-2006%20(21).pdf\" target=\"_blank\" rel=\"noopener\">Convoca integrante da Comiss\u00e3o Consultiva<\/a><\/td>\n<\/tr>\n<tr>\n<td height=\"20\">\n<div align=\"center\">22<\/div><\/td>\n<td><a href=\"https:\/\/cofecon.org.br\/transparencia\/files\/atos_normativos\/Port\/2006\/Por-2006%20(22).pdf\" target=\"_blank\" rel=\"noopener\">Palestra Jornalista Luciano Martins Costa<\/a><\/td>\n<\/tr>\n<tr>\n<td height=\"20\">\n<div align=\"center\">23<\/div><\/td>\n<td><a href=\"https:\/\/cofecon.org.br\/transparencia\/files\/atos_normativos\/Port\/2006\/Por-2006%20(23).pdf\" target=\"_blank\" rel=\"noopener\">Apresenta\u00e7\u00e3o Jos\u00e9 Rubens Damas Garlipp<\/a><\/td>\n<\/tr>\n<tr>\n<td height=\"20\">\n<div align=\"center\">24<\/div><\/td>\n<td><a href=\"https:\/\/cofecon.org.br\/transparencia\/files\/atos_normativos\/Port\/2006\/Por-2006%20(24).pdf\" target=\"_blank\" rel=\"noopener\">Comiss\u00e3o de doa\u00e7\u00e3o de bens<\/a><\/td>\n<\/tr>\n<tr>\n<td height=\"20\">\n<div align=\"center\">25<\/div><\/td>\n<td><a href=\"https:\/\/cofecon.org.br\/transparencia\/files\/atos_normativos\/Port\/2006\/Por-2006%20(25).pdf\" target=\"_blank\" rel=\"noopener\">Designa Renato Alves do Santos<\/a><\/td>\n<\/tr>\n<tr>\n<td height=\"20\">\n<div align=\"center\">26<\/div><\/td>\n<td><a href=\"https:\/\/cofecon.org.br\/transparencia\/files\/atos_normativos\/Port\/2006\/Por-2006%20(26).pdf\" target=\"_blank\" rel=\"noopener\">Exonera Daniel Vasconcelos Borges Netto<\/a><\/td>\n<\/tr>\n<tr>\n<td height=\"20\">\n<div align=\"center\">27<\/div><\/td>\n<td><a href=\"https:\/\/cofecon.org.br\/transparencia\/files\/atos_normativos\/Port\/2006\/Por-2006%20(27).pdf\" target=\"_blank\" rel=\"noopener\">Exonera Pedro Henrique Zuchi da Concei\u00e7ao<\/a><\/td>\n<\/tr>\n<tr>\n<td height=\"20\">\n<div align=\"center\">28<\/div><\/td>\n<td><a href=\"https:\/\/cofecon.org.br\/transparencia\/files\/atos_normativos\/Port\/2006\/Por-2006%20(28).pdf\" target=\"_blank\" rel=\"noopener\">Composi\u00e7\u00e3o da CLNP<\/a><\/td>\n<\/tr>\n<tr>\n<td height=\"20\">\n<div align=\"center\">29<\/div><\/td>\n<td><a href=\"https:\/\/cofecon.org.br\/transparencia\/files\/atos_normativos\/Port\/2006\/Por-2006%20(29).pdf\" target=\"_blank\" rel=\"noopener\">Composi\u00e7\u00e3o da CRI<\/a><\/td>\n<\/tr>\n<tr>\n<td height=\"20\">\n<div align=\"center\">30<\/div><\/td>\n<td><a href=\"https:\/\/cofecon.org.br\/transparencia\/files\/atos_normativos\/Port\/2006\/Por-2006%20(30).pdf\" target=\"_blank\" rel=\"noopener\">Composi\u00e7\u00e3o da CRP<\/a><\/td>\n<\/tr>\n<tr>\n<td height=\"20\">\n<div align=\"center\">31<\/div><\/td>\n<td><a href=\"https:\/\/cofecon.org.br\/transparencia\/files\/atos_normativos\/Port\/2006\/Por-2006%20(31).pdf\" target=\"_blank\" rel=\"noopener\">Composi\u00e7\u00e3o da Comiss\u00e3o Administativa de Apoio aos CORECONs<\/a><\/td>\n<\/tr>\n<tr>\n<td height=\"20\">\n<div align=\"center\">32<\/div><\/td>\n<td><a href=\"https:\/\/cofecon.org.br\/transparencia\/files\/atos_normativos\/Port\/2006\/Por-2006%20(32).pdf\" target=\"_blank\" rel=\"noopener\">Composi\u00e7\u00e3o da CCI<\/a><\/td>\n<\/tr>\n<tr>\n<td height=\"20\">\n<div align=\"center\">33<\/div><\/td>\n<td><a href=\"https:\/\/cofecon.org.br\/transparencia\/files\/atos_normativos\/Port\/2006\/Por-2006%20(33).pdf\" target=\"_blank\" rel=\"noopener\">Composi\u00e7\u00e3o da Comiss\u00e3o de Conhecimento e Interface com Academia<\/a><\/td>\n<\/tr>\n<tr>\n<td height=\"20\">\n<div align=\"center\">34<\/div><\/td>\n<td><a href=\"https:\/\/cofecon.org.br\/transparencia\/files\/atos_normativos\/Port\/2006\/Por-2006%20(34).pdf\" target=\"_blank\" rel=\"noopener\">Composi\u00e7\u00e3o da Comiss\u00e3o do PBE e PA<\/a><\/td>\n<\/tr>\n<tr>\n<td height=\"20\">\n<div align=\"center\">35<\/div><\/td>\n<td><a href=\"https:\/\/cofecon.org.br\/transparencia\/files\/atos_normativos\/Port\/2006\/Por-2006%20(35).pdf\" target=\"_blank\" rel=\"noopener\">Composi\u00e7\u00e3o da Comiss\u00e3o de Organiza\u00e7\u00e3o do SINCE<\/a><\/td>\n<\/tr>\n<tr>\n<td height=\"20\">\n<div align=\"center\">36<\/div><\/td>\n<td><a href=\"https:\/\/cofecon.org.br\/transparencia\/files\/atos_normativos\/Port\/2006\/Por-2006%20(36).pdf\" target=\"_blank\" rel=\"noopener\">Composi\u00e7\u00e3o da Comiss\u00e3o de Excel\u00eancia em Gest\u00e3o<\/a><\/td>\n<\/tr>\n<tr>\n<td height=\"20\">\n<div align=\"center\">37<\/div><\/td>\n<td><a href=\"https:\/\/cofecon.org.br\/transparencia\/files\/atos_normativos\/Port\/2006\/Por-2006%20(37).pdf\" target=\"_blank\" rel=\"noopener\">Nomeia Elaine Abreu de Oliveira para o cargo de Assessora<\/a><\/td>\n<\/tr>\n<tr>\n<td height=\"20\">\n<div align=\"center\">38<\/div><\/td>\n<td><a href=\"https:\/\/cofecon.org.br\/transparencia\/files\/atos_normativos\/Port\/2006\/Por-2006%20(38).pdf\" target=\"_blank\" rel=\"noopener\">Designa Francisco Jos\u00e9 Matos Teixeira para o cargo de Coordenador T\u00e9cnico<\/a><\/td>\n<\/tr>\n<tr>\n<td height=\"20\">\n<div align=\"center\">39<\/div><\/td>\n<td><a href=\"https:\/\/cofecon.org.br\/transparencia\/files\/atos_normativos\/Port\/2006\/Por-2006%20(39).pdf\" target=\"_blank\" rel=\"noopener\">Nomeia Patr\u00edcia da Silva Antunes para o cargo de Assistente Administrativo<\/a><\/td>\n<\/tr>\n<tr>\n<td height=\"20\">\n<div align=\"center\">40<\/div><\/td>\n<td><a href=\"https:\/\/cofecon.org.br\/transparencia\/files\/atos_normativos\/Port\/2006\/Por-2006%20(40).pdf\" target=\"_blank\" rel=\"noopener\">Nomeia Renato Gon\u00e7alves V<\/a><\/td>\n<\/tr>\n<tr>\n<td height=\"20\">\n<div align=\"center\">41<\/div><\/td>\n<td><a href=\"https:\/\/cofecon.org.br\/transparencia\/files\/atos_normativos\/Port\/2006\/Por-2006%20(41).pdf\" target=\"_blank\" rel=\"noopener\">Composi\u00e7\u00e3o Comiss\u00e3o de Licita\u00e7\u00e3o<\/a><\/td>\n<\/tr>\n<tr>\n<td height=\"20\">\n<div align=\"center\">42<\/div><\/td>\n<td><a href=\"https:\/\/cofecon.org.br\/transparencia\/files\/atos_normativos\/Port\/2006\/Por-2006%20(42).pdf\" target=\"_blank\" rel=\"noopener\">Nomeia Camila Nunes Lazzarini para o cargo de Advogada<\/a><\/td>\n<\/tr>\n<tr>\n<td height=\"20\">\n<div align=\"center\">43<\/div><\/td>\n<td><a href=\"https:\/\/cofecon.org.br\/transparencia\/files\/atos_normativos\/Port\/2006\/Por-2006%20(43).pdf\" target=\"_blank\" rel=\"noopener\">Designa Celia Regina da Silva para o cargo de Coordenadora Administrativa<\/a><\/td>\n<\/tr>\n<tr>\n<td height=\"20\">\n<div align=\"center\">44<\/div><\/td>\n<td><a href=\"https:\/\/cofecon.org.br\/transparencia\/files\/atos_normativos\/Port\/2006\/Por-2006%20(44).pdf\" target=\"_blank\" rel=\"noopener\">Designa Celia Regina da Silva a responder pela tesouraria do COFECON<\/a><\/td>\n<\/tr>\n<tr>\n<td height=\"20\">\n<div align=\"center\">45<\/div><\/td>\n<td><a href=\"https:\/\/cofecon.org.br\/transparencia\/files\/atos_normativos\/Port\/2006\/Por-2006%20(45).pdf\" target=\"_blank\" rel=\"noopener\">Institui a Comiss\u00e3o Julgadora XIII PBE<\/a><\/td>\n<\/tr>\n<tr>\n<td height=\"20\">\n<div align=\"center\">46<\/div><\/td>\n<td><a href=\"https:\/\/cofecon.org.br\/transparencia\/files\/atos_normativos\/Port\/2006\/Por-2006%20(46).pdf\" target=\"_blank\" rel=\"noopener\">Nomeia Anderson de Sousa Ferreira para o cargo PST-Assistente Administrativo<\/a><\/td>\n<\/tr>\n<tr>\n<td height=\"20\">\n<div align=\"center\">47<\/div><\/td>\n<td><a href=\"https:\/\/cofecon.org.br\/transparencia\/files\/atos_normativos\/Port\/2006\/Por-2006%20(47).pdf\" target=\"_blank\" rel=\"noopener\">Nomeia Brenda Marques Pena para o cargo de Assessora<\/a><\/td>\n<\/tr>\n<tr>\n<td height=\"20\">\n<div align=\"center\">48<\/div><\/td>\n<td><a href=\"https:\/\/cofecon.org.br\/transparencia\/files\/atos_normativos\/Port\/2006\/Por-2006%20(48).pdf\" target=\"_blank\" rel=\"noopener\">Designa o Pregoeiro Oficial e a equipe de apoio<\/a><\/td>\n<\/tr>\n<tr>\n<td height=\"20\">\n<div align=\"center\">49<\/div><\/td>\n<td><a href=\"https:\/\/cofecon.org.br\/transparencia\/files\/atos_normativos\/Port\/2006\/Por-2006%20(49).pdf\" target=\"_blank\" rel=\"noopener\">Passagem e di\u00e1ria para o Econ<\/a><\/td>\n<\/tr>\n<tr>\n<td height=\"20\">\n<div align=\"center\">50<\/div><\/td>\n<td><a href=\"https:\/\/cofecon.org.br\/transparencia\/files\/atos_normativos\/Port\/2006\/Por-2006%20(50).pdf\" target=\"_blank\" rel=\"noopener\">Passagens e di\u00e1ria para o Econ<\/a><\/td>\n<\/tr>\n<tr>\n<td height=\"20\">\n<div align=\"center\">51<\/div><\/td>\n<td><a href=\"https:\/\/cofecon.org.br\/transparencia\/files\/atos_normativos\/Port\/2006\/Por-2006%20(51).pdf\" target=\"_blank\" rel=\"noopener\">Passagem a\u00e9rea e di\u00e1ria para o Econ<\/a><\/td>\n<\/tr>\n<tr>\n<td height=\"20\">\n<div align=\"center\">52<\/div><\/td>\n<td><a href=\"https:\/\/cofecon.org.br\/transparencia\/files\/atos_normativos\/Port\/2006\/Por-2006%20(52).pdf\" target=\"_blank\" rel=\"noopener\">Passagem a\u00e9rea e di\u00e1ria para o Econ<\/a><\/td>\n<\/tr>\n<tr>\n<td height=\"20\">\n<div align=\"center\">53<\/div><\/td>\n<td><a href=\"https:\/\/cofecon.org.br\/transparencia\/files\/atos_normativos\/Port\/2006\/Por-2006%20(53).pdf\" target=\"_blank\" rel=\"noopener\">Passagem a\u00e9rea e di\u00e1ria para o Econ<\/a><\/td>\n<\/tr>\n<tr>\n<td height=\"20\">\n<div align=\"center\">54<\/div><\/td>\n<td><a href=\"https:\/\/cofecon.org.br\/transparencia\/files\/atos_normativos\/Port\/2006\/Por-2006%20(54).pdf\" target=\"_blank\" rel=\"noopener\">Passagem a\u00e9rea e di\u00e1ria para o Econ<\/a><\/td>\n<\/tr>\n<tr>\n<td height=\"20\">\n<div align=\"center\">55<\/div><\/td>\n<td><a href=\"https:\/\/cofecon.org.br\/transparencia\/files\/atos_normativos\/Port\/2006\/Por-2006%20(55).pdf\" target=\"_blank\" rel=\"noopener\">Cancela CNPJ dos CORECONs PE, PR, CE, DF e AM<\/a><\/td>\n<\/tr>\n<tr>\n<td height=\"20\">\n<div align=\"center\">56<\/div><\/td>\n<td><a href=\"https:\/\/cofecon.org.br\/transparencia\/files\/atos_normativos\/Port\/2006\/Por-2006%20(56).pdf\" target=\"_blank\" rel=\"noopener\">Nomeia Val\u00e9ria Moraes de Souza fiscal de contratos do COFECON<\/a><\/td>\n<\/tr>\n<tr>\n<td height=\"20\">\n<div align=\"center\">57<\/div><\/td>\n<td><a href=\"https:\/\/cofecon.org.br\/transparencia\/files\/atos_normativos\/Port\/2006\/Por-2006%20(57).pdf\" target=\"_blank\" rel=\"noopener\">Exonera Regina Dutra Fernandes da Silva<\/a><\/td>\n<\/tr>\n<tr>\n<td height=\"20\">\n<div align=\"center\">58<\/div><\/td>\n<td><a href=\"https:\/\/cofecon.org.br\/transparencia\/files\/atos_normativos\/Port\/2006\/Por-2006%20(58).pdf\" target=\"_blank\" rel=\"noopener\">Passagem a\u00e9rea e di\u00e1ria para o Econ<\/a><\/td>\n<\/tr>\n<tr>\n<td height=\"20\">\n<div align=\"center\">59<\/div><\/td>\n<td><a href=\"https:\/\/cofecon.org.br\/transparencia\/files\/atos_normativos\/Port\/2006\/Por-2006%20(59).pdf\" target=\"_blank\" rel=\"noopener\">Passagem a\u00e9rea e di\u00e1ria para o Econ<\/a><\/td>\n<\/tr>\n<tr>\n<td height=\"20\">\n<div align=\"center\">60<\/div><\/td>\n<td><a href=\"https:\/\/cofecon.org.br\/transparencia\/files\/atos_normativos\/Port\/2006\/Por-2006%20(60).pdf\" target=\"_blank\" rel=\"noopener\">Inclui integrantes da Comiss\u00e3o de Legisla\u00e7\u00e3o<\/a><\/td>\n<\/tr>\n<tr>\n<td height=\"20\">\n<div align=\"center\">61<\/div><\/td>\n<td><a href=\"https:\/\/cofecon.org.br\/transparencia\/files\/atos_normativos\/Port\/2006\/Por-2006%20(61).pdf\" target=\"_blank\" rel=\"noopener\">Designa o representante do COFECON para Trabalhos Eleitorais<\/a><\/td>\n<\/tr>\n<tr>\n<td height=\"20\">\n<div align=\"center\">62<\/div><\/td>\n<td><a href=\"https:\/\/cofecon.org.br\/transparencia\/files\/atos_normativos\/Port\/2006\/Por-2006%20(62).pdf\" target=\"_blank\" rel=\"noopener\">Inclui e exclui integrantes da Comiss\u00e3o de Legisla\u00e7\u00e3o<\/a><\/td>\n<\/tr>\n<tr>\n<td height=\"20\">\n<div align=\"center\">63<\/div><\/td>\n<td><a href=\"https:\/\/cofecon.org.br\/transparencia\/files\/atos_normativos\/Port\/2006\/Por-2006%20(63).pdf\" target=\"_blank\" rel=\"noopener\">RS passagens ANGE out.06.pdf<\/a><\/td>\n<\/tr>\n<tr>\n<td height=\"20\">\n<div align=\"center\">64<\/div><\/td>\n<td><a href=\"https:\/\/cofecon.org.br\/transparencia\/files\/atos_normativos\/Port\/2006\/Por-2006%20(64).pdf\" target=\"_blank\" rel=\"noopener\">JRDG passagens ANGE<\/a><\/td>\n<\/tr>\n<tr>\n<td height=\"20\">\n<div align=\"center\">65<\/div><\/td>\n<td><a href=\"https:\/\/cofecon.org.br\/transparencia\/files\/atos_normativos\/Port\/2006\/Por-2006%20(65).pdf\" target=\"_blank\" rel=\"noopener\">LCM passagens ANGE<\/a><\/td>\n<\/tr>\n<tr>\n<td height=\"20\">\n<div align=\"center\">66<\/div><\/td>\n<td><a href=\"https:\/\/cofecon.org.br\/transparencia\/files\/atos_normativos\/Port\/2006\/Por-2006%20(66).pdf\" target=\"_blank\" rel=\"noopener\">JAP passagens ANGE<\/a><\/td>\n<\/tr>\n<tr>\n<td height=\"20\">\n<div align=\"center\">67<\/div><\/td>\n<td><a href=\"https:\/\/cofecon.org.br\/transparencia\/files\/atos_normativos\/Port\/2006\/Por-2006%20(67).pdf\" target=\"_blank\" rel=\"noopener\">ADM passagens ANGE out.06<\/a><\/td>\n<\/tr>\n<tr>\n<td height=\"20\">\n<div align=\"center\">68<\/div><\/td>\n<td><a href=\"https:\/\/cofecon.org.br\/transparencia\/files\/atos_normativos\/Port\/2006\/Por-2006%20(68).pdf\" target=\"_blank\" rel=\"noopener\">PPB passagens ANGE out.06<\/a><\/td>\n<\/tr>\n<tr>\n<td height=\"20\">\n<div align=\"center\">69<\/div><\/td>\n<td><a href=\"https:\/\/cofecon.org.br\/transparencia\/files\/atos_normativos\/Port\/2006\/Por-2006%20(69).pdf\" target=\"_blank\" rel=\"noopener\">RF passagens ANGE out.06<\/a><\/td>\n<\/tr>\n<tr>\n<td height=\"20\">\n<div align=\"center\">70<\/div><\/td>\n<td><a href=\"https:\/\/cofecon.org.br\/transparencia\/files\/atos_normativos\/Port\/2006\/Por-2006%20(70).pdf\" target=\"_blank\" rel=\"noopener\">NGGCB passagens e di\u00e1rias XXIII ENE<\/a><\/td>\n<\/tr>\n<tr>\n<td height=\"20\">\n<div align=\"center\">71<\/div><\/td>\n<td><a href=\"https:\/\/cofecon.org.br\/transparencia\/files\/atos_normativos\/Port\/2006\/Por-2006%20(71).pdf\" target=\"_blank\" rel=\"noopener\">SRBL passagens e di\u00e1rias 591 PLEN<\/a><\/td>\n<\/tr>\n<tr>\n<td height=\"20\">\n<div align=\"center\">72<\/div><\/td>\n<td><a href=\"https:\/\/cofecon.org.br\/transparencia\/files\/atos_normativos\/Port\/2006\/Por-2006%20(72).pdf\" target=\"_blank\" rel=\"noopener\">HSMG passagens e di\u00e1rias 591 PLEN<\/a><\/td>\n<\/tr>\n<tr>\n<td height=\"20\">\n<div align=\"center\">73<\/div><\/td>\n<td><a href=\"https:\/\/cofecon.org.br\/transparencia\/files\/atos_normativos\/Port\/2006\/Por-2006%20(73).pdf\" target=\"_blank\" rel=\"noopener\">LLF passagens e di\u00e1rias 591 PLEN<\/a><\/td>\n<\/tr>\n<tr>\n<td height=\"20\">\n<div align=\"center\">74<\/div><\/td>\n<td><a href=\"https:\/\/cofecon.org.br\/transparencia\/files\/atos_normativos\/Port\/2006\/Por-2006%20(74).pdf\" target=\"_blank\" rel=\"noopener\">PHP passagens e di\u00e1rias 591 PLEN nov.06<\/a><\/td>\n<\/tr>\n<tr>\n<td height=\"20\">\n<div align=\"center\">75<\/div><\/td>\n<td><a href=\"https:\/\/cofecon.org.br\/transparencia\/files\/atos_normativos\/Port\/2006\/Por-2006%20(75).pdf\" target=\"_blank\" rel=\"noopener\">CJBM passagens e di\u00e1rias 591 PLEN nov.06<\/a><\/td>\n<\/tr>\n<tr>\n<td height=\"20\">\n<div align=\"center\">76<\/div><\/td>\n<td><a href=\"https:\/\/cofecon.org.br\/transparencia\/files\/atos_normativos\/Port\/2006\/Por-2006%20(76).pdf\" target=\"_blank\" rel=\"noopener\">JTBV passagens e di\u00e1rias 591 PLEN nov.06<\/a><\/td>\n<\/tr>\n<tr>\n<td height=\"20\">\n<div align=\"center\">77<\/div><\/td>\n<td><a href=\"https:\/\/cofecon.org.br\/transparencia\/files\/atos_normativos\/Port\/2006\/Por-2006%20(77).pdf\" target=\"_blank\" rel=\"noopener\">PFCF passagens e di\u00e1rias Assb Delegados Eleitores SP dez.06<\/a><\/td>\n<\/tr>\n<tr>\n<td height=\"20\">\n<div align=\"center\">78<\/div><\/td>\n<td><a href=\"https:\/\/cofecon.org.br\/transparencia\/files\/atos_normativos\/Port\/2006\/Por-2006%20(78).pdf\" target=\"_blank\" rel=\"noopener\">PJSN passagens e di\u00e1rias Assb Delegados Eleitores SP dez.06<\/a><\/td>\n<\/tr>\n<tr>\n<td height=\"20\">\n<div align=\"center\">79<\/div><\/td>\n<td><a href=\"http:\/\/cofecon.org.br\/transparencia\/wp-content\/uploads\/2026\/03\/2006_79-RB-pass-e-diaria.reuniao-SPpdf.pdf\" target=\"_blank\" rel=\"noopener\">RB pass e di\u00e1ria.reuniao SPpdf<\/a><\/td>\n<\/tr>\n<tr>\n<td height=\"20\">\n<div align=\"center\">80<\/div><\/td>\n<td><a href=\"https:\/\/cofecon.org.br\/transparencia\/files\/atos_normativos\/Port\/2006\/Por-2006%20(80).pdf\" target=\"_blank\" rel=\"noopener\">RF passagem .II Premio PB Prof Celso Furtado<\/a><\/td>\n<\/tr>\n<tr>\n<td height=\"20\">\n<div align=\"center\">81<\/div><\/td>\n<td><a href=\"https:\/\/cofecon.org.br\/transparencia\/files\/atos_normativos\/Port\/2006\/Por-2006%20(81).pdf\" target=\"_blank\" rel=\"noopener\">PPCP pass e di\u00e1ria . Comenda CONSELHAO.BSB<\/a><\/td>\n<\/tr>\n<\/tbody>\n<\/table>\n<\/div>\t\t\t\t\t\t\t\t<\/div>\n\t\t\t\t<\/div>\n\t\t\t\t\t<\/div>\n\t\t<\/div>\n\t\t\t\t\t<\/div>\n\t\t<\/section>\n\t\t\t\t<\/div>\n\t\t","protected":false},"excerpt":{"rendered":"<p>Portarias N\u00ba: Assunto 1 Designa Val\u00e9ria Moraes para movimentar fundo fixo 2 Limites e controle com despesas de viagem 3 Cria Comiss\u00e3o Consultiva 4 Inclui integrantes da Comiss\u00e3o Consultiva 5 Convoca integrante da Comiss\u00e3o Consultiva 6 Composi\u00e7\u00e3o da CTC 7 Composi\u00e7\u00e3o Comiss\u00e3o de Licita\u00e7\u00e3o 8 Convoca integrante da Comiss\u00e3o Consultiva 9 Delega compet\u00eancia ao Coordenador &hellip; <a href=\"https:\/\/cofecon.org.br\/transparencia\/?page_id=231\" class=\"more-link\">Continue reading <span class=\"screen-reader-text\">Portarias-2006<\/span><\/a><\/p>\n","protected":false},"author":11,"featured_media":0,"parent":9,"menu_order":0,"comment_status":"closed","ping_status":"closed","template":"","meta":{"footnotes":""},"class_list":["post-231","page","type-page","status-publish","hentry"],"_links":{"self":[{"href":"https:\/\/cofecon.org.br\/transparencia\/index.php?rest_route=\/wp\/v2\/pages\/231"}],"collection":[{"href":"https:\/\/cofecon.org.br\/transparencia\/index.php?rest_route=\/wp\/v2\/pages"}],"about":[{"href":"https:\/\/cofecon.org.br\/transparencia\/index.php?rest_route=\/wp\/v2\/types\/page"}],"author":[{"embeddable":true,"href":"https:\/\/cofecon.org.br\/transparencia\/index.php?rest_route=\/wp\/v2\/users\/11"}],"replies":[{"embeddable":true,"href":"https:\/\/cofecon.org.br\/transparencia\/index.php?rest_route=%2Fwp%2Fv2%2Fcomments&post=231"}],"version-history":[{"count":19,"href":"https:\/\/cofecon.org.br\/transparencia\/index.php?rest_route=\/wp\/v2\/pages\/231\/revisions"}],"predecessor-version":[{"id":10646,"href":"https:\/\/cofecon.org.br\/transparencia\/index.php?rest_route=\/wp\/v2\/pages\/231\/revisions\/10646"}],"up":[{"embeddable":true,"href":"https:\/\/cofecon.org.br\/transparencia\/index.php?rest_route=\/wp\/v2\/pages\/9"}],"wp:attachment":[{"href":"https:\/\/cofecon.org.br\/transparencia\/index.php?rest_route=%2Fwp%2Fv2%2Fmedia&parent=231"}],"curies":[{"name":"wp","href":"https:\/\/api.w.org\/{rel}","templated":true}]}}