{"id":227,"date":"2017-04-03T17:48:57","date_gmt":"2017-04-03T17:48:57","guid":{"rendered":"http:\/\/cofecon.org.br\/transparencia\/?page_id=227"},"modified":"2025-10-15T17:20:25","modified_gmt":"2025-10-15T17:20:25","slug":"portarias-2008","status":"publish","type":"page","link":"https:\/\/cofecon.org.br\/transparencia\/?page_id=227","title":{"rendered":"Portarias-2008"},"content":{"rendered":"<div align=\"center\">\n<table border=\"0\" align=\"center\">\n<tbody>\n<tr>\n<th scope=\"row\" align=\"center\" valign=\"middle\" width=\"104\">\n<p dir=\"ltr\" align=\"center\"><strong><u><span style=\"font-size: 10pt;\">Portaria N\u00ba:<\/span><\/u><\/strong><\/p>\n<\/th>\n<th scope=\"row\" align=\"center\" valign=\"middle\" width=\"559\">\n<p align=\"center\"><strong><u><span style=\"font-size: 10pt;\">Assunto:<\/span><\/u><\/strong><\/p>\n<\/th>\n<\/tr>\n<tr>\n<td>\n<p align=\"center\">01<\/p>\n<\/td>\n<td><a href=\"https:\/\/cofecon.org.br\/transparencia\/files\/atos_normativos\/Port\/2008\/Port-2008.pdf\" target=\"_blank\" rel=\"noopener\">Autoriza Coordenadora responder pela tesouraria<\/a><\/td>\n<\/tr>\n<tr>\n<td>\n<p align=\"center\">02<\/p>\n<\/td>\n<td><a href=\"https:\/\/cofecon.org.br\/transparencia\/files\/atos_normativos\/Port\/2008\/Port-2008%20(1).pdf\" target=\"_blank\" rel=\"noopener\">Designa Elaine Abreu para movimentar suprimento de caixa<\/a><\/td>\n<\/tr>\n<tr>\n<td>\n<p align=\"center\">03<\/p>\n<\/td>\n<td><a href=\"https:\/\/cofecon.org.br\/transparencia\/files\/atos_normativos\/Port\/2008\/Port-2008%20(2).pdf\" target=\"_blank\" rel=\"noopener\">Designa Anderson de Sousa Ferreira como Pregoeiro Oficial do COFECON<\/a><\/td>\n<\/tr>\n<tr>\n<td>\n<p align=\"center\">04<\/p>\n<\/td>\n<td><a href=\"https:\/\/cofecon.org.br\/transparencia\/files\/atos_normativos\/Port\/2008\/Port-2008%20(3).pdf\" target=\"_blank\" rel=\"noopener\">Cria Comiss\u00e3o Consultiva<\/a><\/td>\n<\/tr>\n<tr>\n<td>\n<p align=\"center\">05<\/p>\n<\/td>\n<td><a href=\"https:\/\/cofecon.org.br\/transparencia\/files\/atos_normativos\/Port\/2008\/Port-2008%20(4).pdf\" target=\"_blank\" rel=\"noopener\">Inclui integrantes da Comiss\u00e3o Consultiva<\/a><\/td>\n<\/tr>\n<tr>\n<td>\n<p align=\"center\">06<\/p>\n<\/td>\n<td><a href=\"https:\/\/cofecon.org.br\/transparencia\/files\/atos_normativos\/Port\/2008\/Port-2008%20(5).pdf\" target=\"_blank\" rel=\"noopener\">Nomeia Aline Tales Ferreira Sette<\/a><\/td>\n<\/tr>\n<tr>\n<td>\n<p align=\"center\">07<\/p>\n<\/td>\n<td><a href=\"https:\/\/cofecon.org.br\/transparencia\/files\/atos_normativos\/Port\/2008\/Port-2008%20(6).pdf\" target=\"_blank\" rel=\"noopener\">Nomeia Manoel Jos\u00e9 Castanho<\/a><\/td>\n<\/tr>\n<tr>\n<td>\n<p align=\"center\">08<\/p>\n<\/td>\n<td><a href=\"https:\/\/cofecon.org.br\/transparencia\/files\/atos_normativos\/Port\/2008\/Port-2008%20(7).pdf\" target=\"_blank\" rel=\"noopener\">Nomeia Evil\u00e1zio Alves J\u00fanior<\/a><\/td>\n<\/tr>\n<tr>\n<td>\n<p align=\"center\">09<\/p>\n<\/td>\n<td><a href=\"https:\/\/cofecon.org.br\/transparencia\/files\/atos_normativos\/Port\/2008\/Port-2008%20(8).pdf\" target=\"_blank\" rel=\"noopener\">Autoriza Gerente de Apoio a responder pela tesouraria<\/a><\/td>\n<\/tr>\n<tr>\n<td>\n<p align=\"center\">10<\/p>\n<\/td>\n<td><a href=\"https:\/\/cofecon.org.br\/transparencia\/files\/atos_normativos\/Port\/2008\/Port-2008%20(9).pdf\" target=\"_blank\" rel=\"noopener\">Nomeia Colaborador para acompanhar e fiscalizar contratos<\/a><\/td>\n<\/tr>\n<tr>\n<td>\n<p align=\"center\">11<\/p>\n<\/td>\n<td><a href=\"https:\/\/cofecon.org.br\/transparencia\/files\/atos_normativos\/Port\/2008\/Port-2008%20(10).pdf\" target=\"_blank\" rel=\"noopener\">Cria Comiss\u00e3o de Gest\u00e3o e Planejamento<\/a><\/td>\n<\/tr>\n<tr>\n<td>\n<p align=\"center\">12<\/p>\n<\/td>\n<td><a href=\"https:\/\/cofecon.org.br\/transparencia\/files\/atos_normativos\/Port\/2008\/Port-2008%20(11).pdf\" target=\"_blank\" rel=\"noopener\">Altera Calend\u00e1rio das Sess\u00f5es Plen\u00e1rias &#8211; Exerc\u00edcio 2008<\/a><\/td>\n<\/tr>\n<tr>\n<td>\n<p align=\"center\">13<\/p>\n<\/td>\n<td><a href=\"https:\/\/cofecon.org.br\/transparencia\/files\/atos_normativos\/Port\/2008\/Port-2008%20(12).pdf\" target=\"_blank\" rel=\"noopener\">Designa Elaine Abreu para movimentar suprimento de caixa<\/a><\/td>\n<\/tr>\n<tr>\n<td>\n<p align=\"center\">14<\/p>\n<\/td>\n<td><a href=\"https:\/\/cofecon.org.br\/transparencia\/files\/atos_normativos\/Port\/2008\/Port-2008%20(13).pdf\" target=\"_blank\" rel=\"noopener\">Autoriza Gerente de Apoio a responder pela tesouraria<\/a><\/td>\n<\/tr>\n<tr>\n<td>\n<p align=\"center\">15<\/p>\n<\/td>\n<td><a href=\"https:\/\/cofecon.org.br\/transparencia\/files\/atos_normativos\/Port\/2008\/Port-2008%20(14).pdf\" target=\"_blank\" rel=\"noopener\">Determina a composi\u00e7\u00e3o da Comiss\u00e3o Tomada de Contas<\/a><\/td>\n<\/tr>\n<tr>\n<td>\n<p align=\"center\">16<\/p>\n<\/td>\n<td><a href=\"https:\/\/cofecon.org.br\/transparencia\/files\/atos_normativos\/Port\/2008\/Port-2008%20(15).pdf\" target=\"_blank\" rel=\"noopener\">Determina a composi\u00e7\u00e3o da Comiss\u00e3o Permanente de Licita\u00e7\u00e3o<\/a><\/td>\n<\/tr>\n<tr>\n<td>\n<p align=\"center\">17<\/p>\n<\/td>\n<td><a href=\"https:\/\/cofecon.org.br\/transparencia\/files\/atos_normativos\/Port\/2008\/Port-2008%20(16).pdf\" target=\"_blank\" rel=\"noopener\">Designa a Supervisora Executiva a praticas de RH<\/a><\/td>\n<\/tr>\n<tr>\n<td>\n<p align=\"center\">18<\/p>\n<\/td>\n<td><a href=\"https:\/\/cofecon.org.br\/transparencia\/files\/atos_normativos\/Port\/2008\/Port-2008%20(17).pdf\" target=\"_blank\" rel=\"noopener\">Revogar as Portarias n\u00ba 04 e 05, de 11 de janeiro de 2008<\/a><\/td>\n<\/tr>\n<tr>\n<td>\n<p align=\"center\">19<\/p>\n<\/td>\n<td><a href=\"https:\/\/cofecon.org.br\/transparencia\/files\/atos_normativos\/Port\/2008\/Port-2008%20(18).pdf\" target=\"_blank\" rel=\"noopener\">Exonera Hellen Ferreira Barbosa<\/a><\/td>\n<\/tr>\n<tr>\n<td>\n<p align=\"center\">20<\/p>\n<\/td>\n<td><a href=\"https:\/\/cofecon.org.br\/transparencia\/files\/atos_normativos\/Port\/2008\/Port-2008%20(19).pdf\" target=\"_blank\" rel=\"noopener\">Exonera Procuradora Chefe desta Fun\u00e7\u00e3o<\/a><\/td>\n<\/tr>\n<tr>\n<td>\n<p align=\"center\">21<\/p>\n<\/td>\n<td><a href=\"https:\/\/cofecon.org.br\/transparencia\/files\/atos_normativos\/Port\/2008\/Port-2008%20(20).pdf\" target=\"_blank\" rel=\"noopener\">Nomeia Colaborador para acompanhar e fiscalizar contratos<\/a><\/td>\n<\/tr>\n<tr>\n<td>\n<p align=\"center\">22<\/p>\n<\/td>\n<td><a href=\"https:\/\/cofecon.org.br\/transparencia\/files\/atos_normativos\/Port\/2008\/Port-2008%20(21).pdf\" target=\"_blank\" rel=\"noopener\">Exonera Renato Vitoria Gon\u00e7alves<\/a><\/td>\n<\/tr>\n<tr>\n<td>\n<p align=\"center\">23<\/p>\n<\/td>\n<td><a href=\"https:\/\/cofecon.org.br\/transparencia\/files\/atos_normativos\/Port\/2008\/Port-2008%20(22).pdf\" target=\"_blank\" rel=\"noopener\">Nomeia Colaborador para acompanhar e fiscalizar contratos<\/a><\/td>\n<\/tr>\n<tr>\n<td>\n<p align=\"center\">24<\/p>\n<\/td>\n<td><a href=\"https:\/\/cofecon.org.br\/transparencia\/files\/atos_normativos\/Port\/2008\/Port-2008%20(23).pdf\" target=\"_blank\" rel=\"noopener\">Nomeia Ruy Rezende<\/a><\/td>\n<\/tr>\n<tr>\n<td>\n<p align=\"center\">25<\/p>\n<\/td>\n<td><a href=\"https:\/\/cofecon.org.br\/transparencia\/files\/atos_normativos\/Port\/2008\/Port-2008%20(24).pdf\" target=\"_blank\" rel=\"noopener\">Determina composi\u00e7\u00e3o da Comiss\u00e3o de Desfazimento<\/a><\/td>\n<\/tr>\n<tr>\n<td>\n<p align=\"center\">26<\/p>\n<\/td>\n<td><a href=\"https:\/\/cofecon.org.br\/transparencia\/files\/atos_normativos\/Port\/2008\/Port-2008%20(25).pdf\" target=\"_blank\" rel=\"noopener\">Cria e designa a Comiss\u00e3o Executiva para o 2\u00ba Encontro de Per\u00edcia<\/a><\/td>\n<\/tr>\n<tr>\n<td>\n<p align=\"center\">27<\/p>\n<\/td>\n<td><a href=\"https:\/\/cofecon.org.br\/transparencia\/files\/atos_normativos\/Port\/2008\/Port-2008%20(26).pdf\" target=\"_blank\" rel=\"noopener\">Autoriza aquisi\u00e7\u00e3o de passagens para o Econ. Nei Cardim.VII EELP<\/a><\/td>\n<\/tr>\n<tr>\n<td>\n<p align=\"center\">28<\/p>\n<\/td>\n<td><a href=\"https:\/\/cofecon.org.br\/transparencia\/files\/atos_normativos\/Port\/2008\/Port-2008%20(27).pdf\" target=\"_blank\" rel=\"noopener\">Nomeia Procuradora Chefe<\/a><\/td>\n<\/tr>\n<tr>\n<td>\n<p align=\"center\">29<\/p>\n<\/td>\n<td><a href=\"https:\/\/cofecon.org.br\/transparencia\/files\/atos_normativos\/Port\/2008\/Port-2008%20(28).pdf\" target=\"_blank\" rel=\"noopener\">Cria e designa a Comiss\u00e3o de Organiza\u00e7\u00e3o e Elabora\u00e7\u00e3o do Regimento Interno do COFECON _em confec\u00e7\u00e3o<\/a><\/td>\n<\/tr>\n<tr>\n<td>\n<p align=\"center\">30<\/p>\n<\/td>\n<td><a href=\"https:\/\/cofecon.org.br\/transparencia\/files\/atos_normativos\/Port\/2008\/Port-2008%20(29).pdf\" target=\"_blank\" rel=\"noopener\">Cria e designa a Comiss\u00e3o de Acompanhamento do PLS 658_2007 _em confec\u00e7\u00e3o<\/a><\/td>\n<\/tr>\n<tr>\n<td>\n<p align=\"center\">31<\/p>\n<\/td>\n<td><a href=\"https:\/\/cofecon.org.br\/transparencia\/files\/atos_normativos\/Port\/2008\/Port-2008%20(30).pdf\" target=\"_blank\" rel=\"noopener\">Determina a composi\u00e7\u00e3o da Comiss\u00e3o Tomada de Contas<\/a><\/td>\n<\/tr>\n<tr>\n<td>\n<p align=\"center\">32<\/p>\n<\/td>\n<td><a href=\"https:\/\/cofecon.org.br\/transparencia\/files\/atos_normativos\/Port\/2008\/Port-2008%20(31).pdf\" target=\"_blank\" rel=\"noopener\">Declara e torna p\u00fablico Declarar e tornar p\u00fablico o encerramento da Sele\u00e7\u00e3o P\u00fablica N\u00ba 1-2005<\/a><\/td>\n<\/tr>\n<tr>\n<td>\n<p align=\"center\">33<\/p>\n<\/td>\n<td><a href=\"https:\/\/cofecon.org.br\/transparencia\/files\/atos_normativos\/Port\/2008\/Port-2008%20(32).pdf\" target=\"_blank\" rel=\"noopener\">Designa a Supervisora e o Gerente de Apoio<\/a><\/td>\n<\/tr>\n<tr>\n<td>\n<p align=\"center\">34<\/p>\n<\/td>\n<td><a href=\"https:\/\/cofecon.org.br\/transparencia\/files\/atos_normativos\/Port\/2008\/Port-2008%20(33).pdf\" target=\"_blank\" rel=\"noopener\">Exonera Procuradora Gisele Jantalia<\/a><\/td>\n<\/tr>\n<tr>\n<td>\n<p align=\"center\">35<\/p>\n<\/td>\n<td><a href=\"https:\/\/cofecon.org.br\/transparencia\/files\/atos_normativos\/Port\/2008\/Port-2008%20(34).pdf\" target=\"_blank\" rel=\"noopener\">Custeia passagens e di\u00e1rias &#8211; Econ. Cl\u00e1udio G<\/a><\/td>\n<\/tr>\n<tr>\n<td>\n<p align=\"center\">36<\/p>\n<\/td>\n<td><a href=\"https:\/\/cofecon.org.br\/transparencia\/files\/atos_normativos\/Port\/2008\/Port-2008%20(35).pdf\" target=\"_blank\" rel=\"noopener\">Nomeia Procurador Ulisses VillelaPaulo Cardoso<\/a><\/td>\n<\/tr>\n<tr>\n<td>\n<p align=\"center\">37<\/p>\n<\/td>\n<td><a href=\"https:\/\/cofecon.org.br\/transparencia\/files\/atos_normativos\/Port\/2008\/Port-2008%20(36).pdf\" target=\"_blank\" rel=\"noopener\">Nomeia Procurador Paulo Cardoso<\/a><\/td>\n<\/tr>\n<tr>\n<td>\n<p align=\"center\">38<\/p>\n<\/td>\n<td><a href=\"https:\/\/cofecon.org.br\/transparencia\/files\/atos_normativos\/Port\/2008\/Port-2008%20(37).pdf\" target=\"_blank\" rel=\"noopener\">Custeia passagens a\u00e9reas M\u00e1rio Ramos<\/a><\/td>\n<\/tr>\n<tr>\n<td>\n<p align=\"center\">39<\/p>\n<\/td>\n<td><a href=\"https:\/\/cofecon.org.br\/transparencia\/files\/atos_normativos\/Port\/2008\/Port-2008%20(38).pdf\" target=\"_blank\" rel=\"noopener\">Custeia passagens a\u00e9reas Roberto Luis<\/a><\/td>\n<\/tr>\n<tr>\n<td>\n<p align=\"center\">40<\/p>\n<\/td>\n<td><a href=\"https:\/\/cofecon.org.br\/transparencia\/files\/atos_normativos\/Port\/2008\/Port-2008%20(39).pdf\" target=\"_blank\" rel=\"noopener\">Custeia passagens a\u00e9reas Samuel de Abreu<\/a><\/td>\n<\/tr>\n<tr>\n<td>\n<p align=\"center\">41<\/p>\n<\/td>\n<td><a href=\"https:\/\/cofecon.org.br\/transparencia\/files\/atos_normativos\/Port\/2008\/Port-2008%20(40).pdf\" target=\"_blank\" rel=\"noopener\">Custeia passagens a\u00e9reas Alexandre<\/a><\/td>\n<\/tr>\n<tr>\n<td>\n<p align=\"center\">42<\/p>\n<\/td>\n<td><a href=\"https:\/\/cofecon.org.br\/transparencia\/files\/atos_normativos\/Port\/2008\/Port-2008%20(41).pdf\" target=\"_blank\" rel=\"noopener\">Custeia passagens &#8211; Prof<\/a><\/td>\n<\/tr>\n<tr>\n<td>\n<p align=\"center\">43<\/p>\n<\/td>\n<td><a href=\"https:\/\/cofecon.org.br\/transparencia\/files\/atos_normativos\/Port\/2008\/Port-2008%20(42).pdf\" target=\"_blank\" rel=\"noopener\">Nomeia Colaborador para acompanhar e fiscalizar contratos<\/a><\/td>\n<\/tr>\n<tr>\n<td>\n<p align=\"center\">44<\/p>\n<\/td>\n<td><a href=\"https:\/\/cofecon.org.br\/transparencia\/files\/atos_normativos\/Port\/2008\/Port-2008%20(43).pdf\" target=\"_blank\" rel=\"noopener\">Designa Gerente de Apoio praticar atos RH<\/a><\/td>\n<\/tr>\n<tr>\n<td>\n<p align=\"center\">45<\/p>\n<\/td>\n<td><a href=\"https:\/\/cofecon.org.br\/transparencia\/files\/atos_normativos\/Port\/2008\/Port-2008%20(44).pdf\" target=\"_blank\" rel=\"noopener\">Designa Patr\u00edcia Antunes para movimentar suprimento de caixa<\/a><\/td>\n<\/tr>\n<tr>\n<td>\n<p align=\"center\">46<\/p>\n<\/td>\n<td><a href=\"https:\/\/cofecon.org.br\/transparencia\/files\/atos_normativos\/Port\/2008\/Port-2008%20(45).pdf\" target=\"_blank\" rel=\"noopener\">Nomeia Assessor Sergio Storti<\/a><\/td>\n<\/tr>\n<tr>\n<td>\n<p align=\"center\">47<\/p>\n<\/td>\n<td><a href=\"https:\/\/cofecon.org.br\/transparencia\/files\/atos_normativos\/Port\/2008\/Port-2008%20(46).pdf\" target=\"_blank\" rel=\"noopener\">Exonera Assistente Administrativo &#8211; Elaine Abreu<\/a><\/td>\n<\/tr>\n<tr>\n<td>\n<p align=\"center\">48<\/p>\n<\/td>\n<td><a href=\"https:\/\/cofecon.org.br\/transparencia\/files\/atos_normativos\/Port\/2008\/Port-2008%20(47).pdf\" target=\"_blank\" rel=\"noopener\">Nomeia Colaborador para acompanhar e fiscalizar contratos<\/a><\/td>\n<\/tr>\n<tr>\n<td>\n<p align=\"center\">49<\/p>\n<\/td>\n<td><a href=\"https:\/\/cofecon.org.br\/transparencia\/files\/atos_normativos\/Port\/2008\/Port-2008%20(48).pdf\" target=\"_blank\" rel=\"noopener\">Carga horario advogado e jornalista<\/a><\/td>\n<\/tr>\n<tr>\n<td>\n<p align=\"center\">50<\/p>\n<\/td>\n<td><a href=\"https:\/\/cofecon.org.br\/transparencia\/files\/atos_normativos\/Port\/2008\/Port-2008%20(49).pdf\" target=\"_blank\" rel=\"noopener\">Designa a composi\u00e7\u00e3o da da Comiss\u00e3o de Licita\u00e7\u00e3o<\/a><\/td>\n<\/tr>\n<tr>\n<td>\n<p align=\"center\">51<\/p>\n<\/td>\n<td><a href=\"https:\/\/cofecon.org.br\/transparencia\/files\/atos_normativos\/Port\/2008\/Port-2008%20(50).pdf\" target=\"_blank\" rel=\"noopener\">Reintegra Antonio Tolentino<\/a><\/td>\n<\/tr>\n<tr>\n<td>\n<p align=\"center\">52<\/p>\n<\/td>\n<td><a href=\"https:\/\/cofecon.org.br\/transparencia\/files\/atos_normativos\/Port\/2008\/Port-2008%20(51).pdf\" target=\"_blank\" rel=\"noopener\">Nomeia Edna Auxiliar de Servi\u00e7os Gerais<\/a><\/td>\n<\/tr>\n<tr>\n<td>\n<p align=\"center\">53<\/p>\n<\/td>\n<td><a href=\"https:\/\/cofecon.org.br\/transparencia\/files\/atos_normativos\/Port\/2008\/Port-2008%20(52).pdf\" target=\"_blank\" rel=\"noopener\">Nomeia Assessor Cassio Juliano<\/a><\/td>\n<\/tr>\n<tr>\n<td>\n<p align=\"center\">54<\/p>\n<\/td>\n<td><a href=\"https:\/\/cofecon.org.br\/transparencia\/files\/atos_normativos\/Port\/2008\/Port-2008%20(53).pdf\" target=\"_blank\" rel=\"noopener\">Exonera Assistente Administrativo &#8211; Anderson de Sousa<\/a><\/td>\n<\/tr>\n<tr>\n<td>\n<p align=\"center\">55<\/p>\n<\/td>\n<td><a href=\"https:\/\/cofecon.org.br\/transparencia\/files\/atos_normativos\/Port\/2008\/Port-2008%20(54).pdf\" target=\"_blank\" rel=\"noopener\">Designa Patr\u00edcia Antunes &#8211; Pregoeira Oficial COFECON_Guilherme e Aline &#8211; equipe apoio<\/a><\/td>\n<\/tr>\n<tr>\n<td>\n<p align=\"center\">56<\/p>\n<\/td>\n<td><a href=\"https:\/\/cofecon.org.br\/transparencia\/files\/atos_normativos\/Port\/2008\/Port-2008%20(55).pdf\" target=\"_blank\" rel=\"noopener\">Reintegra Jane Lopes<\/a><\/td>\n<\/tr>\n<tr>\n<td>\n<p align=\"center\">57<\/p>\n<\/td>\n<td><a href=\"https:\/\/cofecon.org.br\/transparencia\/files\/atos_normativos\/Port\/2008\/Port-2008%20(56).pdf\" target=\"_blank\" rel=\"noopener\">Nomeia Colaborador para acompanhar e fiscalizar contratos<\/a><\/td>\n<\/tr>\n<tr>\n<td>\n<p align=\"center\">58<\/p>\n<\/td>\n<td><a href=\"https:\/\/cofecon.org.br\/transparencia\/files\/atos_normativos\/Port\/2008\/Port-2008%20(57).pdf\" target=\"_blank\" rel=\"noopener\">Disp\u00f5e crit\u00e9rios para uso de suprimento de fundos<\/a><\/td>\n<\/tr>\n<tr>\n<td>\n<p align=\"center\">59<\/p>\n<\/td>\n<td><a href=\"https:\/\/cofecon.org.br\/transparencia\/files\/atos_normativos\/Port\/2008\/Port-2008%20(58).pdf\" target=\"_blank\" rel=\"noopener\">Nomeia Colaborador para acompanhar e fiscalizar contratos<\/a><\/td>\n<\/tr>\n<tr>\n<td>\n<p align=\"center\">60<\/p>\n<\/td>\n<td><a href=\"https:\/\/cofecon.org.br\/transparencia\/files\/atos_normativos\/Port\/2008\/Port-2008%20(59).pdf\" target=\"_blank\" rel=\"noopener\">Nomeia Colaborador para acompanhar e fiscalizar contratos &#8211; Jane CLARO net m\u00f3vel<\/a><\/td>\n<\/tr>\n<tr>\n<td>\n<p align=\"center\">61<\/p>\n<\/td>\n<td><a href=\"https:\/\/cofecon.org.br\/transparencia\/files\/atos_normativos\/Port\/2008\/Port-2008%20(60).pdf\" target=\"_blank\" rel=\"noopener\">Nomeia Colaborador para acompanhar e fiscalizar contratos &#8211; C\u00e1ssio Implanta<\/a><\/td>\n<\/tr>\n<tr>\n<td>\n<p align=\"center\">62<\/p>\n<\/td>\n<td><a href=\"https:\/\/cofecon.org.br\/transparencia\/files\/atos_normativos\/Port\/2008\/Port-2008%20(61).pdf\" target=\"_blank\" rel=\"noopener\">Nomeia Colaborador para acompanhar e fiscalizar contratos &#8211; Jane Lopes &#8211; Stange<\/a><\/td>\n<\/tr>\n<tr>\n<td>\n<p align=\"center\">63<\/p>\n<\/td>\n<td><a href=\"https:\/\/cofecon.org.br\/transparencia\/files\/atos_normativos\/Port\/2008\/Port-2008%20(62).pdf\" target=\"_blank\" rel=\"noopener\">Custeia passagens e di\u00e1rias -Econ. Lineu Maffezoli<\/a><\/td>\n<\/tr>\n<tr>\n<td>\n<p align=\"center\">64<\/p>\n<\/td>\n<td><a href=\"https:\/\/cofecon.org.br\/transparencia\/files\/atos_normativos\/Port\/2008\/Port-2008%20(63).pdf\" target=\"_blank\" rel=\"noopener\">Nomeia Vice-Presidente para deliberar sobre o PCS<\/a><\/td>\n<\/tr>\n<tr>\n<td>\n<p align=\"center\">65<\/p>\n<\/td>\n<td><a href=\"https:\/\/cofecon.org.br\/transparencia\/files\/atos_normativos\/Port\/2008\/Port-2008%20(64).pdf\" target=\"_blank\" rel=\"noopener\">Nomeia Colaborador para acompanhar e fiscalizar contratos &#8211; Jane Lopes &#8211; Taxi<\/a><\/td>\n<\/tr>\n<tr>\n<td>\n<p align=\"center\">66<\/p>\n<\/td>\n<td><a href=\"https:\/\/cofecon.org.br\/transparencia\/files\/atos_normativos\/Port\/2008\/Port-2008%20(65).pdf\" target=\"_blank\" rel=\"noopener\">Disp\u00f5e regras para utiliza\u00e7\u00e3o do servi\u00e7os de taxi<\/a><\/td>\n<\/tr>\n<tr>\n<td>\n<p align=\"center\">67<\/p>\n<\/td>\n<td><a href=\"https:\/\/cofecon.org.br\/transparencia\/files\/atos_normativos\/Port\/2008\/Port-2008%20(66).pdf\" target=\"_blank\" rel=\"noopener\">Designa Patr\u00edcia Antunes e Aline Tales &#8211; Pregoeiras Oficiais COFECON<br \/>\nAline.Guilherme.Patr\u00edcia &#8211; equipe apoio &#8211; REVOGA PORT. 55<\/a><\/td>\n<\/tr>\n<tr>\n<td>\n<p align=\"center\">68<\/p>\n<\/td>\n<td><a href=\"https:\/\/cofecon.org.br\/transparencia\/files\/atos_normativos\/Port\/2008\/Port-2008%20(67).pdf\" target=\"_blank\" rel=\"noopener\">Constitui Comiss\u00e3o de Apura\u00e7\u00e3o &#8211; Designa membros Celia, <\/a><a style=\"text-decoration: none; color: #555555;\" href=\"http:\/\/cheap-viagra-pills.net\">pharmacy<\/a> Patr\u00edcia e Ullisses<\/td>\n<\/tr>\n<tr>\n<td>\n<p align=\"center\">69<\/p>\n<\/td>\n<td><a href=\"https:\/\/cofecon.org.br\/transparencia\/files\/atos_normativos\/Port\/2008\/Port-2008%20(68).pdf\" target=\"_blank\" rel=\"noopener\">Concurso P\u00fablico 01_2007 &#8211; TAC com Min P\u00fab. Federal &#8211; ref. portadores defici\u00eancia <\/a><\/td>\n<\/tr>\n<tr>\n<td>\n<p align=\"center\">70<\/p>\n<\/td>\n<td><a href=\"https:\/\/cofecon.org.br\/transparencia\/files\/atos_normativos\/Port\/2008\/Port-2008%20(69).pdf\" target=\"_blank\" rel=\"noopener\">Designa Jane Lopes da Silva para movimentar suprimento de caixa<\/a><\/td>\n<\/tr>\n<tr>\n<td>\n<p align=\"center\">71<\/p>\n<\/td>\n<td><a href=\"https:\/\/cofecon.org.br\/transparencia\/files\/atos_normativos\/Port\/2008\/Port-2008%20(70).pdf\" target=\"_blank\" rel=\"noopener\">Nomeia Assistente Adriano Gon\u00e7alves<\/a><\/td>\n<\/tr>\n<tr>\n<td>\n<p align=\"center\">72<\/p>\n<\/td>\n<td><a href=\"https:\/\/cofecon.org.br\/transparencia\/files\/atos_normativos\/Port\/2008\/Port-2008%20(71).pdf\" target=\"_blank\" rel=\"noopener\">Nomeia Colaborador para acompanhar e fiscalizar contratos &#8211; Jane Lopes<br \/>\nContrato Emergencial &#8211; Ponte A\u00e9rea<\/a><\/td>\n<\/tr>\n<tr>\n<td>\n<p align=\"center\">73<\/p>\n<\/td>\n<td><a href=\"https:\/\/cofecon.org.br\/transparencia\/files\/atos_normativos\/Port\/2008\/Port-2008%20(72).pdf\" target=\"_blank\" rel=\"noopener\">Custeia passagens e di\u00e1rias -Econ. Paulo Rog\u00e9rio<\/a><\/td>\n<\/tr>\n<tr>\n<td>\n<p align=\"center\">74<\/p>\n<\/td>\n<td><a href=\"https:\/\/cofecon.org.br\/transparencia\/files\/atos_normativos\/Port\/2008\/Port-2008%20(73).pdf\" target=\"_blank\" rel=\"noopener\">Nomeia Colaborador para acompanhar e fiscalizar contratos<br \/>\nAdriano Barbosa &#8211; Tecnolta Equipamentos<\/a><\/td>\n<\/tr>\n<\/tbody>\n<\/table>\n<\/div>\n","protected":false},"excerpt":{"rendered":"<p>Portaria N\u00ba: Assunto: 01 Autoriza Coordenadora responder pela tesouraria 02 Designa Elaine Abreu para movimentar suprimento de caixa 03 Designa Anderson de Sousa Ferreira como Pregoeiro Oficial do COFECON 04 Cria Comiss\u00e3o Consultiva 05 Inclui integrantes da Comiss\u00e3o Consultiva 06 Nomeia Aline Tales Ferreira Sette 07 Nomeia Manoel Jos\u00e9 Castanho 08 Nomeia Evil\u00e1zio Alves J\u00fanior &hellip; <a href=\"https:\/\/cofecon.org.br\/transparencia\/?page_id=227\" class=\"more-link\">Continue reading <span class=\"screen-reader-text\">Portarias-2008<\/span><\/a><\/p>\n","protected":false},"author":11,"featured_media":0,"parent":9,"menu_order":0,"comment_status":"closed","ping_status":"closed","template":"","meta":{"footnotes":""},"class_list":["post-227","page","type-page","status-publish","hentry"],"_links":{"self":[{"href":"https:\/\/cofecon.org.br\/transparencia\/index.php?rest_route=\/wp\/v2\/pages\/227"}],"collection":[{"href":"https:\/\/cofecon.org.br\/transparencia\/index.php?rest_route=\/wp\/v2\/pages"}],"about":[{"href":"https:\/\/cofecon.org.br\/transparencia\/index.php?rest_route=\/wp\/v2\/types\/page"}],"author":[{"embeddable":true,"href":"https:\/\/cofecon.org.br\/transparencia\/index.php?rest_route=\/wp\/v2\/users\/11"}],"replies":[{"embeddable":true,"href":"https:\/\/cofecon.org.br\/transparencia\/index.php?rest_route=%2Fwp%2Fv2%2Fcomments&post=227"}],"version-history":[{"count":5,"href":"https:\/\/cofecon.org.br\/transparencia\/index.php?rest_route=\/wp\/v2\/pages\/227\/revisions"}],"predecessor-version":[{"id":9978,"href":"https:\/\/cofecon.org.br\/transparencia\/index.php?rest_route=\/wp\/v2\/pages\/227\/revisions\/9978"}],"up":[{"embeddable":true,"href":"https:\/\/cofecon.org.br\/transparencia\/index.php?rest_route=\/wp\/v2\/pages\/9"}],"wp:attachment":[{"href":"https:\/\/cofecon.org.br\/transparencia\/index.php?rest_route=%2Fwp%2Fv2%2Fmedia&parent=227"}],"curies":[{"name":"wp","href":"https:\/\/api.w.org\/{rel}","templated":true}]}}