{"id":213,"date":"2017-04-03T17:43:53","date_gmt":"2017-04-03T17:43:53","guid":{"rendered":"http:\/\/cofecon.org.br\/transparencia\/?page_id=213"},"modified":"2025-10-15T18:15:31","modified_gmt":"2025-10-15T18:15:31","slug":"portarias-2015","status":"publish","type":"page","link":"https:\/\/cofecon.org.br\/transparencia\/?page_id=213","title":{"rendered":"Portarias-2015"},"content":{"rendered":"<div align=\"center\">\n<table border=\"0\" align=\"center\">\n<tbody>\n<tr>\n<th scope=\"row\" align=\"center\" valign=\"middle\" width=\"134\">\n<p dir=\"ltr\" align=\"left\"><strong><span style=\"text-decoration: underline;\"><span style=\"font-size: 10pt;\">Portarias N\u00ba:<\/span><\/span><\/strong><\/p>\n<\/th>\n<th scope=\"row\" align=\"center\" valign=\"middle\" width=\"499\">\n<p align=\"center\"><strong><span style=\"text-decoration: underline;\"><span style=\"font-size: 10pt;\">Assunto:<\/span><\/span><\/strong><\/p>\n<\/th>\n<\/tr>\n<tr>\n<td>\n<p align=\"center\">01<\/p>\n<\/td>\n<td>\n<p align=\"left\"><a href=\"https:\/\/cofecon.org.br\/transparencia\/files\/atos_normativos\/Port\/2015\/Port-2015(1).pdf\" target=\"_blank\" rel=\"noopener\">Altera Portaria 34\/2014 &#8211; Plano de sa\u00fade<\/a><\/p>\n<\/td>\n<\/tr>\n<tr>\n<td>\n<p align=\"center\">02<\/p>\n<\/td>\n<td>\n<p align=\"left\"><a href=\"https:\/\/cofecon.org.br\/transparencia\/files\/atos_normativos\/Port\/2015\/Port-2015(2).pdf\" target=\"_blank\" rel=\"noopener\">Composi\u00e7\u00e3o CTC<\/a><\/p>\n<\/td>\n<\/tr>\n<tr>\n<td>\n<p align=\"center\">03<\/p>\n<\/td>\n<td>\n<p align=\"left\"><a href=\"https:\/\/cofecon.org.br\/transparencia\/files\/atos_normativos\/Port\/2015\/Port-2015(3).pdf\" target=\"_blank\" rel=\"noopener\">Composi\u00e7\u00e3o CL<\/a><\/p>\n<\/td>\n<\/tr>\n<tr>\n<td>\n<p align=\"center\">04<\/p>\n<\/td>\n<td>\n<p align=\"left\"><a href=\"https:\/\/cofecon.org.br\/transparencia\/files\/atos_normativos\/Port\/2015\/Port-2015(4).pdf\" target=\"_blank\" rel=\"noopener\">Composi\u00e7\u00e3o Comiss\u00f5es Tem\u00e1ticas<\/a><\/p>\n<\/td>\n<\/tr>\n<tr>\n<td>\n<p align=\"center\">05<\/p>\n<\/td>\n<td>\n<p align=\"left\"><a href=\"https:\/\/cofecon.org.br\/transparencia\/files\/atos_normativos\/Port\/2015\/Port-2015(5).pdf\" target=\"_blank\" rel=\"noopener\">Designa Jane Lopes da Silva para Assessor I<\/a><\/p>\n<\/td>\n<\/tr>\n<tr>\n<td>\n<p align=\"center\">06<\/p>\n<\/td>\n<td>\n<p align=\"left\"><a href=\"https:\/\/cofecon.org.br\/transparencia\/files\/atos_normativos\/Port\/2015\/Port-2015(6).pdf\" target=\"_blank\" rel=\"noopener\">Avalia\u00e7\u00e3o de Desempenho<\/a><\/p>\n<\/td>\n<\/tr>\n<tr>\n<td>\n<p align=\"center\">07<\/p>\n<\/td>\n<td>\n<p align=\"left\"><a href=\"https:\/\/cofecon.org.br\/transparencia\/files\/atos_normativos\/Port\/2015\/Port-2015(7).pdf\" target=\"_blank\" rel=\"noopener\">Exonera S\u00f3lon Dias da Silva<\/a><\/p>\n<\/td>\n<\/tr>\n<tr>\n<td>\n<p align=\"center\">08<\/p>\n<\/td>\n<td>\n<p align=\"left\"><a href=\"https:\/\/cofecon.org.br\/transparencia\/files\/atos_normativos\/Port\/2015\/Port-2015(8).pdf\" target=\"_blank\" rel=\"noopener\">Nomeia Nat\u00e1lia Lepsch Kenupp de Souza<\/a><\/p>\n<\/td>\n<\/tr>\n<tr>\n<td>\n<p align=\"center\">09<\/p>\n<\/td>\n<td>\n<p align=\"left\"><a href=\"https:\/\/cofecon.org.br\/transparencia\/files\/atos_normativos\/Port\/2015\/Port-2015(9).pdf\" target=\"_blank\" rel=\"noopener\">Custeia passagem a\u00e9rea<\/a><\/p>\n<\/td>\n<\/tr>\n<tr>\n<td>\n<p align=\"center\">10<\/p>\n<\/td>\n<td>\n<p align=\"left\"><a href=\"https:\/\/cofecon.org.br\/transparencia\/files\/atos_normativos\/Port\/2015\/Port-2015(10).pdf\" target=\"_blank\" rel=\"noopener\">Comiss\u00e3o Organizadora XXI CBE<\/a><\/p>\n<\/td>\n<\/tr>\n<tr>\n<td>\n<p align=\"center\">11<\/p>\n<\/td>\n<td>\n<p align=\"left\"><a href=\"https:\/\/cofecon.org.br\/transparencia\/files\/atos_normativos\/Port\/2015\/Port-2015(11).pdf\" target=\"_blank\" rel=\"noopener\">Nomeia Fiscais de Contratos<\/a><\/p>\n<\/td>\n<\/tr>\n<tr>\n<td>\n<p align=\"center\">12<\/p>\n<\/td>\n<td>\n<p align=\"left\"><a href=\"https:\/\/cofecon.org.br\/transparencia\/files\/atos_normativos\/Port\/2015\/Port-2015(12).pdf\" target=\"_blank\" rel=\"noopener\">Reajusta valor da di\u00e1ria<\/a><\/p>\n<\/td>\n<\/tr>\n<tr>\n<td>\n<p align=\"center\">13<\/p>\n<\/td>\n<td>\n<p align=\"left\"><a href=\"https:\/\/cofecon.org.br\/transparencia\/files\/atos_normativos\/Port\/2015\/Port-2015(13).pdf\" target=\"_blank\" rel=\"noopener\">Designa pregoeiros e equipe de apoio do COFECON<\/a><\/p>\n<\/td>\n<\/tr>\n<tr>\n<td>\n<p align=\"center\">14<\/p>\n<\/td>\n<td>\n<p align=\"left\"><a href=\"https:\/\/cofecon.org.br\/transparencia\/files\/atos_normativos\/Port\/2015\/Port-2015(14).pdf\" target=\"_blank\" rel=\"noopener\">Designar representante do COFECON &#8211; SINCE 2016<\/a><\/p>\n<\/td>\n<\/tr>\n<tr>\n<td>\n<p align=\"center\">15<\/p>\n<\/td>\n<td>\n<p align=\"left\"><a href=\"https:\/\/cofecon.org.br\/transparencia\/files\/atos_normativos\/Port\/2015\/Port-2015(15).pdf\" target=\"_blank\" rel=\"noopener\">Determina composi\u00e7\u00e3o do Grupo de Trabalho Elei\u00e7\u00f5es Web<\/a><\/p>\n<\/td>\n<\/tr>\n<tr>\n<td>\n<p align=\"center\">16<\/p>\n<\/td>\n<td>\n<p align=\"left\"><a href=\"https:\/\/cofecon.org.br\/transparencia\/files\/atos_normativos\/Port\/2015\/Port-2015(16).pdf\" target=\"_blank\" rel=\"noopener\">Altera a composi\u00e7\u00e3o da Comiss\u00e3o de Pol\u00edtica Econ\u00f4mica do COFECON<\/a><\/p>\n<\/td>\n<\/tr>\n<tr>\n<td>\n<p align=\"center\">17<\/p>\n<\/td>\n<td>\n<p align=\"left\"><a href=\"https:\/\/cofecon.org.br\/transparencia\/files\/atos_normativos\/Port\/2015\/Port-2015(17).pdf\" target=\"_blank\" rel=\"noopener\">Altera a composi\u00e7\u00e3o do Comit\u00ea Operacional do CBE<\/a><\/p>\n<\/td>\n<\/tr>\n<tr>\n<td>\n<p align=\"center\">18<\/p>\n<\/td>\n<td>\n<p align=\"left\"><a href=\"https:\/\/cofecon.org.br\/transparencia\/files\/atos_normativos\/Port\/2015\/Port-2015(18).pdf\" target=\"_blank\" rel=\"noopener\">Nomeia Vin\u00edcius<\/a><\/p>\n<\/td>\n<\/tr>\n<tr>\n<td>\n<p align=\"center\">19<\/p>\n<\/td>\n<td>\n<p align=\"left\"><a href=\"https:\/\/cofecon.org.br\/transparencia\/files\/atos_normativos\/Port\/2015\/Port-2015(19).pdf\" target=\"_blank\" rel=\"noopener\">Altera a composi\u00e7\u00e3oda Comiss\u00e3o de Licita\u00e7\u00e3o<\/a><\/p>\n<\/td>\n<\/tr>\n<tr>\n<td>\n<p align=\"center\">20<\/p>\n<\/td>\n<td>\n<p align=\"left\"><a href=\"https:\/\/cofecon.org.br\/transparencia\/files\/atos_normativos\/Port\/2015\/Port-2015(20).pdf\" target=\"_blank\" rel=\"noopener\">Determina composi\u00e7\u00e3o do Grupo de Trabalho layout das carteiras- CHIP<\/a><\/p>\n<\/td>\n<\/tr>\n<tr>\n<td>\n<p align=\"center\">21<\/p>\n<\/td>\n<td>\n<p align=\"left\"><a href=\"https:\/\/cofecon.org.br\/transparencia\/files\/atos_normativos\/Port\/2015\/Port-2015(21).pdf\" target=\"_blank\" rel=\"noopener\">Nomeia Denise Kassama como colaboradora eventual<\/a><\/p>\n<\/td>\n<\/tr>\n<tr>\n<td>\n<p align=\"center\">22<\/p>\n<\/td>\n<td>\n<p align=\"left\"><a href=\"https:\/\/cofecon.org.br\/transparencia\/files\/atos_normativos\/Port\/2015\/Port-2015(22).pdf\" target=\"_blank\" rel=\"noopener\">Altera a composi\u00e7\u00e3o do GT Elei\u00e7\u00e3o Eletr\u00f4nica<\/a><\/p>\n<\/td>\n<\/tr>\n<tr>\n<td>\n<p align=\"center\">23<\/p>\n<\/td>\n<td>\n<p align=\"left\"><a href=\"https:\/\/cofecon.org.br\/transparencia\/files\/atos_normativos\/Port\/2015\/Port-2015(23).pdf\" target=\"_blank\" rel=\"noopener\">Determina composi\u00e7\u00e3o do Grupo de Trabalho Desfazimento<\/a><\/p>\n<\/td>\n<\/tr>\n<tr>\n<td>\n<p align=\"center\">24<\/p>\n<\/td>\n<td>\n<p align=\"left\"><a href=\"https:\/\/cofecon.org.br\/transparencia\/files\/atos_normativos\/Port\/2015\/Port-2015(24).pdf\" target=\"_blank\" rel=\"noopener\">Nomeia Alexandre como colaborador eventual<\/a><\/p>\n<\/td>\n<\/tr>\n<tr>\n<td>\n<p align=\"center\">25<\/p>\n<\/td>\n<td>\n<p align=\"left\"><a href=\"https:\/\/cofecon.org.br\/transparencia\/files\/atos_normativos\/Port\/2015\/Port-2015(25).pdf\" target=\"_blank\" rel=\"noopener\">Nomeia Alvaro Campos como colaborador eventual<\/a><\/p>\n<\/td>\n<\/tr>\n<tr>\n<td>\n<p align=\"center\">26<\/p>\n<\/td>\n<td>\n<p align=\"left\"><a href=\"https:\/\/cofecon.org.br\/transparencia\/files\/atos_normativos\/Port\/2015\/Port-2015(26).pdf\" target=\"_blank\" rel=\"noopener\">Designa para exerc\u00edcio interino da Presid\u00eancia do Cofecon<\/a><\/p>\n<\/td>\n<\/tr>\n<tr>\n<td>\n<p align=\"center\">27<\/p>\n<\/td>\n<td>\n<p align=\"left\"><a href=\"https:\/\/cofecon.org.br\/transparencia\/files\/atos_normativos\/Port\/2015\/Port-2015(27).pdf\" target=\"_blank\" rel=\"noopener\">Reajusta tabela Plano de Sa\u00fade<\/a><\/p>\n<\/td>\n<\/tr>\n<tr>\n<td>\n<p align=\"center\">28<\/p>\n<\/td>\n<td>\n<p align=\"left\"><a href=\"https:\/\/cofecon.org.br\/transparencia\/files\/atos_normativos\/Port\/2015\/Port-2015(28).pdf\" target=\"_blank\" rel=\"noopener\">Atualiza\u00e7ao VHTE<\/a><\/p>\n<\/td>\n<\/tr>\n<tr>\n<td>\n<p align=\"center\">29<\/p>\n<\/td>\n<td>\n<p align=\"left\"><a href=\"https:\/\/cofecon.org.br\/transparencia\/files\/atos_normativos\/Port\/2015\/Port-2015(29).pdf\" target=\"_blank\" rel=\"noopener\">Custeia passagens a\u00e9ras para a Feneco<\/a><\/p>\n<\/td>\n<\/tr>\n<tr>\n<td>\n<p align=\"center\">30<\/p>\n<\/td>\n<td>\n<p align=\"left\"><a href=\"https:\/\/cofecon.org.br\/transparencia\/files\/atos_normativos\/Port\/2015\/Port-2015(30).pdf\" target=\"_blank\" rel=\"noopener\">Nomeia Machado apura\u00e7\u00e3o<\/a><\/p>\n<\/td>\n<\/tr>\n<tr>\n<td>\n<p align=\"center\">31<\/p>\n<\/td>\n<td>\n<p align=\"left\"><a href=\"https:\/\/cofecon.org.br\/transparencia\/files\/atos_normativos\/Port\/2015\/Port-2015(31).pdf\" target=\"_blank\" rel=\"noopener\">Determina composi\u00e7\u00e3o da Comiss\u00e3o Eleitoral do COFECON<\/a><\/p>\n<\/td>\n<\/tr>\n<tr>\n<td>\n<p align=\"center\">32<\/p>\n<\/td>\n<td>\n<p align=\"left\"><a href=\"https:\/\/cofecon.org.br\/transparencia\/files\/atos_normativos\/Port\/2015\/Port-2015(32).pdf\" target=\"_blank\" rel=\"noopener\">Cria GT para aquisi\u00e7\u00e3o de sedes aos CORECONS<\/a><\/p>\n<\/td>\n<\/tr>\n<tr>\n<td>\n<p align=\"center\">33<\/p>\n<\/td>\n<td>\n<p align=\"left\"><a href=\"https:\/\/cofecon.org.br\/transparencia\/files\/atos_normativos\/Port\/2015\/Port-2015(33).pdf\" target=\"_blank\" rel=\"noopener\">Exonera Susana Souza<\/a><\/p>\n<\/td>\n<\/tr>\n<tr>\n<td>\n<p align=\"center\">34<\/p>\n<\/td>\n<td>\n<p align=\"left\"><a href=\"https:\/\/cofecon.org.br\/transparencia\/files\/atos_normativos\/Port\/2015\/Port-2015(34).pdf\" target=\"_blank\" rel=\"noopener\">Nomeia Eduardo Costa &#8211; Incorpora\u00e7\u00e3o AP ao PA<\/a><\/p>\n<\/td>\n<\/tr>\n<tr>\n<td>\n<p align=\"center\">35<\/p>\n<\/td>\n<td>\n<p align=\"left\"><a href=\"https:\/\/cofecon.org.br\/transparencia\/files\/atos_normativos\/Port\/2015\/Port-2015(35).pdf\" target=\"_blank\" rel=\"noopener\">Exonera Jos\u00e9 Carlos de Godoy J\u00fanior<\/a><\/p>\n<\/td>\n<\/tr>\n<\/tbody>\n<\/table>\n<\/div>\n","protected":false},"excerpt":{"rendered":"<p>Portarias N\u00ba: Assunto: 01 Altera Portaria 34\/2014 &#8211; Plano de sa\u00fade 02 Composi\u00e7\u00e3o CTC 03 Composi\u00e7\u00e3o CL 04 Composi\u00e7\u00e3o Comiss\u00f5es Tem\u00e1ticas 05 Designa Jane Lopes da Silva para Assessor I 06 Avalia\u00e7\u00e3o de Desempenho 07 Exonera S\u00f3lon Dias da Silva 08 Nomeia Nat\u00e1lia Lepsch Kenupp de Souza 09 Custeia passagem a\u00e9rea 10 Comiss\u00e3o Organizadora XXI &hellip; <a href=\"https:\/\/cofecon.org.br\/transparencia\/?page_id=213\" class=\"more-link\">Continue reading <span class=\"screen-reader-text\">Portarias-2015<\/span><\/a><\/p>\n","protected":false},"author":11,"featured_media":0,"parent":9,"menu_order":0,"comment_status":"closed","ping_status":"closed","template":"","meta":{"footnotes":""},"class_list":["post-213","page","type-page","status-publish","hentry"],"_links":{"self":[{"href":"https:\/\/cofecon.org.br\/transparencia\/index.php?rest_route=\/wp\/v2\/pages\/213"}],"collection":[{"href":"https:\/\/cofecon.org.br\/transparencia\/index.php?rest_route=\/wp\/v2\/pages"}],"about":[{"href":"https:\/\/cofecon.org.br\/transparencia\/index.php?rest_route=\/wp\/v2\/types\/page"}],"author":[{"embeddable":true,"href":"https:\/\/cofecon.org.br\/transparencia\/index.php?rest_route=\/wp\/v2\/users\/11"}],"replies":[{"embeddable":true,"href":"https:\/\/cofecon.org.br\/transparencia\/index.php?rest_route=%2Fwp%2Fv2%2Fcomments&post=213"}],"version-history":[{"count":4,"href":"https:\/\/cofecon.org.br\/transparencia\/index.php?rest_route=\/wp\/v2\/pages\/213\/revisions"}],"predecessor-version":[{"id":10052,"href":"https:\/\/cofecon.org.br\/transparencia\/index.php?rest_route=\/wp\/v2\/pages\/213\/revisions\/10052"}],"up":[{"embeddable":true,"href":"https:\/\/cofecon.org.br\/transparencia\/index.php?rest_route=\/wp\/v2\/pages\/9"}],"wp:attachment":[{"href":"https:\/\/cofecon.org.br\/transparencia\/index.php?rest_route=%2Fwp%2Fv2%2Fmedia&parent=213"}],"curies":[{"name":"wp","href":"https:\/\/api.w.org\/{rel}","templated":true}]}}