{"id":208,"date":"2017-04-03T17:38:12","date_gmt":"2017-04-03T17:38:12","guid":{"rendered":"http:\/\/cofecon.org.br\/transparencia\/?page_id=208"},"modified":"2025-10-15T17:57:33","modified_gmt":"2025-10-15T17:57:33","slug":"portarias-2017","status":"publish","type":"page","link":"https:\/\/cofecon.org.br\/transparencia\/?page_id=208","title":{"rendered":"Portarias-2017"},"content":{"rendered":"\t\t<div data-elementor-type=\"wp-page\" data-elementor-id=\"208\" class=\"elementor elementor-208\">\n\t\t\t\t\t\t<section class=\"elementor-section elementor-top-section elementor-element elementor-element-6c82f340 elementor-section-boxed elementor-section-height-default elementor-section-height-default\" data-id=\"6c82f340\" data-element_type=\"section\">\n\t\t\t\t\t\t<div class=\"elementor-container elementor-column-gap-default\">\n\t\t\t\t\t<div class=\"elementor-column elementor-col-100 elementor-top-column elementor-element elementor-element-3979a433\" data-id=\"3979a433\" data-element_type=\"column\">\n\t\t\t<div class=\"elementor-widget-wrap elementor-element-populated\">\n\t\t\t\t\t\t<div class=\"elementor-element elementor-element-2027f899 elementor-widget elementor-widget-text-editor\" data-id=\"2027f899\" data-element_type=\"widget\" data-widget_type=\"text-editor.default\">\n\t\t\t\t<div class=\"elementor-widget-container\">\n\t\t\t\t\t\t\t\t\t<div align=\"center\">\n<table border=\"0\" align=\"center\">\n<tbody>\n<tr>\n<th scope=\"row\" align=\"center\" valign=\"middle\" width=\"134\">\n<p dir=\"ltr\" align=\"left\"><strong><span style=\"text-decoration: underline;\"><span style=\"font-size: 10pt;\">Portarias N\u00ba:<\/span><\/span><\/strong><\/p>\n<\/th>\n<th scope=\"row\" align=\"center\" valign=\"middle\" width=\"499\">\n<p align=\"center\"><strong><span style=\"text-decoration: underline;\"><span style=\"font-size: 10pt;\">Assunto:<\/span><\/span><\/strong><\/p>\n<\/th>\n<\/tr>\n<tr>\n<td>\n<p align=\"center\">01<\/p>\n<\/td>\n<td>\n<p align=\"left\"><a href=\"https:\/\/cofecon.org.br\/transparencia\/files\/atos_normativos\/Port\/2017\/Port-2017(1).pdf\" target=\"_blank\" rel=\"noopener noreferrer\">Nomeia fiscais de contrato<\/a><\/p>\n<\/td>\n<\/tr>\n<tr>\n<td>\n<p align=\"center\">02<\/p>\n<\/td>\n<td>\n<p align=\"left\"><a href=\"https:\/\/cofecon.org.br\/transparencia\/files\/atos_normativos\/Port\/2017\/Port-2017(2).pdf\" target=\"_blank\" rel=\"noopener noreferrer\">Designa pregoeiros e equipe de apoio<\/a><\/p>\n<\/td>\n<\/tr>\n<tr>\n<td>\n<p align=\"center\">03<\/p>\n<\/td>\n<td>\n<p align=\"left\"><a href=\"https:\/\/cofecon.org.br\/transparencia\/files\/atos_normativos\/Port\/2017\/Port-2017(3).pdf\" target=\"_blank\" rel=\"noopener noreferrer\">Palestrante Econ. Denise Lobato Gentil<\/a><\/p>\n<\/td>\n<\/tr>\n<tr>\n<td>\n<p align=\"center\">04<\/p>\n<\/td>\n<td>\n<p align=\"left\"><a href=\"https:\/\/cofecon.org.br\/transparencia\/files\/atos_normativos\/Port\/2017\/Port-2017(4).pdf\" target=\"_blank\" rel=\"noopener noreferrer\">Designa relator para processo \u00e9tico-disciplinar<\/a><\/p>\n<\/td>\n<\/tr>\n<tr>\n<td>\n<p align=\"center\">05<\/p>\n<\/td>\n<td>\n<p align=\"left\"><a href=\"https:\/\/cofecon.org.br\/transparencia\/files\/atos_normativos\/Port\/2017\/Port-2017(5).pdf\" target=\"_blank\" rel=\"noopener noreferrer\">Designa Comiss\u00e3o de Tomadas de Contas<\/a><\/p>\n<\/td>\n<\/tr>\n<tr>\n<td>\n<p align=\"center\">06<\/p>\n<\/td>\n<td>\n<p align=\"left\"><a href=\"https:\/\/cofecon.org.br\/transparencia\/files\/atos_normativos\/Port\/2017\/Port-2017(6).pdf\" target=\"_blank\" rel=\"noopener noreferrer\">Designa Comiss\u00e3o de Licita\u00e7\u00e3o<\/a><\/p>\n<\/td>\n<\/tr>\n<tr>\n<td>\n<p align=\"center\">07<\/p>\n<\/td>\n<td>\n<p align=\"left\"><a href=\"https:\/\/cofecon.org.br\/transparencia\/files\/atos_normativos\/Port\/2017\/Port-2017(7).pdf\" target=\"_blank\" rel=\"noopener noreferrer\">Designa Comiss\u00f5es Tem\u00e1ticas<\/a><\/p>\n<\/td>\n<\/tr>\n<tr>\n<td>\n<p align=\"center\">08<\/p>\n<\/td>\n<td>\n<p align=\"left\"><a href=\"https:\/\/cofecon.org.br\/transparencia\/files\/atos_normativos\/Port\/2017\/Port-2017(8).pdf\" target=\"_blank\" rel=\"noopener noreferrer\">Cria grupo de Trabalho respons\u00e1vel pelas articula\u00e7\u00f5es com o Conselho Federal de Administra\u00e7\u00e3o-CFA<\/a><\/p>\n<\/td>\n<\/tr>\n<tr>\n<td>\n<p align=\"center\">09<\/p>\n<\/td>\n<td>\n<p align=\"left\"><a href=\"https:\/\/cofecon.org.br\/transparencia\/files\/atos_normativos\/Port\/2017\/Port-2017(9).pdf\" target=\"_blank\" rel=\"noopener noreferrer\">Cria Sub Comiss\u00e3o de Previd\u00eancia Social<\/a><\/p>\n<\/td>\n<\/tr>\n<tr>\n<td>\n<p align=\"center\">10<\/p>\n<\/td>\n<td>\n<p align=\"left\"><a href=\"https:\/\/cofecon.org.br\/transparencia\/files\/atos_normativos\/Port\/2017\/Port-2017(10).pdf\" target=\"_blank\" rel=\"noopener noreferrer\">Cria comit\u00eas para o XXII CBE<\/a><\/p>\n<\/td>\n<\/tr>\n<tr>\n<td>\n<p align=\"center\">11<\/p>\n<\/td>\n<td>\n<p align=\"left\"><a href=\"https:\/\/cofecon.org.br\/transparencia\/files\/atos_normativos\/Port\/2017\/Port-2017(11).pdf\" target=\"_blank\" rel=\"noopener noreferrer\">Inclus\u00e3o membro Sub Comiss\u00e3o de Previd\u00eancia Social<\/a><\/p>\n<\/td>\n<\/tr>\n<tr>\n<td>\n<p align=\"center\">12<\/p>\n<\/td>\n<td>\n<p align=\"left\"><a href=\"https:\/\/cofecon.org.br\/transparencia\/files\/atos_normativos\/Port\/2017\/Port-2017(12).pdf\" target=\"_blank\" rel=\"noopener noreferrer\">Inclus\u00e3o membro Grupo de Trabalho de Articula\u00e7\u00e3o com a CFA<\/a><\/p>\n<\/td>\n<\/tr>\n<tr>\n<td>\n<p align=\"center\">13<\/p>\n<\/td>\n<td>\n<p align=\"left\"><a href=\"https:\/\/cofecon.org.br\/transparencia\/files\/atos_normativos\/Port\/2017\/Port-2017(13).pdf\" target=\"_blank\" rel=\"noopener noreferrer\">Nomeia Ana Claudia Ramos Pinto Administra\u00e7\u00e3o de Pessoal<\/a><\/p>\n<\/td>\n<\/tr>\n<tr>\n<td>\n<p align=\"center\">14<\/p>\n<\/td>\n<td>\n<p align=\"left\"><a href=\"https:\/\/cofecon.org.br\/transparencia\/files\/atos_normativos\/Port\/2017\/Port-2017(14).pdf\" target=\"_blank\" rel=\"noopener noreferrer\">Designa composi\u00e7\u00e3o do Conselho Editorial da Revista Economistas<\/a><\/p>\n<\/td>\n<\/tr>\n<tr>\n<td>\n<p align=\"center\">15<\/p>\n<\/td>\n<td>\n<p align=\"left\"><a href=\"https:\/\/cofecon.org.br\/transparencia\/files\/atos_normativos\/Port\/2017\/Port-2017(15).pdf\" target=\"_blank\" rel=\"noopener noreferrer\">Inclui membros e ratifica a composi\u00e7\u00e3o do Conselho Editorial da Revista Economistas<\/a><\/p>\n<\/td>\n<\/tr>\n<tr>\n<td>\n<p align=\"center\">16<\/p>\n<\/td>\n<td>\n<p align=\"left\"><a href=\"https:\/\/cofecon.org.br\/transparencia\/files\/atos_normativos\/Port\/2017\/Port-2017(16).pdf\" target=\"_blank\" rel=\"noopener noreferrer\">Reduzir o valor da di\u00e1ria<\/a><\/p>\n<\/td>\n<\/tr>\n<tr>\n<td>\n<p align=\"center\">17<\/p>\n<\/td>\n<td>\n<p align=\"left\"><a href=\"https:\/\/cofecon.org.br\/transparencia\/files\/atos_normativos\/Port\/2017\/Port-2017(17).pdf\" target=\"_blank\" rel=\"noopener noreferrer\">Comiss\u00f5es organizadora e julgadora do Desafio Quero Ser Economista 2017<\/a><\/p>\n<\/td>\n<\/tr>\n<tr>\n<td>\n<p align=\"center\">18<\/p>\n<\/td>\n<td>\n<p align=\"left\"><a href=\"https:\/\/cofecon.org.br\/transparencia\/files\/atos_normativos\/Port\/2017\/Port-2017(18).pdf\" target=\"_blank\" rel=\"noopener noreferrer\">Revogar a Portaria n\u00ba 22, de 21 de agosto de 2014<\/a><\/p>\n<\/td>\n<\/tr>\n<tr>\n<td>\n<p align=\"center\">19<\/p>\n<\/td>\n<td>\n<p align=\"left\"><a href=\"https:\/\/cofecon.org.br\/transparencia\/files\/atos_normativos\/Port\/2017\/Port-2017(19).pdf\" target=\"_blank\" rel=\"noopener noreferrer\">Autoriza Jos\u00e9 Luiz a acessar a conta corrente do Cofecon<\/a><\/p>\n<\/td>\n<\/tr>\n<tr>\n<td>\n<p align=\"center\">20<\/p>\n<\/td>\n<td>\n<p align=\"left\"><a href=\"https:\/\/cofecon.org.br\/transparencia\/files\/atos_normativos\/Port\/2017\/Port-2017(20).pdf\" target=\"_blank\" rel=\"noopener noreferrer\">Exonera Maria Aparecida Carneiro Assessor I<\/a><\/p>\n<\/td>\n<\/tr>\n<tr>\n<td>\n<p align=\"center\">21<\/p>\n<\/td>\n<td>\n<p align=\"left\"><a href=\"https:\/\/cofecon.org.br\/transparencia\/files\/atos_normativos\/Port\/2017\/Port-2017(21).pdf\" target=\"_blank\" rel=\"noopener noreferrer\"> Designa Maria Aparecida Carneiro Supervisora do N\u00facleo de Estudos Econ\u00f4micos e Estat\u00edsticos<\/a><\/p>\n<\/td>\n<\/tr>\n<tr>\n<td>\n<p align=\"center\">22<\/p>\n<\/td>\n<td>\n<p align=\"left\"><a href=\"https:\/\/cofecon.org.br\/transparencia\/files\/atos_normativos\/Port\/2017\/Port-2017(22).pdf\" target=\"_blank\" rel=\"noopener noreferrer\"> Exonera Ant\u00f4nio Tolentino Supervisor Financeiro<\/a><\/p>\n<\/td>\n<\/tr>\n<tr>\n<td>\n<p align=\"center\">23<\/p>\n<\/td>\n<td>\n<p align=\"left\"><a href=\"https:\/\/cofecon.org.br\/transparencia\/files\/atos_normativos\/Port\/2017\/Port-2017(23).pdf\" target=\"_blank\" rel=\"noopener noreferrer\"> Reajusta os valores da tabela constante no Anexo I da Portaria n\u00ba 34<\/a><\/p>\n<\/td>\n<\/tr>\n<tr>\n<td>\n<p align=\"center\">24<\/p>\n<\/td>\n<td>\n<p align=\"left\"><a href=\"https:\/\/cofecon.org.br\/transparencia\/files\/atos_normativos\/Port\/2017\/Port-2017(24).pdf\" target=\"_blank\" rel=\"noopener noreferrer\"> Cria Grupo de Trabalho Absor\u00e7\u00e3o de cursos<\/a><\/p>\n<\/td>\n<\/tr>\n<tr>\n<td>\n<p align=\"center\">25<\/p>\n<\/td>\n<td>\n<p align=\"left\"><a href=\"https:\/\/cofecon.org.br\/transparencia\/files\/atos_normativos\/Port\/2017\/Port-2017(25).pdf\" target=\"_blank\" rel=\"noopener noreferrer\"> Exonera Marcus Vilmon Teixeira dos Santos<\/a><\/p>\n<\/td>\n<\/tr>\n<tr>\n<td>\n<p align=\"center\">26<\/p>\n<\/td>\n<td>\n<p align=\"left\"><a href=\"https:\/\/cofecon.org.br\/transparencia\/files\/atos_normativos\/Port\/2017\/Port-2017(26).pdf\" target=\"_blank\" rel=\"noopener noreferrer\"> Designa F\u00e1bio Ronan Miranda Alves &#8211; Procurador Chefe<\/a><\/p>\n<\/td>\n<\/tr>\n<tr>\n<td>\n<p align=\"center\">27<\/p>\n<\/td>\n<td>\n<p align=\"left\"><a href=\"https:\/\/cofecon.org.br\/transparencia\/files\/atos_normativos\/Port\/2017\/Port-2017(27).pdf\" target=\"_blank\" rel=\"noopener noreferrer\"> Designa Alexandre Caf\u00e9 Rodrigues &#8211; Assessor III<\/a><\/p>\n<\/td>\n<\/tr>\n<tr>\n<td>\n<p align=\"center\">28<\/p>\n<\/td>\n<td>\n<p align=\"left\"><a href=\"https:\/\/cofecon.org.br\/transparencia\/files\/atos_normativos\/Port\/2017\/Port-2017(28).pdf\" target=\"_blank\" rel=\"noopener noreferrer\"> Designa J\u00falio C\u00e9sar Poloni de G\u00f3es &#8211; Assessor IV<\/a><\/p>\n<\/td>\n<\/tr>\n<tr>\n<td>\n<p align=\"center\">29<\/p>\n<\/td>\n<td>\n<p align=\"left\"><a href=\"https:\/\/cofecon.org.br\/transparencia\/files\/atos_normativos\/Port\/2017\/Port-2017(29).pdf\" target=\"_blank\" rel=\"noopener noreferrer\"> Cria e designa a composi\u00e7\u00e3o da comiss\u00e3o avaliadora do Concurso de Resenhas<\/a><\/p>\n<\/td>\n<\/tr>\n<tr>\n<td>\n<p align=\"center\">30<\/p>\n<\/td>\n<td>\n<p align=\"left\"><a href=\"https:\/\/cofecon.org.br\/transparencia\/files\/atos_normativos\/Port\/2017\/Port-2017(30).pdf\" target=\"_blank\" rel=\"noopener noreferrer\"> Reajusta o Valor-piso da Hora de Trabalho\nde Economia<\/a><\/p>\n<\/td>\n<\/tr>\n<tr>\n<td>\n<p align=\"center\">31<\/p>\n<\/td>\n<td>\n<p align=\"left\"><a href=\"https:\/\/cofecon.org.br\/transparencia\/files\/atos_normativos\/Port\/2017\/Port-2017(31).pdf\" target=\"_blank\" rel=\"noopener noreferrer\"> Exonera Thiara de Oliveira Lima<\/a><\/p>\n<\/td>\n<\/tr>\n<tr>\n<td>\n<p align=\"center\">32<\/p>\n<\/td>\n<td>\n<p align=\"left\"><a href=\"https:\/\/cofecon.org.br\/transparencia\/files\/atos_normativos\/Port\/2017\/Port-2017(32).pdf\" target=\"_blank\" rel=\"noopener noreferrer\"> Determina Conselheiro para acompanhar os trabalhos eleitorais<\/a><\/p>\n<\/td>\n<\/tr>\n<tr>\n<td>\n<p align=\"center\">33<\/p>\n<\/td>\n<td>\n<p align=\"left\"><a href=\"https:\/\/cofecon.org.br\/transparencia\/files\/atos_normativos\/Port\/2017\/Port-2017(33).pdf\" target=\"_blank\" rel=\"noopener noreferrer\"> Exonera Fernando Athaide Nobrega Filho<\/a><\/p>\n<\/td>\n<\/tr>\n<tr>\n<td>\n<p align=\"center\">34<\/p>\n<\/td>\n<td>\n<p align=\"left\"><a href=\"https:\/\/cofecon.org.br\/transparencia\/files\/atos_normativos\/Port\/2017\/Port-2017(34).pdf\" target=\"_blank\" rel=\"noopener noreferrer\"> Designa diretora da escola de cursos \u00e0\ndist\u00e2ncia do Sistema Cofecon\/Corecons<\/a><\/p>\n<\/td>\n<\/tr>\n<tr>\n<td>\n<p align=\"center\">35<\/p>\n<\/td>\n<td>\n<p align=\"left\"><a href=\"https:\/\/cofecon.org.br\/transparencia\/files\/atos_normativos\/Port\/2017\/Port-2017(35).pdf\" target=\"_blank\" rel=\"noopener noreferrer\">Determina composi\u00e7\u00e3o da Comiss\u00e3o Eleitoral do COFECON<\/a><\/p>\n<\/td>\n<\/tr>\n<tr>\n<td>\n<p align=\"center\">36<\/p>\n<\/td>\n<td>\n<p align=\"left\"><a href=\"https:\/\/cofecon.org.br\/transparencia\/files\/atos_normativos\/Port\/2017\/Port-2017(36).pdf\" target=\"_blank\" rel=\"noopener noreferrer\">Nomeia Ana Claudia para substitui\u00e7\u00e3o tempor\u00e1ria no cargo de Superintendente<\/a><\/p>\n<\/td>\n<\/tr>\n<tr>\n<td>\n<p align=\"center\">37<\/p>\n<\/td>\n<td>\n<p align=\"left\"><a href=\"https:\/\/cofecon.org.br\/transparencia\/files\/atos_normativos\/Port\/2017\/Port-2017(37).pdf\" target=\"_blank\" rel=\"noopener noreferrer\">Autoriza colaboradores a responderem pela Tesouraria do Cofecon<\/a><\/p>\n<\/td>\n<\/tr>\n<\/tbody>\n<\/table>\n<\/div>\t\t\t\t\t\t\t\t<\/div>\n\t\t\t\t<\/div>\n\t\t\t\t\t<\/div>\n\t\t<\/div>\n\t\t\t\t\t<\/div>\n\t\t<\/section>\n\t\t\t\t<\/div>\n\t\t","protected":false},"excerpt":{"rendered":"<p>Portarias N\u00ba: Assunto: 01 Nomeia fiscais de contrato 02 Designa pregoeiros e equipe de apoio 03 Palestrante Econ. Denise Lobato Gentil 04 Designa relator para processo \u00e9tico-disciplinar 05 Designa Comiss\u00e3o de Tomadas de Contas 06 Designa Comiss\u00e3o de Licita\u00e7\u00e3o 07 Designa Comiss\u00f5es Tem\u00e1ticas 08 Cria grupo de Trabalho respons\u00e1vel pelas articula\u00e7\u00f5es com o Conselho Federal &hellip; <a href=\"https:\/\/cofecon.org.br\/transparencia\/?page_id=208\" class=\"more-link\">Continue reading <span class=\"screen-reader-text\">Portarias-2017<\/span><\/a><\/p>\n","protected":false},"author":11,"featured_media":0,"parent":9,"menu_order":0,"comment_status":"closed","ping_status":"closed","template":"","meta":{"footnotes":""},"class_list":["post-208","page","type-page","status-publish","hentry"],"_links":{"self":[{"href":"https:\/\/cofecon.org.br\/transparencia\/index.php?rest_route=\/wp\/v2\/pages\/208"}],"collection":[{"href":"https:\/\/cofecon.org.br\/transparencia\/index.php?rest_route=\/wp\/v2\/pages"}],"about":[{"href":"https:\/\/cofecon.org.br\/transparencia\/index.php?rest_route=\/wp\/v2\/types\/page"}],"author":[{"embeddable":true,"href":"https:\/\/cofecon.org.br\/transparencia\/index.php?rest_route=\/wp\/v2\/users\/11"}],"replies":[{"embeddable":true,"href":"https:\/\/cofecon.org.br\/transparencia\/index.php?rest_route=%2Fwp%2Fv2%2Fcomments&post=208"}],"version-history":[{"count":26,"href":"https:\/\/cofecon.org.br\/transparencia\/index.php?rest_route=\/wp\/v2\/pages\/208\/revisions"}],"predecessor-version":[{"id":10037,"href":"https:\/\/cofecon.org.br\/transparencia\/index.php?rest_route=\/wp\/v2\/pages\/208\/revisions\/10037"}],"up":[{"embeddable":true,"href":"https:\/\/cofecon.org.br\/transparencia\/index.php?rest_route=\/wp\/v2\/pages\/9"}],"wp:attachment":[{"href":"https:\/\/cofecon.org.br\/transparencia\/index.php?rest_route=%2Fwp%2Fv2%2Fmedia&parent=208"}],"curies":[{"name":"wp","href":"https:\/\/api.w.org\/{rel}","templated":true}]}}