{"id":1970,"date":"2021-03-16T19:07:17","date_gmt":"2021-03-16T19:07:17","guid":{"rendered":"https:\/\/cofecon.org.br\/transparencia\/?page_id=1970"},"modified":"2025-10-16T14:34:29","modified_gmt":"2025-10-16T14:34:29","slug":"rol-de-responsaveis","status":"publish","type":"page","link":"https:\/\/cofecon.org.br\/transparencia\/?page_id=1970","title":{"rendered":"Rol de Respons\u00e1veis"},"content":{"rendered":"<p>Tania Cristina Teixeira<br \/>\nCPF: XXX.150.946-XX<br \/>\nPresidenta do Cofecon<br \/>\npres.tania.teixeira@cofecon.org.br<\/p>\n<p>Gest\u00e3o 2025<br \/>\n<a style=\"color: #0000ff;\" href=\"https:\/\/cofecon.org.br\/transparencia\/files\/atas\/2024\/ATA738.pdf\">Ata Elei\u00e7\u00e3o 2025<\/a><\/p>\n<p>Jo\u00e3o Manoel Gon\u00e7alves Barbosa<br \/>\nCPF: XXX.015.507-XX<br \/>\nVice-Presidente do Cofecon<br \/>\nvp.joao.manoel@cofecon.org.br<\/p>\n<p>Aline Tales Ferreira<br \/>\nCPF: XXX.293.481-XX<br \/>\nSuperintendente<br \/>\n<a style=\"color: #0000ff;\" href=\"http:\/\/cofecon.org.br\/transparencia\/files\/atos_normativos\/Port\/2022\/Port-2022(28).pdf\">PORTARIA N\u00ba 28, DE 7 DE JULHO DE 2022<\/a><br \/>\naline.tales@cofecon.org.br<\/p>\n<p>Ana Claudia Ramos Pinto<br \/>\nCPF: XXX.596.431-XX<br \/>\nCoordenadora<br \/>\n<a style=\"color: #0000ff;\" href=\"http:\/\/cofecon.org.br\/transparencia\/files\/atos_normativos\/Port\/2019\/Port-2019(55).pdf\">PORTARIA N\u00ba 55, DE 1\u00ba DE NOVEMBRO DE 2019\u00a0<\/a><br \/>\nana.claudia@cofecon.org.br<\/p>\n<p>EXITUM AUDITORIA, CONSULTORIA &amp; COMPLIANCE LTDA<br \/>\nCNPJ; 52.785.251\/0001-22<br \/>\nCRC-DF 004001\/O-2<br \/>\n<a id=\"menur2us\" class=\"fui-Link ___1q1shib f2hkw1w f3rmtva f1ewtqcl fyind8e f1k6fduh f1w7gpdv fk6fouc fjoy568 figsok6 f1s184ao f1mk8lai fnbmjn9 f1o700av f13mvf36 f1cmlufx f9n3di6 f1ids18y f1tx3yz7 f1deo86v f1eh06m1 f1iescvh fhgqx19 f1olyrje f1p93eir f1nev41a f1h8hb77 f1lqvz6u f10aw75t fsle3fq f17ae5zn\" title=\"https:\/\/www.exitumauditoria.com.br\/\" href=\"https:\/\/www.exitumauditoria.com.br\" target=\"_blank\" rel=\"noreferrer noopener\" aria-label=\"Link www.exitumauditoria.com.br\">www.exitumauditoria.com.br<\/a><br \/>\n<a id=\"menur2uu\" class=\"fui-Link ___1q1shib f2hkw1w f3rmtva f1ewtqcl fyind8e f1k6fduh f1w7gpdv fk6fouc fjoy568 figsok6 f1s184ao f1mk8lai fnbmjn9 f1o700av f13mvf36 f1cmlufx f9n3di6 f1ids18y f1tx3yz7 f1deo86v f1eh06m1 f1iescvh fhgqx19 f1olyrje f1p93eir f1nev41a f1h8hb77 f1lqvz6u f10aw75t fsle3fq f17ae5zn\" title=\"mailto:contato@exitumauditoria.com.br\" href=\"mailto:contato@exitumauditoria.com.br\" target=\"_blank\" rel=\"noreferrer noopener\" aria-label=\"Link contato@exitumauditoria.com.br\">contato@exitumauditoria.com.br<\/a><br \/>\nRespons\u00e1vel T\u00e9cnico<br \/>\nDaniel dos Passos Soares<br \/>\nContador<br \/>\nCPF: XXX.878.331-XX<br \/>\nCRC-DF 030110\/O-2<br \/>\n<a id=\"menur2v0\" class=\"fui-Link ___1q1shib f2hkw1w f3rmtva f1ewtqcl fyind8e f1k6fduh f1w7gpdv fk6fouc fjoy568 figsok6 f1s184ao f1mk8lai fnbmjn9 f1o700av f13mvf36 f1cmlufx f9n3di6 f1ids18y f1tx3yz7 f1deo86v f1eh06m1 f1iescvh fhgqx19 f1olyrje f1p93eir f1nev41a f1h8hb77 f1lqvz6u f10aw75t fsle3fq f17ae5zn\" title=\"mailto:daniel@exitumauditoria.com.br\" href=\"mailto:daniel@exitumauditoria.com.br\" target=\"_blank\" rel=\"noreferrer noopener\" aria-label=\"Link daniel@exitumauditoria.com.br\">daniel@exitumauditoria.com.br<\/a><\/p>\n","protected":false},"excerpt":{"rendered":"<p>Tania Cristina Teixeira CPF: XXX.150.946-XX Presidenta do Cofecon pres.tania.teixeira@cofecon.org.br Gest\u00e3o 2025 Ata Elei\u00e7\u00e3o 2025 Jo\u00e3o Manoel Gon\u00e7alves Barbosa CPF: XXX.015.507-XX Vice-Presidente do Cofecon vp.joao.manoel@cofecon.org.br Aline Tales Ferreira CPF: XXX.293.481-XX Superintendente PORTARIA N\u00ba 28, DE 7 DE JULHO DE 2022 aline.tales@cofecon.org.br Ana Claudia Ramos Pinto CPF: XXX.596.431-XX Coordenadora PORTARIA N\u00ba 55, DE 1\u00ba DE NOVEMBRO DE &hellip; <a href=\"https:\/\/cofecon.org.br\/transparencia\/?page_id=1970\" class=\"more-link\">Continue reading <span class=\"screen-reader-text\">Rol de Respons\u00e1veis<\/span><\/a><\/p>\n","protected":false},"author":11,"featured_media":0,"parent":0,"menu_order":0,"comment_status":"closed","ping_status":"closed","template":"","meta":{"footnotes":""},"class_list":["post-1970","page","type-page","status-publish","hentry"],"_links":{"self":[{"href":"https:\/\/cofecon.org.br\/transparencia\/index.php?rest_route=\/wp\/v2\/pages\/1970"}],"collection":[{"href":"https:\/\/cofecon.org.br\/transparencia\/index.php?rest_route=\/wp\/v2\/pages"}],"about":[{"href":"https:\/\/cofecon.org.br\/transparencia\/index.php?rest_route=\/wp\/v2\/types\/page"}],"author":[{"embeddable":true,"href":"https:\/\/cofecon.org.br\/transparencia\/index.php?rest_route=\/wp\/v2\/users\/11"}],"replies":[{"embeddable":true,"href":"https:\/\/cofecon.org.br\/transparencia\/index.php?rest_route=%2Fwp%2Fv2%2Fcomments&post=1970"}],"version-history":[{"count":39,"href":"https:\/\/cofecon.org.br\/transparencia\/index.php?rest_route=\/wp\/v2\/pages\/1970\/revisions"}],"predecessor-version":[{"id":10198,"href":"https:\/\/cofecon.org.br\/transparencia\/index.php?rest_route=\/wp\/v2\/pages\/1970\/revisions\/10198"}],"wp:attachment":[{"href":"https:\/\/cofecon.org.br\/transparencia\/index.php?rest_route=%2Fwp%2Fv2%2Fmedia&parent=1970"}],"curies":[{"name":"wp","href":"https:\/\/api.w.org\/{rel}","templated":true}]}}