{"id":1845,"date":"2021-01-05T13:41:34","date_gmt":"2021-01-05T13:41:34","guid":{"rendered":"https:\/\/cofecon.org.br\/transparencia\/?page_id=1845"},"modified":"2025-10-15T17:36:40","modified_gmt":"2025-10-15T17:36:40","slug":"portarias-2021","status":"publish","type":"page","link":"https:\/\/cofecon.org.br\/transparencia\/?page_id=1845","title":{"rendered":"Portarias-2021"},"content":{"rendered":"<div align=\"center\">\n<table border=\"0\" align=\"center\">\n<tbody>\n<tr>\n<th scope=\"row\" align=\"center\" valign=\"middle\" width=\"134\">\n<p dir=\"ltr\" align=\"left\"><strong><span style=\"text-decoration: underline;\"><span style=\"font-size: 10pt;\">Portarias N\u00ba:<\/span><\/span><\/strong><\/p>\n<\/th>\n<th scope=\"row\" align=\"center\" valign=\"middle\" width=\"499\">\n<p align=\"center\"><strong><span style=\"text-decoration: underline;\"><span style=\"font-size: 10pt;\">Assunto:<\/span><\/span><\/strong><\/p>\n<\/th>\n<\/tr>\n<tr>\n<td>\n<p align=\"center\">01<\/p>\n<\/td>\n<td>\n<p align=\"left\"><a href=\"https:\/\/cofecon.org.br\/transparencia\/files\/atos_normativos\/Port\/2021\/Port-2021(1).pdf\" target=\"_blank\" rel=\"noopener noreferrer\">Designa pregoeiros e equipe de apoio<\/a><\/p>\n<\/td>\n<\/tr>\n<tr>\n<td>\n<p align=\"center\">02<\/p>\n<\/td>\n<td>\n<p align=\"left\"><a href=\"https:\/\/cofecon.org.br\/transparencia\/files\/atos_normativos\/Port\/2021\/Port-2021(2).pdf\" target=\"_blank\" rel=\"noopener noreferrer\">Autoriza empregados suprimento de fundos<\/a><\/p>\n<\/td>\n<\/tr>\n<tr>\n<td>\n<p align=\"center\">03<\/p>\n<\/td>\n<td>\n<p align=\"left\"><a href=\"https:\/\/cofecon.org.br\/transparencia\/files\/atos_normativos\/Port\/2021\/Port-2021(3).pdf\" target=\"_blank\" rel=\"noopener noreferrer\">Designa a composi\u00e7\u00e3o das Comiss\u00f5es Tem\u00e1ticas e dos Grupos de Trabalho do Cofecon &#8211; 2021<\/a><\/p>\n<\/td>\n<\/tr>\n<tr>\n<td>\n<p align=\"center\">04<\/p>\n<\/td>\n<td>\n<p align=\"left\"><a href=\"https:\/\/cofecon.org.br\/transparencia\/files\/atos_normativos\/Port\/2021\/Port-2021(4).pdf\" target=\"_blank\" rel=\"noopener noreferrer\">Cria e designa a composi\u00e7\u00e3o do Grupo de Trabalho para Migra\u00e7\u00e3o e Implanta\u00e7\u00e3o do Sistema Cadastral, Financeiro e Fiscal utilizado pelo Conselho Federal de Economia e pelos Conselhos Regionais de Economia<\/a><\/p>\n<\/td>\n<\/tr>\n<tr>\n<td>\n<p align=\"center\">05<\/p>\n<\/td>\n<td>\n<p align=\"left\"><a href=\"https:\/\/cofecon.org.br\/transparencia\/files\/atos_normativos\/Port\/2021\/Port-2021(5).pdf\" target=\"_blank\" rel=\"noopener noreferrer\">Exonera Nat\u00e1lia Lepsch Kenupp Batista do cargo de livre provimento da ocupa\u00e7\u00e3o de Assessor I do Cofecon<\/a><\/p>\n<\/td>\n<\/tr>\n<tr>\n<td>\n<p align=\"center\">06<\/p>\n<\/td>\n<td>\n<p align=\"left\"><a href=\"https:\/\/cofecon.org.br\/transparencia\/files\/atos_normativos\/Port\/2021\/Port-2021(6).pdf\" target=\"_blank\" rel=\"noopener noreferrer\">Disp\u00f5e sobre o teletrabalho, em car\u00e1ter excepcional e provis\u00f3rio, no \u00e2mbito do Conselho Federal de Economia &#8211; Cofecon<\/a><\/p>\n<\/td>\n<\/tr>\n<tr>\n<td>\n<p align=\"center\">07<\/p>\n<\/td>\n<td>\n<p align=\"left\"><a href=\"https:\/\/cofecon.org.br\/transparencia\/files\/atos_normativos\/Port\/2021\/Port-2021(7).pdf\" target=\"_blank\" rel=\"noopener noreferrer\">Nomeia Renata Reis Almeida para o cargo de livre provimento na ocupa\u00e7\u00e3o de Assessor I do Cofecon.<\/a><\/p>\n<\/td>\n<\/tr>\n<tr>\n<td>\n<p align=\"center\">08<\/p>\n<\/td>\n<td>\n<p align=\"left\"><a href=\"https:\/\/cofecon.org.br\/transparencia\/files\/atos_normativos\/Port\/2021\/Port-2021(8).pdf\" target=\"_blank\" rel=\"noopener noreferrer\">Revoga dispositivos que regulamenta a concess\u00e3o da assist\u00eancia m\u00e9dico-hospitalar e odontol\u00f3gica<\/a><\/p>\n<\/td>\n<\/tr>\n<tr>\n<td>\n<p align=\"center\">09<\/p>\n<\/td>\n<td>\n<p align=\"left\"><a href=\"https:\/\/cofecon.org.br\/transparencia\/files\/atos_normativos\/Port\/2021\/Port-2021(9).pdf\" target=\"_blank\" rel=\"noopener noreferrer\">Prorroga o prazo de suspens\u00e3o dos efeitos do artigo 2\u00ba da Portaria n\u00ba 24, de 21 de agosto de 2020 a que se refere a parte final do artigo 9\u00ba da Portaria n\u00ba 6 de 1\u00ba de mar\u00e7o de 2021<\/a><\/p>\n<\/td>\n<\/tr>\n<tr>\n<td>\n<p align=\"center\">10<\/p>\n<\/td>\n<td>\n<p align=\"left\"><a href=\"https:\/\/cofecon.org.br\/transparencia\/files\/atos_normativos\/Port\/2021\/Port-2021(10).pdf\" target=\"_blank\" rel=\"noopener noreferrer\">Prorroga o prazo de suspens\u00e3o dos efeitos do artigo 2\u00ba da Portaria n\u00ba 24, de 21 de agosto de 2020 a que se refere a parte final do artigo 9\u00ba da Portaria n\u00ba 6 de 1\u00ba de mar\u00e7o de 2021<\/a><\/p>\n<\/td>\n<\/tr>\n<tr>\n<td>\n<p align=\"center\">11<\/p>\n<\/td>\n<td>\n<p align=\"left\"><a href=\"https:\/\/cofecon.org.br\/transparencia\/files\/atos_normativos\/Port\/2021\/Port-2021(11).pdf\" target=\"_blank\" rel=\"noopener noreferrer\">Designa a composi\u00e7\u00e3o da Comiss\u00e3o Eleitoral do Conselho Federal de Economia &#8211; Cofecon, para o exerc\u00edcio de 2021<\/a><\/p>\n<\/td>\n<\/tr>\n<tr>\n<td>\n<p align=\"center\">12<\/p>\n<\/td>\n<td>\n<p align=\"left\"><a href=\"https:\/\/cofecon.org.br\/transparencia\/files\/atos_normativos\/Port\/2021\/Port-2021(12).pdf\" target=\"_blank\" rel=\"noopener noreferrer\">Determina a cria\u00e7\u00e3o e designa a composi\u00e7\u00e3o da Comiss\u00e3o de Negocia\u00e7\u00e3o do Acordo Coletivo de Trabalho 2021<\/a><\/p>\n<\/td>\n<\/tr>\n<tr>\n<td>\n<p align=\"center\">13<\/p>\n<\/td>\n<td>\n<p align=\"left\"><a href=\"https:\/\/cofecon.org.br\/transparencia\/files\/atos_normativos\/Port\/2021\/Port-2021(13).pdf\" target=\"_blank\" rel=\"noopener noreferrer\">Prorroga o prazo de suspens\u00e3o dos efeitos do artigo 2\u00ba da Portaria n\u00ba 24, de 21 de agosto de 2020 a que se refere a parte final do artigo 9\u00ba da Portaria n\u00ba 6 de 1\u00ba de mar\u00e7o de 2021 e da Portaria 9, de 15 de mar\u00e7o de 2021<\/a><\/p>\n<\/td>\n<\/tr>\n<tr>\n<td>\n<p align=\"center\">14<\/p>\n<\/td>\n<td>\n<p align=\"left\"><a href=\"https:\/\/cofecon.org.br\/transparencia\/files\/atos_normativos\/Port\/2021\/Port-2021(14).pdf\" target=\"_blank\" rel=\"noopener noreferrer\">Altera a composi\u00e7\u00e3o das Comiss\u00f5es Tem\u00e1ticas e dos Grupos de Trabalho do Conselho Federal de Economia<\/a><\/p>\n<\/td>\n<\/tr>\n<tr>\n<td>\n<p align=\"center\">15<\/p>\n<\/td>\n<td>\n<p align=\"left\"><a href=\"https:\/\/cofecon.org.br\/transparencia\/files\/atos_normativos\/Port\/2021\/Port-2021(15).pdf\" target=\"_blank\" rel=\"noopener noreferrer\">Prorroga o prazo de suspens\u00e3o dos efeitos do artigo 2\u00ba da Portaria n\u00ba 24, de 21 de agosto de 2020 a que se refere a parte final do artigo 9\u00ba da Portaria n\u00ba 6 de 1\u00ba de mar\u00e7o de 2021; da Portaria 9, de 15 de mar\u00e7o de 2021; e da Portaria 13, de 29 de mar\u00e7o de 2021<\/a><\/p>\n<\/td>\n<\/tr>\n<tr>\n<td>\n<p align=\"center\">16<\/p>\n<\/td>\n<td>\n<p align=\"left\"><a href=\"https:\/\/cofecon.org.br\/transparencia\/files\/atos_normativos\/Port\/2021\/Port-2021(16).pdf\" target=\"_blank\" rel=\"noopener noreferrer\">Nomeia Danyel Willian Santos Te\u00f3filo para exercer, cumulativamente, e em substitui\u00e7\u00e3o tempor\u00e1ria, o cargo em comiss\u00e3o de Assessor III<\/a><\/p>\n<\/td>\n<\/tr>\n<tr>\n<td>\n<p align=\"center\">17<\/p>\n<\/td>\n<td>\n<p align=\"left\"><a href=\"https:\/\/cofecon.org.br\/transparencia\/files\/atos_normativos\/Port\/2021\/Port-2021(17).pdf\" target=\"_blank\" rel=\"noopener noreferrer\">Nomeia J\u00falio C\u00e9sar Poloni de G\u00f3es para o cargo de livre provimento na ocupa\u00e7\u00e3o de Assessor III do Cofecon<\/a><\/p>\n<\/td>\n<\/tr>\n<tr>\n<td>\n<p align=\"center\">18<\/p>\n<\/td>\n<td>\n<p align=\"left\"><a href=\"https:\/\/cofecon.org.br\/transparencia\/files\/atos_normativos\/Port\/2021\/Port-2021(18).pdf\" target=\"_blank\" rel=\"noopener noreferrer\">Prorroga o prazo de suspens\u00e3o dos efeitos do artigo 2\u00ba da Portaria n\u00ba 24, de 21 de agosto de 2020<\/a><\/p>\n<\/td>\n<\/tr>\n<tr>\n<td>\n<p align=\"center\">19<\/p>\n<\/td>\n<td>\n<p align=\"left\"><a href=\"https:\/\/cofecon.org.br\/transparencia\/files\/atos_normativos\/Port\/2021\/Port-2021(19).pdf\" target=\"_blank\" rel=\"noopener noreferrer\">Ratifica as indica\u00e7\u00f5es dos integrantes dos Comit\u00eas que comp\u00f5em a Comiss\u00e3o Organizadora do XXIV CBE<\/a><\/p>\n<\/td>\n<\/tr>\n<tr>\n<td>\n<p align=\"center\">20<\/p>\n<\/td>\n<td>\n<p align=\"left\"><a href=\"https:\/\/cofecon.org.br\/transparencia\/files\/atos_normativos\/Port\/2021\/Port-2021(20).pdf\" target=\"_blank\" rel=\"noopener noreferrer\">Reajusta o valor das di\u00e1rias conforme o INPC\/IBGE<\/a><\/p>\n<\/td>\n<\/tr>\n<tr>\n<td>\n<p align=\"center\">21<\/p>\n<\/td>\n<td>\n<p align=\"left\"><a href=\"https:\/\/cofecon.org.br\/transparencia\/files\/atos_normativos\/Port\/2021\/Port-2021(21).pdf\" target=\"_blank\" rel=\"noopener noreferrer\">Cria as comiss\u00f5es organizadora e avaliadora do Desafio Quero Ser Economista 2021<\/a><\/p>\n<\/td>\n<\/tr>\n<tr>\n<td>\n<p align=\"center\">22<\/p>\n<\/td>\n<td>\n<p align=\"left\"><a href=\"https:\/\/cofecon.org.br\/transparencia\/files\/atos_normativos\/Port\/2021\/Port-2021(22).pdf\" target=\"_blank\" rel=\"noopener noreferrer\">Aprova plano de a\u00e7\u00e3o para cumprimento da Lei Geral de Prote\u00e7\u00e3o de Dados (Lei n\u00ba 13.709\/18)<\/a><\/p>\n<\/td>\n<\/tr>\n<tr>\n<td>\n<p align=\"center\">23<\/p>\n<\/td>\n<td>\n<p align=\"left\"><a href=\"https:\/\/cofecon.org.br\/transparencia\/files\/atos_normativos\/Port\/2021\/Port-2021(23).pdf\" target=\"_blank\" rel=\"noopener noreferrer\">Prorroga o prazo de suspens\u00e3o dos efeitos do artigo 2\u00ba da Portaria n\u00ba 24, de 21 de agosto de 2020<\/a><\/p>\n<\/td>\n<\/tr>\n<tr>\n<td>\n<p align=\"center\">24<\/p>\n<\/td>\n<td>\n<p align=\"left\"><a href=\"https:\/\/cofecon.org.br\/transparencia\/files\/atos_normativos\/Port\/2021\/Port-2021(24).pdf\" target=\"_blank\" rel=\"noopener noreferrer\">Prorroga o prazo de suspens\u00e3o dos efeitos do artigo 2\u00ba da Portaria n\u00ba 24, de 21 de agosto de 2020<\/a><\/p>\n<\/td>\n<\/tr>\n<tr>\n<td>\n<p align=\"center\">25<\/p>\n<\/td>\n<td>\n<p align=\"left\"><a href=\"https:\/\/cofecon.org.br\/transparencia\/files\/atos_normativos\/Port\/2021\/Port-2021(25).pdf\" target=\"_blank\" rel=\"noopener noreferrer\">Prorroga o prazo de suspens\u00e3o dos efeitos do artigo 2\u00ba da Portaria n\u00ba 24, de 21 de agosto de 2020<\/a><\/p>\n<\/td>\n<\/tr>\n<tr>\n<td>\n<p align=\"center\">26<\/p>\n<\/td>\n<td>\n<p align=\"left\"><a href=\"https:\/\/cofecon.org.br\/transparencia\/files\/atos_normativos\/Port\/2021\/Port-2021(26).pdf\" target=\"_blank\" rel=\"noopener noreferrer\">Nomeia o assessor Paulo Roberto Samuel Alves J\u00fanior para exercer, cumulativamente, e em substitui\u00e7\u00e3o tempor\u00e1ria, o cargo em comiss\u00e3o de Procurador-Geral do Cofecon<\/a><\/p>\n<\/td>\n<\/tr>\n<tr>\n<td>\n<p align=\"center\">27<\/p>\n<\/td>\n<td>\n<p align=\"left\"><a href=\"https:\/\/cofecon.org.br\/transparencia\/files\/atos_normativos\/Port\/2021\/Port-2021(27).pdf\" target=\"_blank\" rel=\"noopener noreferrer\">Determina a cria\u00e7\u00e3o e designa membros da Comiss\u00e3o Avaliadora dos Projetos de Boas Pr\u00e1ticas do Sistema Cofecon\/Corecons 2021.<\/a><\/p>\n<\/td>\n<\/tr>\n<tr>\n<td>\n<p align=\"center\">28<\/p>\n<\/td>\n<td>\n<p align=\"left\"><a href=\"https:\/\/cofecon.org.br\/transparencia\/files\/atos_normativos\/Port\/2021\/Port-2021(28).pdf\" target=\"_blank\" rel=\"noopener noreferrer\">Altera a composi\u00e7\u00e3o da Comiss\u00e3o Eleitoral do Conselho Federal de Economia<\/a><\/p>\n<\/td>\n<\/tr>\n<tr>\n<td>\n<p align=\"center\">29<\/p>\n<\/td>\n<td>\n<p align=\"left\"><a href=\"https:\/\/cofecon.org.br\/transparencia\/files\/atos_normativos\/Port\/2021\/Port-2021(29).pdf\" target=\"_blank\" rel=\"noopener noreferrer\">Inclui o par\u00e1grafo \u00fanico no art. 3\u00aa da Portaria n\u00ba 23 de 26 de abril de 2019 que define as atividades dos empregados do Setor Cont\u00e1bil do Cofecon<\/a><\/p>\n<\/td>\n<\/tr>\n<tr>\n<td>\n<p align=\"center\">30<\/p>\n<\/td>\n<td>\n<p align=\"left\"><a href=\"https:\/\/cofecon.org.br\/transparencia\/files\/atos_normativos\/Port\/2021\/Port-2021(30).pdf\" target=\"_blank\" rel=\"noopener noreferrer\">Determina o retorno gradual das atividades presenciais no \u00e2mbito do Cofecon e d\u00e1 outras provid\u00eancias<\/a><\/p>\n<\/td>\n<\/tr>\n<tr>\n<td>\n<p align=\"center\">31<\/p>\n<\/td>\n<td>\n<p align=\"left\"><a href=\"https:\/\/cofecon.org.br\/transparencia\/files\/atos_normativos\/Port\/2021\/Port-2021(31).pdf\" target=\"_blank\" rel=\"noopener noreferrer\">Reajusta o Valor-piso da Hora de Trabalho do Economista &#8211; VHTE pelo IPCA (IBGE)<\/a><\/p>\n<\/td>\n<\/tr>\n<tr>\n<td>\n<p align=\"center\">32<\/p>\n<\/td>\n<td>\n<p align=\"left\"><a href=\"https:\/\/cofecon.org.br\/transparencia\/files\/atos_normativos\/Port\/2021\/Port-2021(32).pdf\" target=\"_blank\" rel=\"noopener noreferrer\">Destituir Jo\u00e3o Henrique Vieira Costa das fun\u00e7\u00f5es gratificada<\/a><\/p>\n<\/td>\n<\/tr>\n<tr>\n<td>\n<p align=\"center\">33<\/p>\n<\/td>\n<td>\n<p align=\"left\"><a href=\"https:\/\/cofecon.org.br\/transparencia\/files\/atos_normativos\/Port\/2021\/Port-2021(33).pdf\" target=\"_blank\" rel=\"noopener noreferrer\">Designa empregada efetiva Lilian de Souza Barbosa para exercer a fun\u00e7\u00e3o gratificada de Supervisor de Processos Licitat\u00f3rios do Cofecon<\/a><\/p>\n<\/td>\n<\/tr>\n<tr>\n<td>\n<p align=\"center\">34<\/p>\n<\/td>\n<td>\n<p align=\"left\"><a href=\"https:\/\/cofecon.org.br\/transparencia\/files\/atos_normativos\/Port\/2021\/Port-2021(34).pdf\" target=\"_blank\" rel=\"noopener noreferrer\">Designa Pregoeiros Oficiais do Cofecon e Equipe de apoio e d\u00e1 outras provid\u00eancias<\/a><\/p>\n<\/td>\n<\/tr>\n<tr>\n<td>\n<p align=\"center\">35<\/p>\n<\/td>\n<td>\n<p align=\"left\"><a href=\"https:\/\/cofecon.org.br\/transparencia\/files\/atos_normativos\/Port\/2021\/Port-2021(35).pdf\" target=\"_blank\" rel=\"noopener noreferrer\">Autoriza empregados a praticar atos referentes ao Departamento de Pessoal e d\u00e1 outras provid\u00eancias<\/a><\/p>\n<\/td>\n<\/tr>\n<tr>\n<td>\n<p align=\"center\">36<\/p>\n<\/td>\n<td>\n<p align=\"left\"><a href=\"https:\/\/cofecon.org.br\/transparencia\/files\/atos_normativos\/Port\/2021\/Port-2021(36).pdf\" target=\"_blank\" rel=\"noopener noreferrer\">Designa empregados para condu\u00e7\u00e3o de procedimento de cota\u00e7\u00e3o eletr\u00f4nica atrav\u00e9s do Sistema de Cota\u00e7\u00e3o Eletr\u00f4nica de Pre\u00e7os<\/a><\/p>\n<\/td>\n<\/tr>\n<tr>\n<td>\n<p align=\"center\">37<\/p>\n<\/td>\n<td>\n<p align=\"left\"><a href=\"https:\/\/cofecon.org.br\/transparencia\/files\/atos_normativos\/Port\/2021\/Port-2021(37).pdf\" target=\"_blank\" rel=\"noopener noreferrer\">Exonera J\u00falio Cesar Poloni de G\u00f3es do cargo de livre provimento de Assessor III do Cofecon<\/a><\/p>\n<\/td>\n<\/tr>\n<tr>\n<td>\n<p align=\"center\">38<\/p>\n<\/td>\n<td>\n<p align=\"left\"><a href=\"https:\/\/cofecon.org.br\/transparencia\/files\/atos_normativos\/Port\/2021\/Port-2021(38).pdf\" target=\"_blank\" rel=\"noopener noreferrer\">Exonera Raphael Pacheco Filho do cargo de livre provimento de Assessor IV do Cofecon<\/a><\/p>\n<\/td>\n<\/tr>\n<tr>\n<td>\n<p align=\"center\">39<\/p>\n<\/td>\n<td>\n<p align=\"left\"><a href=\"https:\/\/cofecon.org.br\/transparencia\/files\/atos_normativos\/Port\/2021\/Port-2021(39).pdf\" target=\"_blank\" rel=\"noopener noreferrer\">Nomeia empregados para acompanhar e fiscalizar contratos administrativos.<\/a><\/p>\n<\/td>\n<\/tr>\n<tr>\n<td>\n<p align=\"center\">40<\/p>\n<\/td>\n<td>\n<p align=\"left\"><a href=\"https:\/\/cofecon.org.br\/transparencia\/files\/atos_normativos\/Port\/2021\/Port-2021(40).pdf\" target=\"_blank\" rel=\"noopener noreferrer\">Exonera, a pedido, Danyel Willian dos Santos Te\u00f3filo do cargo efetivo de Profissional de Suporte T\u00e9cnico &#8211; PST &#8211; na ocupa\u00e7\u00e3o de assistente de Tecnologia da Informa\u00e7\u00e3o do Cofecon.<\/a><\/p>\n<\/td>\n<\/tr>\n<tr>\n<td>\n<p align=\"center\">41<\/p>\n<\/td>\n<td>\n<p align=\"left\"><a href=\"https:\/\/cofecon.org.br\/transparencia\/files\/atos_normativos\/Port\/2021\/Port-2021(41).pdf\" target=\"_blank\" rel=\"noopener noreferrer\">Nomeia Luiza Rodrigues Borges para o cargo de livre provimento na ocupa\u00e7\u00e3o de Assessor IV do Cofecon.<\/a><\/p>\n<\/td>\n<\/tr>\n<tr>\n<td>\n<p align=\"center\">42<\/p>\n<\/td>\n<td>\n<p align=\"left\"><a href=\"https:\/\/cofecon.org.br\/transparencia\/files\/atos_normativos\/Port\/2021\/Port-2021(42).pdf\" target=\"_blank\" rel=\"noopener noreferrer\">Nomeia Rielisson Barbosa de Moura para o cargo de livre provimento na ocupa\u00e7\u00e3o de Assessor IV do Cofecon.<\/a><\/p>\n<\/td>\n<\/tr>\n<tr>\n<td>\n<p align=\"center\">43<\/p>\n<\/td>\n<td>\n<p align=\"left\"><a href=\"https:\/\/cofecon.org.br\/transparencia\/files\/atos_normativos\/Port\/2021\/Port-2021(43).pdf\" target=\"_blank\" rel=\"noopener noreferrer\">Implementa ao quadro de hor\u00e1rios dos empregados do Cofecon.<\/a><\/p>\n<\/td>\n<\/tr>\n<\/tbody>\n<\/table>\n<\/div>\n","protected":false},"excerpt":{"rendered":"<p>Portarias N\u00ba: Assunto: 01 Designa pregoeiros e equipe de apoio 02 Autoriza empregados suprimento de fundos 03 Designa a composi\u00e7\u00e3o das Comiss\u00f5es Tem\u00e1ticas e dos Grupos de Trabalho do Cofecon &#8211; 2021 04 Cria e designa a composi\u00e7\u00e3o do Grupo de Trabalho para Migra\u00e7\u00e3o e Implanta\u00e7\u00e3o do Sistema Cadastral, Financeiro e Fiscal utilizado pelo Conselho &hellip; <a href=\"https:\/\/cofecon.org.br\/transparencia\/?page_id=1845\" class=\"more-link\">Continue reading <span class=\"screen-reader-text\">Portarias-2021<\/span><\/a><\/p>\n","protected":false},"author":11,"featured_media":0,"parent":9,"menu_order":0,"comment_status":"closed","ping_status":"closed","template":"","meta":{"footnotes":""},"class_list":["post-1845","page","type-page","status-publish","hentry"],"_links":{"self":[{"href":"https:\/\/cofecon.org.br\/transparencia\/index.php?rest_route=\/wp\/v2\/pages\/1845"}],"collection":[{"href":"https:\/\/cofecon.org.br\/transparencia\/index.php?rest_route=\/wp\/v2\/pages"}],"about":[{"href":"https:\/\/cofecon.org.br\/transparencia\/index.php?rest_route=\/wp\/v2\/types\/page"}],"author":[{"embeddable":true,"href":"https:\/\/cofecon.org.br\/transparencia\/index.php?rest_route=\/wp\/v2\/users\/11"}],"replies":[{"embeddable":true,"href":"https:\/\/cofecon.org.br\/transparencia\/index.php?rest_route=%2Fwp%2Fv2%2Fcomments&post=1845"}],"version-history":[{"count":53,"href":"https:\/\/cofecon.org.br\/transparencia\/index.php?rest_route=\/wp\/v2\/pages\/1845\/revisions"}],"predecessor-version":[{"id":10002,"href":"https:\/\/cofecon.org.br\/transparencia\/index.php?rest_route=\/wp\/v2\/pages\/1845\/revisions\/10002"}],"up":[{"embeddable":true,"href":"https:\/\/cofecon.org.br\/transparencia\/index.php?rest_route=\/wp\/v2\/pages\/9"}],"wp:attachment":[{"href":"https:\/\/cofecon.org.br\/transparencia\/index.php?rest_route=%2Fwp%2Fv2%2Fmedia&parent=1845"}],"curies":[{"name":"wp","href":"https:\/\/api.w.org\/{rel}","templated":true}]}}