{"id":1239,"date":"2019-02-20T19:33:49","date_gmt":"2019-02-20T19:33:49","guid":{"rendered":"http:\/\/cofecon.org.br\/transparencia\/?page_id=1239"},"modified":"2026-03-26T19:27:38","modified_gmt":"2026-03-26T19:27:38","slug":"deliberacoes-2019","status":"publish","type":"page","link":"https:\/\/cofecon.org.br\/transparencia\/?page_id=1239","title":{"rendered":"Delibera\u00e7\u00f5es-2019"},"content":{"rendered":"\t\t<div data-elementor-type=\"wp-page\" data-elementor-id=\"1239\" class=\"elementor elementor-1239\">\n\t\t\t\t\t\t<section class=\"elementor-section elementor-top-section elementor-element elementor-element-3a2e6b8a elementor-section-boxed elementor-section-height-default elementor-section-height-default\" data-id=\"3a2e6b8a\" data-element_type=\"section\">\n\t\t\t\t\t\t<div class=\"elementor-container elementor-column-gap-default\">\n\t\t\t\t\t<div class=\"elementor-column elementor-col-100 elementor-top-column elementor-element elementor-element-1d05feaa\" data-id=\"1d05feaa\" data-element_type=\"column\">\n\t\t\t<div class=\"elementor-widget-wrap elementor-element-populated\">\n\t\t\t\t\t\t<div class=\"elementor-element elementor-element-58564976 elementor-widget elementor-widget-text-editor\" data-id=\"58564976\" data-element_type=\"widget\" data-widget_type=\"text-editor.default\">\n\t\t\t\t<div class=\"elementor-widget-container\">\n\t\t\t\t\t\t\t\t\t<div align=\"center\">\n<table border=\"0\" align=\"center\">\n<tbody>\n<tr>\n<th scope=\"row\" align=\"center\" valign=\"middle\" width=\"134\">\n<p dir=\"ltr\" align=\"left\"><strong><span style=\"text-decoration: underline;\"><span style=\"font-size: 10pt;\">Delibera\u00e7\u00f5es N\u00ba:<\/span><\/span><\/strong><\/p>\n<\/th>\n<th scope=\"row\" align=\"center\" valign=\"middle\" width=\"499\">\n<p align=\"center\"><strong><span style=\"text-decoration: underline;\"><span style=\"font-size: 10pt;\">Assunto:<\/span><\/span><\/strong><\/p>\n<\/th>\n<\/tr>\n<tr>\n<td>\n<p align=\"center\">4.915<\/p>\n<\/td>\n<td><a href=\"https:\/\/cofecon.org.br\/transparencia\/files\/atos_normativos\/Del\/2019\/Del2019-4915.pdf\" target=\"_blank\" rel=\"noopener noreferrer\">Altera Normativo de Pessoal<\/a><\/td>\n<\/tr>\n<tr>\n<td>\n<p align=\"center\">4.916<\/p>\n<\/td>\n<td><a href=\"https:\/\/cofecon.org.br\/transparencia\/files\/atos_normativos\/Del\/2019\/Del2019-4916.pdf\" target=\"_blank\" rel=\"noopener noreferrer\">Cargo Comissionado &#8211; Corecon-AC<\/a><\/td>\n<\/tr>\n<tr>\n<td>\n<p align=\"center\">4.917<\/p>\n<\/td>\n<td><a href=\"https:\/\/cofecon.org.br\/transparencia\/files\/atos_normativos\/Del\/2019\/Del2019-4917.pdf\" target=\"_blank\" rel=\"noopener noreferrer\">Homologa PC-689<\/a><\/td>\n<\/tr>\n<tr>\n<td>\n<p align=\"center\">4.918<\/p>\n<\/td>\n<td><a href=\"https:\/\/cofecon.org.br\/transparencia\/files\/atos_normativos\/Del\/2019\/Del2019-4918.pdf\" target=\"_blank\" rel=\"noopener noreferrer\">Homologa PA-689<\/a><\/td>\n<\/tr>\n<tr>\n<td>\n<p align=\"center\">4.919<\/p>\n<\/td>\n<td><a href=\"https:\/\/cofecon.org.br\/transparencia\/files\/atos_normativos\/Del\/2019\/Del2019-4919.pdf\" target=\"_blank\" rel=\"noopener noreferrer\">Bacharelado Finan\u00e7as CE<\/a><\/td>\n<\/tr>\n<tr>\n<td>\n<p align=\"center\">4.920<\/p>\n<\/td>\n<td><a href=\"https:\/\/cofecon.org.br\/transparencia\/files\/atos_normativos\/Del\/2019\/Del2019-4920.pdf\" target=\"_blank\" rel=\"noopener noreferrer\">RI-MG<\/a><\/td>\n<\/tr>\n<tr>\n<td>\n<p align=\"center\">4.921<\/p>\n<\/td>\n<td><a href=\"https:\/\/cofecon.org.br\/transparencia\/files\/atos_normativos\/Del\/2019\/Del2019-4921.pdf\" target=\"_blank\" rel=\"noopener noreferrer\">Homologa\u00e7\u00e3o Elei\u00e7\u00e3o Extraordin\u00e1ria-SP<\/a><\/td>\n<\/tr>\n<tr>\n<td>\n<p align=\"center\">4.922<\/p>\n<\/td>\n<td><a href=\"https:\/\/cofecon.org.br\/transparencia\/files\/atos_normativos\/Del\/2019\/Del2019-4922.pdf\" target=\"_blank\" rel=\"noopener noreferrer\">Homologa Processos Cont\u00e1beis 690\u00aa<\/a><\/td>\n<\/tr>\n<tr>\n<td>\n<p align=\"center\">4.923<\/p>\n<\/td>\n<td><a href=\"https:\/\/cofecon.org.br\/transparencia\/files\/atos_normativos\/Del\/2019\/Del2019-4923.pdf\" target=\"_blank\" rel=\"noopener noreferrer\">Homologa Processos Administrativos 690\u00aa<\/a><\/td>\n<\/tr>\n<tr>\n<td>\n<p align=\"center\">4.924<\/p>\n<\/td>\n<td><a href=\"https:\/\/cofecon.org.br\/transparencia\/files\/atos_normativos\/Del\/2019\/Del2019-4924.pdf\" target=\"_blank\" rel=\"noopener noreferrer\">N\u00e3o homologar a remiss\u00e3o dos cr\u00e9ditos PA\/AP<\/a><\/td>\n<\/tr>\n<tr>\n<td>\n<p align=\"center\">4.925<\/p>\n<\/td>\n<td><a href=\"https:\/\/cofecon.org.br\/transparencia\/files\/atos_normativos\/Del\/2019\/Del2019-4925.pdf\" target=\"_blank\" rel=\"noopener noreferrer\">Reajusta Tabela de Sal\u00e1rios<\/a><\/td>\n<\/tr>\n<tr>\n<td>\n<p align=\"center\">4.926<\/p>\n<\/td>\n<td><a href=\"https:\/\/cofecon.org.br\/transparencia\/files\/atos_normativos\/Del\/2019\/Del2019-4926.pdf\" target=\"_blank\" rel=\"noopener noreferrer\">Reconhecer a n\u00e3o configura\u00e7\u00e3o de desvio de finalidade MT<\/a><\/td>\n<\/tr>\n<tr>\n<td>\n<p align=\"center\">4.927<\/p>\n<\/td>\n<td><a href=\"https:\/\/cofecon.org.br\/transparencia\/files\/atos_normativos\/Del\/2019\/Del2019-4927.pdf\" target=\"_blank\" rel=\"noopener noreferrer\">Homologa reformula\u00e7\u00e3o do or\u00e7amento do Corecon-SC<\/a><\/td>\n<\/tr>\n<tr>\n<td>\n<p align=\"center\">4.928<\/p>\n<\/td>\n<td><a href=\"https:\/\/cofecon.org.br\/transparencia\/files\/atos_normativos\/Del\/2019\/Del2019-4928.pdf\" target=\"_blank\" rel=\"noopener noreferrer\">Homologa Processos Administrativos 691\u00aa<\/a><\/td>\n<\/tr>\n<tr>\n<td>\n<p align=\"center\">4.929<\/p>\n<\/td>\n<td><a href=\"https:\/\/cofecon.org.br\/transparencia\/files\/atos_normativos\/Del\/2019\/Del2019-4929.pdf\" target=\"_blank\" rel=\"noopener noreferrer\">Homologa Processos Cont\u00e1beis 691\u00aa<\/a><\/td>\n<\/tr>\n<tr>\n<td>\n<p align=\"center\">4.930<\/p>\n<\/td>\n<td><a href=\"https:\/\/cofecon.org.br\/transparencia\/files\/atos_normativos\/Del\/2019\/Del2019-4930.pdf\" target=\"_blank\" rel=\"noopener noreferrer\">Indefere pedido de reconsidera\u00e7\u00e3o do Corecon-PA<\/a><\/td>\n<\/tr>\n<tr>\n<td>\n<p align=\"center\">4.931<\/p>\n<\/td>\n<td><a href=\"https:\/\/cofecon.org.br\/transparencia\/files\/atos_normativos\/Del\/2019\/Del2019-4931.pdf\" target=\"_blank\" rel=\"noopener noreferrer\">Apoio financeiro CBE<\/a><\/td>\n<\/tr>\n<tr>\n<td>\n<p align=\"center\">4.932<\/p>\n<\/td>\n<td><a href=\"https:\/\/cofecon.org.br\/transparencia\/files\/atos_normativos\/Del\/2019\/Del2019-4932.pdf\" target=\"_blank\" rel=\"noopener noreferrer\">Reajusta tabela de sal\u00e1rios do Cofecon<\/a><\/td>\n<\/tr>\n<tr>\n<td>\n<p align=\"center\">4.933<\/p>\n<\/td>\n<td><a href=\"https:\/\/cofecon.org.br\/transparencia\/files\/atos_normativos\/Del\/2019\/Del2019-4933.pdf\" target=\"_blank\" rel=\"noopener noreferrer\">Apoio financeiro IX GNE<\/a><\/td>\n<\/tr>\n<tr>\n<td>\n<p align=\"center\">4.934<\/p>\n<\/td>\n<td><a href=\"https:\/\/cofecon.org.br\/transparencia\/files\/atos_normativos\/Del\/2019\/Del2019-4934.pdf\" target=\"_blank\" rel=\"noopener noreferrer\">Recurso Eleitoral-Corecon-SP<\/a><\/td>\n<\/tr>\n<tr>\n<td>\n<p align=\"center\">4.935<\/p>\n<\/td>\n<td><a href=\"https:\/\/cofecon.org.br\/transparencia\/files\/atos_normativos\/Del\/2019\/Del2019-4935.pdf\" target=\"_blank\" rel=\"noopener noreferrer\">Resultado XXV PBE<\/a><\/td>\n<\/tr>\n<tr>\n<td>\n<p align=\"center\">4.936<\/p>\n<\/td>\n<td><a href=\"http:\/\/cofecon.org.br\/transparencia\/wp-content\/uploads\/2026\/03\/Deliberacao-4.936-29.11-Homologa-Dossies-Eleitorais-2019.pdf\" target=\"_blank\" rel=\"noopener noreferrer\">Homologa os Dossi\u00eas Eleitorais dos \nConselhos Regionais de Economia \nreferentes \nao exerc\u00edcio de 2019, \nconsiderando as ressalvas e as condi\u00e7\u00f5es \nconstantes dos pareceres da Comiss\u00e3o \nEleitoral do Cofecon. PBE<\/a><\/td>\n<\/tr>\n<tr>\n<td>\n<p align=\"center\">4.937<\/p>\n<\/td>\n<td><a href=\"http:\/\/cofecon.org.br\/transparencia\/wp-content\/uploads\/2026\/03\/Deliberacao-4.937-03.12.2019-Homologa-PA-693.pdf\" target=\"_blank\" rel=\"noopener noreferrer\">Homologa os processos administrativos apreciados \nna 693\u00aa Sess\u00e3o Plen\u00e1ria Ordin\u00e1ria do Conselho \nFederal de Economia. <\/a><\/td>\n<\/tr>\n<tr>\n<td>\n<p align=\"center\">4.938<\/p>\n<\/td>\n<td><a href=\"https:\/\/cofecon.org.br\/transparencia\/files\/atos_normativos\/Del\/2019\/Del2019-4938.pdf\" target=\"_blank\" rel=\"noopener noreferrer\">Homologa Processo Cont\u00e1bil da 693\u00aa Sess\u00e3o Plen\u00e1ria <\/a><\/td>\n<\/tr>\n<tr>\n<td>\n<p align=\"center\">4.939<\/p>\n<\/td>\n<td><a href=\"https:\/\/cofecon.org.br\/transparencia\/files\/atos_normativos\/Del\/2019\/Del2019-4939.pdf\" target=\"_blank\" rel=\"noopener noreferrer\">Empr\u00e9stimo Corecon-SE<\/a><\/td>\n<\/tr>\n<tr>\n<td>\n<p align=\"center\">4.940<\/p>\n<\/td>\n<td><a href=\"https:\/\/cofecon.org.br\/transparencia\/files\/atos_normativos\/Del\/2019\/Del2019-4940.pdf\" target=\"_blank\" rel=\"noopener noreferrer\">Registro de RI da UEPA e UNAMA<\/a><\/td>\n<\/tr>\n<tr>\n<td>\n<p align=\"center\">4.941<\/p>\n<\/td>\n<td><a href=\"https:\/\/cofecon.org.br\/transparencia\/files\/atos_normativos\/Del\/2019\/Del2019-4941.pdf\" target=\"_blank\" rel=\"noopener noreferrer\">Registro de RI da UVV<\/a><\/td>\n<\/tr>\n<tr>\n<td>\n<p align=\"center\">4.942<\/p>\n<\/td>\n<td><a href=\"https:\/\/cofecon.org.br\/transparencia\/files\/atos_normativos\/Del\/2019\/Del2019-4942.pdf\" target=\"_blank\" rel=\"noopener noreferrer\">Homologa processos cont\u00e1beis &#8211; 694\u00aa<\/a><\/td>\n<\/tr>\n<\/tbody>\n<\/table>\n<\/div>\t\t\t\t\t\t\t\t<\/div>\n\t\t\t\t<\/div>\n\t\t\t\t\t<\/div>\n\t\t<\/div>\n\t\t\t\t\t<\/div>\n\t\t<\/section>\n\t\t\t\t<\/div>\n\t\t","protected":false},"excerpt":{"rendered":"<p>Delibera\u00e7\u00f5es N\u00ba: Assunto: 4.915 Altera Normativo de Pessoal 4.916 Cargo Comissionado &#8211; Corecon-AC 4.917 Homologa PC-689 4.918 Homologa PA-689 4.919 Bacharelado Finan\u00e7as CE 4.920 RI-MG 4.921 Homologa\u00e7\u00e3o Elei\u00e7\u00e3o Extraordin\u00e1ria-SP 4.922 Homologa Processos Cont\u00e1beis 690\u00aa 4.923 Homologa Processos Administrativos 690\u00aa 4.924 N\u00e3o homologar a remiss\u00e3o dos cr\u00e9ditos PA\/AP 4.925 Reajusta Tabela de Sal\u00e1rios 4.926 Reconhecer a &hellip; <a href=\"https:\/\/cofecon.org.br\/transparencia\/?page_id=1239\" class=\"more-link\">Continue reading <span class=\"screen-reader-text\">Delibera\u00e7\u00f5es-2019<\/span><\/a><\/p>\n","protected":false},"author":11,"featured_media":0,"parent":9,"menu_order":0,"comment_status":"closed","ping_status":"closed","template":"","meta":{"footnotes":""},"class_list":["post-1239","page","type-page","status-publish","hentry"],"_links":{"self":[{"href":"https:\/\/cofecon.org.br\/transparencia\/index.php?rest_route=\/wp\/v2\/pages\/1239"}],"collection":[{"href":"https:\/\/cofecon.org.br\/transparencia\/index.php?rest_route=\/wp\/v2\/pages"}],"about":[{"href":"https:\/\/cofecon.org.br\/transparencia\/index.php?rest_route=\/wp\/v2\/types\/page"}],"author":[{"embeddable":true,"href":"https:\/\/cofecon.org.br\/transparencia\/index.php?rest_route=\/wp\/v2\/users\/11"}],"replies":[{"embeddable":true,"href":"https:\/\/cofecon.org.br\/transparencia\/index.php?rest_route=%2Fwp%2Fv2%2Fcomments&post=1239"}],"version-history":[{"count":36,"href":"https:\/\/cofecon.org.br\/transparencia\/index.php?rest_route=\/wp\/v2\/pages\/1239\/revisions"}],"predecessor-version":[{"id":10618,"href":"https:\/\/cofecon.org.br\/transparencia\/index.php?rest_route=\/wp\/v2\/pages\/1239\/revisions\/10618"}],"up":[{"embeddable":true,"href":"https:\/\/cofecon.org.br\/transparencia\/index.php?rest_route=\/wp\/v2\/pages\/9"}],"wp:attachment":[{"href":"https:\/\/cofecon.org.br\/transparencia\/index.php?rest_route=%2Fwp%2Fv2%2Fmedia&parent=1239"}],"curies":[{"name":"wp","href":"https:\/\/api.w.org\/{rel}","templated":true}]}}