{"id":1220,"date":"2019-02-07T12:52:45","date_gmt":"2019-02-07T12:52:45","guid":{"rendered":"http:\/\/cofecon.org.br\/transparencia\/?page_id=1220"},"modified":"2025-10-15T17:48:40","modified_gmt":"2025-10-15T17:48:40","slug":"resolucoes-2019","status":"publish","type":"page","link":"https:\/\/cofecon.org.br\/transparencia\/?page_id=1220","title":{"rendered":"Resolu\u00e7\u00f5es-2019"},"content":{"rendered":"\t\t<div data-elementor-type=\"wp-page\" data-elementor-id=\"1220\" class=\"elementor elementor-1220\">\n\t\t\t\t\t\t<section class=\"elementor-section elementor-top-section elementor-element elementor-element-499777ab elementor-section-boxed elementor-section-height-default elementor-section-height-default\" data-id=\"499777ab\" data-element_type=\"section\">\n\t\t\t\t\t\t<div class=\"elementor-container elementor-column-gap-default\">\n\t\t\t\t\t<div class=\"elementor-column elementor-col-100 elementor-top-column elementor-element elementor-element-1c7bd37e\" data-id=\"1c7bd37e\" data-element_type=\"column\">\n\t\t\t<div class=\"elementor-widget-wrap elementor-element-populated\">\n\t\t\t\t\t\t<div class=\"elementor-element elementor-element-366ceefe elementor-widget elementor-widget-text-editor\" data-id=\"366ceefe\" data-element_type=\"widget\" data-widget_type=\"text-editor.default\">\n\t\t\t\t<div class=\"elementor-widget-container\">\n\t\t\t\t\t\t\t\t\t<div id=\"articlepxfontsize1\">\n<table border=\"0\" align=\"center\">\n<tbody>\n<tr>\n<th scope=\"row\" align=\"center\" valign=\"middle\" width=\"134\">\n<p dir=\"ltr\" align=\"left\"><strong><span style=\"text-decoration: underline;\"><span style=\"font-size: 10pt;\">Resolu\u00e7\u00f5es N\u00ba:<\/span><\/span><\/strong><\/p>\n<\/th>\n<th scope=\"row\" align=\"center\" valign=\"middle\" width=\"499\">\n<p align=\"center\"><strong><span style=\"text-decoration: underline;\"><span style=\"font-size: 10pt;\">Assunto:<\/span><\/span><\/strong><\/p>\n<\/th>\n<\/tr>\n<tr>\n<td>\n<p align=\"center\">1.999<\/p>\n<\/td>\n<td>\n<p align=\"left\"><a href=\"https:\/\/cofecon.org.br\/transparencia\/files\/atos_normativos\/Res\/2019\/Res2019-1999.pdf\" target=\"_blank\" rel=\"noopener noreferrer\">Institui morat\u00f3ria e prorroga vig\u00eancia interven\u00e7\u00e3o Corecon-AC<\/a><\/p>\n<\/td>\n<\/tr>\n<tr>\n<td>\n<p align=\"center\">2.000<\/p>\n<\/td>\n<td>\n<p align=\"left\"><a href=\"https:\/\/cofecon.org.br\/transparencia\/files\/atos_normativos\/Res\/2019\/Res2019-2000.pdf\" target=\"_blank\" rel=\"noopener noreferrer\">Uso do nome social<\/a><\/p>\n<\/td>\n<\/tr>\n<tr>\n<td>\n<p align=\"center\">2.001<\/p>\n<\/td>\n<td>\n<p align=\"left\"><a href=\"https:\/\/cofecon.org.br\/transparencia\/files\/atos_normativos\/Res\/2019\/Res2019-2001.pdf\" target=\"_blank\" rel=\"noopener noreferrer\">Comiss\u00e3o de Licita\u00e7\u00e3o<\/a><\/p>\n<\/td>\n<\/tr>\n<tr>\n<td>\n<p align=\"center\">2.002<\/p>\n<\/td>\n<td>\n<p align=\"left\"><a href=\"https:\/\/cofecon.org.br\/transparencia\/files\/atos_normativos\/Res\/2019\/Res2019-2002.pdf\" target=\"_blank\" rel=\"noopener noreferrer\">Comiss\u00e3o de Tomada de Contas<\/a><\/p>\n<\/td>\n<\/tr>\n<tr>\n<td>\n<p align=\"center\">2.003<\/p>\n<\/td>\n<td>\n<p align=\"left\"><a href=\"https:\/\/cofecon.org.br\/transparencia\/files\/atos_normativos\/Res\/2019\/Res2019-2003.pdf\" target=\"_blank\" rel=\"noopener noreferrer\">XXV PBE 2019<\/a><\/p>\n<\/td>\n<\/tr>\n<tr>\n<td>\n<p align=\"center\">2.004<\/p>\n<\/td>\n<td>\n<p align=\"left\"><a href=\"https:\/\/cofecon.org.br\/transparencia\/files\/atos_normativos\/Res\/2019\/Res2019-2004.pdf\" target=\"_blank\" rel=\"noopener noreferrer\">IX GNE 2019<\/a><\/p>\n<\/td>\n<\/tr>\n<tr>\n<td>\n<p align=\"center\">2.005<\/p>\n<\/td>\n<td>\n<p align=\"left\"><a href=\"https:\/\/cofecon.org.br\/transparencia\/files\/atos_normativos\/Res\/2019\/Res2019-2005.pdf\" target=\"_blank\" rel=\"noopener noreferrer\">Atividade Per\u00edcia<\/a><\/p>\n<\/td>\n<\/tr>\n<tr>\n<td>\n<p align=\"center\">2.006<\/p>\n<\/td>\n<td>\n<p align=\"left\"><a href=\"https:\/\/cofecon.org.br\/transparencia\/files\/atos_normativos\/Res\/2019\/Res2019-2006.pdf\" target=\"_blank\" rel=\"noopener noreferrer\">Desafio Quero Ser Economista<\/a><\/p>\n<\/td>\n<\/tr>\n<tr>\n<td>\n<p align=\"center\">2.007<\/p>\n<\/td>\n<td>\n<p align=\"left\"><a href=\"https:\/\/cofecon.org.br\/transparencia\/files\/atos_normativos\/Res\/2019\/Res2019-2007.pdf\" target=\"_blank\" rel=\"noopener noreferrer\">Regimento Interno do Conselho Regional de Economia da 23\u00aa Regi\u00e3o &#8211; AC<\/a><\/p>\n<\/td>\n<\/tr>\n<tr>\n<td>\n<p align=\"center\">2.008<\/p>\n<\/td>\n<td>\n<p align=\"left\"><a href=\"https:\/\/cofecon.org.br\/transparencia\/files\/atos_normativos\/Res\/2019\/Res2019-2008.pdf\" target=\"_blank\" rel=\"noopener noreferrer\">Prorroga Morat\u00f3ria AC<\/a><\/p>\n<\/td>\n<\/tr>\n<tr>\n<td>\n<p align=\"center\">2.009<\/p>\n<\/td>\n<td>\n<p align=\"left\"><a href=\"https:\/\/cofecon.org.br\/transparencia\/files\/atos_normativos\/Res\/2019\/Res2019-2009.pdf\" target=\"_blank\" rel=\"noopener noreferrer\">C\u00f3digo de Conduta de Outras Profiss\u00f5es<\/a><\/p>\n<\/td>\n<\/tr>\n<tr>\n<td>\n<p align=\"center\">2.010<\/p>\n<\/td>\n<td>\n<p align=\"left\"><a href=\"https:\/\/cofecon.org.br\/transparencia\/files\/atos_normativos\/Res\/2019\/Res2019-2010.pdf\" target=\"_blank\" rel=\"noopener noreferrer\">Disp\u00f5e sobre o registro de financistas<\/a><\/p>\n<\/td>\n<\/tr>\n<tr>\n<td>\n<p align=\"center\">2.011<\/p>\n<\/td>\n<td>\n<p align=\"left\"><a href=\"https:\/\/cofecon.org.br\/transparencia\/files\/atos_normativos\/Res\/2019\/Res2019-2011.pdf\" target=\"_blank\" rel=\"noopener noreferrer\">Disp\u00f5e sobre o registro de internacionalistas<\/a><\/p>\n<\/td>\n<\/tr>\n<tr>\n<td>\n<p align=\"center\">2.012<\/p>\n<\/td>\n<td>\n<p align=\"left\"><a href=\"https:\/\/cofecon.org.br\/transparencia\/files\/atos_normativos\/Res\/2019\/Res2019-2012.pdf\" target=\"_blank\" rel=\"noopener noreferrer\">Aprova calend\u00e1rio eleitoral<\/a><\/p>\n<\/td>\n<\/tr>\n<tr>\n<td>\n<p align=\"center\">2.013<\/p>\n<\/td>\n<td>\n<p align=\"left\"><a href=\"https:\/\/cofecon.org.br\/transparencia\/files\/atos_normativos\/Res\/2019\/Res2019-2013.pdf\" target=\"_blank\" rel=\"noopener noreferrer\">Encerra interven\u00e7\u00e3o no Corecon-AC<\/a><\/p>\n<\/td>\n<\/tr>\n<tr>\n<td>\n<p align=\"center\">2.014<\/p>\n<\/td>\n<td>\n<p align=\"left\"><a href=\"https:\/\/cofecon.org.br\/transparencia\/files\/atos_normativos\/Res\/2019\/Res2019-2014.pdf\" target=\"_blank\" rel=\"noopener noreferrer\">Prorroga o prazo de inscri\u00e7\u00f5es no XXV Pr\u00eamio Brasil de Economia &#8211; PBE<\/a><\/p>\n<\/td>\n<\/tr>\n<tr>\n<td>\n<p align=\"center\">2.015<\/p>\n<\/td>\n<td>\n<p align=\"left\"><a href=\"https:\/\/cofecon.org.br\/transparencia\/files\/atos_normativos\/Res\/2019\/Res2019-2015.pdf\" target=\"_blank\" rel=\"noopener noreferrer\">Altera Normativo de Registro Profissional<\/a><\/p>\n<\/td>\n<\/tr>\n<tr>\n<td>\n<p align=\"center\">2.016<\/p>\n<\/td>\n<td>\n<p align=\"left\"><a href=\"https:\/\/cofecon.org.br\/transparencia\/files\/atos_normativos\/Res\/2019\/Res2019-2016.pdf\" target=\"_blank\" rel=\"noopener noreferrer\">Altera Manual de Arrecada\u00e7\u00e3o do Sistema Cofecon\/Corecon<\/a><\/p>\n<\/td>\n<\/tr>\n<tr>\n<td>\n<p align=\"center\">2.017<\/p>\n<\/td>\n<td>\n<p align=\"left\"><a href=\"https:\/\/cofecon.org.br\/transparencia\/files\/atos_normativos\/Res\/2019\/Res2019-2017.pdf\" target=\"_blank\" rel=\"noopener noreferrer\">Altera Normativo de Registro<\/a><\/p>\n<\/td>\n<\/tr>\n<tr>\n<td>\n<p align=\"center\">2.018<\/p>\n<\/td>\n<td>\n<p align=\"left\"><a href=\"https:\/\/cofecon.org.br\/transparencia\/files\/atos_normativos\/Res\/2019\/Res2019-2018.pdf\" target=\"_blank\" rel=\"noopener noreferrer\">Prazo de Candidaturas CBE<\/a><\/p>\n<\/td>\n<\/tr>\n<tr>\n<td>\n<p align=\"center\">2.019<\/p>\n<\/td>\n<td>\n<p align=\"left\"><a href=\"https:\/\/cofecon.org.br\/transparencia\/files\/atos_normativos\/Res\/2019\/Res2019-2019.pdf\" target=\"_blank\" rel=\"noopener noreferrer\">Altera Comiss\u00e3o de Licita\u00e7\u00e3o do Cofecon<\/a><\/p>\n<\/td>\n<\/tr>\n<tr>\n<td>\n<p align=\"center\">2.020<\/p>\n<\/td>\n<td>\n<p align=\"left\"><a href=\"https:\/\/cofecon.org.br\/transparencia\/files\/atos_normativos\/Res\/2019\/Res2019-2020.pdf\" target=\"_blank\" rel=\"noopener noreferrer\">Regras para atividades de arbitragem<\/a><\/p>\n<\/td>\n<\/tr>\n<tr>\n<td>\n<p align=\"center\">2.021<\/p>\n<\/td>\n<td>\n<p align=\"left\"><a href=\"https:\/\/cofecon.org.br\/transparencia\/files\/atos_normativos\/Res\/2019\/Res2019-2021.pdf\" target=\"_blank\" rel=\"noopener noreferrer\">Fixa os valores das anuidades<\/a><\/p>\n<\/td>\n<\/tr>\n<tr>\n<td>\n<p align=\"center\">2.022<\/p>\n<\/td>\n<td>\n<p align=\"left\"><a href=\"https:\/\/cofecon.org.br\/transparencia\/files\/atos_normativos\/Res\/2019\/Res2019-2022.pdf\" target=\"_blank\" rel=\"noopener noreferrer\">Altera normativo de registro<\/a><\/p>\n<\/td>\n<\/tr>\n<tr>\n<td>\n<p align=\"center\">2.023<\/p>\n<\/td>\n<td>\n<p align=\"left\"><a href=\"https:\/\/cofecon.org.br\/transparencia\/files\/atos_normativos\/Res\/2019\/Res2019-2023.pdf\" target=\"_blank\" rel=\"noopener noreferrer\">Altera Procedimento de Registro &#8211; Efeitos do pedido de suspens\u00e3o e de cancelamento<\/a><\/p>\n<\/td>\n<\/tr>\n<tr>\n<td>\n<p align=\"center\">2.024<\/p>\n<\/td>\n<td>\n<p align=\"left\"><a href=\"https:\/\/cofecon.org.br\/transparencia\/files\/atos_normativos\/Res\/2019\/Res2019-2024.pdf\" target=\"_blank\" rel=\"noopener noreferrer\">Altera Manual de Arrecada\u00e7\u00e3o &#8211; Ajuste de refer\u00eancia<\/a><\/p>\n<\/td>\n<\/tr>\n<tr>\n<td>\n<p align=\"center\">2.025<\/p>\n<\/td>\n<td>\n<p align=\"left\"><a href=\"https:\/\/cofecon.org.br\/transparencia\/files\/atos_normativos\/Res\/2019\/Res2019-2025.pdf\" target=\"_blank\" rel=\"noopener noreferrer\">Altera a Resolu\u00e7\u00e3o da VHTE<\/a><\/p>\n<\/td>\n<\/tr>\n<tr>\n<td>\n<p align=\"center\">2.026<\/p>\n<\/td>\n<td>\n<p align=\"left\"><a href=\"https:\/\/cofecon.org.br\/transparencia\/files\/atos_normativos\/Res\/2019\/Res2019-2026.pdf\" target=\"_blank\" rel=\"noopener noreferrer\">Altera Dispositivos &#8211; Diretrizes de padroniza\u00e7\u00e3o<\/a><\/p>\n<\/td>\n<\/tr>\n<tr>\n<td>\n<p align=\"center\">2.027<\/p>\n<\/td>\n<td>\n<p align=\"left\"><a href=\"https:\/\/cofecon.org.br\/transparencia\/files\/atos_normativos\/Res\/2019\/Res2019-2027.pdf\" target=\"_blank\" rel=\"noopener noreferrer\">Concurso de Resenha<\/a><\/p>\n<\/td>\n<\/tr>\n<\/tbody>\n<\/table>\n<\/div>\t\t\t\t\t\t\t\t<\/div>\n\t\t\t\t<\/div>\n\t\t\t\t\t<\/div>\n\t\t<\/div>\n\t\t\t\t\t<\/div>\n\t\t<\/section>\n\t\t\t\t<\/div>\n\t\t","protected":false},"excerpt":{"rendered":"<p>Resolu\u00e7\u00f5es N\u00ba: Assunto: 1.999 Institui morat\u00f3ria e prorroga vig\u00eancia interven\u00e7\u00e3o Corecon-AC 2.000 Uso do nome social 2.001 Comiss\u00e3o de Licita\u00e7\u00e3o 2.002 Comiss\u00e3o de Tomada de Contas 2.003 XXV PBE 2019 2.004 IX GNE 2019 2.005 Atividade Per\u00edcia 2.006 Desafio Quero Ser Economista 2.007 Regimento Interno do Conselho Regional de Economia da 23\u00aa Regi\u00e3o &#8211; AC &hellip; <a href=\"https:\/\/cofecon.org.br\/transparencia\/?page_id=1220\" class=\"more-link\">Continue reading <span class=\"screen-reader-text\">Resolu\u00e7\u00f5es-2019<\/span><\/a><\/p>\n","protected":false},"author":11,"featured_media":0,"parent":9,"menu_order":0,"comment_status":"closed","ping_status":"closed","template":"","meta":{"footnotes":""},"class_list":["post-1220","page","type-page","status-publish","hentry"],"_links":{"self":[{"href":"https:\/\/cofecon.org.br\/transparencia\/index.php?rest_route=\/wp\/v2\/pages\/1220"}],"collection":[{"href":"https:\/\/cofecon.org.br\/transparencia\/index.php?rest_route=\/wp\/v2\/pages"}],"about":[{"href":"https:\/\/cofecon.org.br\/transparencia\/index.php?rest_route=\/wp\/v2\/types\/page"}],"author":[{"embeddable":true,"href":"https:\/\/cofecon.org.br\/transparencia\/index.php?rest_route=\/wp\/v2\/users\/11"}],"replies":[{"embeddable":true,"href":"https:\/\/cofecon.org.br\/transparencia\/index.php?rest_route=%2Fwp%2Fv2%2Fcomments&post=1220"}],"version-history":[{"count":27,"href":"https:\/\/cofecon.org.br\/transparencia\/index.php?rest_route=\/wp\/v2\/pages\/1220\/revisions"}],"predecessor-version":[{"id":10020,"href":"https:\/\/cofecon.org.br\/transparencia\/index.php?rest_route=\/wp\/v2\/pages\/1220\/revisions\/10020"}],"up":[{"embeddable":true,"href":"https:\/\/cofecon.org.br\/transparencia\/index.php?rest_route=\/wp\/v2\/pages\/9"}],"wp:attachment":[{"href":"https:\/\/cofecon.org.br\/transparencia\/index.php?rest_route=%2Fwp%2Fv2%2Fmedia&parent=1220"}],"curies":[{"name":"wp","href":"https:\/\/api.w.org\/{rel}","templated":true}]}}

Resoluções-2019

<div data-elementor-type="wp-page" data-elementor-id="1220" class="elementor elementor-1220">
						<section class="elementor-section elementor-top-section elementor-element elementor-element-499777ab elementor-section-boxed elementor-section-height-default elementor-section-height-default" data-id="499777ab" data-element_type="section">
						<div class="elementor-container elementor-column-gap-default">
					<div class="elementor-column elementor-col-100 elementor-top-column elementor-element elementor-element-1c7bd37e" data-id="1c7bd37e" data-element_type="column">
			<div class="elementor-widget-wrap elementor-element-populated">
						<div class="elementor-element elementor-element-366ceefe elementor-widget elementor-widget-text-editor" data-id="366ceefe" data-element_type="widget" data-widget_type="text-editor.default">
				<div class="elementor-widget-container">
									<div id="articlepxfontsize1">
<table border="0" align="center">
<tbody>
<tr>
<th scope="row" align="center" valign="middle" width="134">
<p dir="ltr" align="left"><strong><span style="text-decoration: underline;"><span style="font-size: 10pt;">Resoluções Nº:</span></span></strong></p>
</th>
<th scope="row" align="center" valign="middle" width="499">
<p align="center"><strong><span style="text-decoration: underline;"><span style="font-size: 10pt;">Assunto:</span></span></strong></p>
</th>
</tr>
<tr>
<td>
<p align="center">1.999</p>
</td>
<td>
<p align="left"><a href="https://cofecon.org.br/transparencia/files/atos_normativos/Res/2019/Res2019-1999.pdf" target="_blank" rel="noopener noreferrer">Institui moratória e prorroga vigência intervenção Corecon-AC</a></p>
</td>
</tr>
<tr>
<td>
<p align="center">2.000</p>
</td>
<td>
<p align="left"><a href="https://cofecon.org.br/transparencia/files/atos_normativos/Res/2019/Res2019-2000.pdf" target="_blank" rel="noopener noreferrer">Uso do nome social</a></p>
</td>
</tr>
<tr>
<td>
<p align="center">2.001</p>
</td>
<td>
<p align="left"><a href="https://cofecon.org.br/transparencia/files/atos_normativos/Res/2019/Res2019-2001.pdf" target="_blank" rel="noopener noreferrer">Comissão de Licitação</a></p>
</td>
</tr>
<tr>
<td>
<p align="center">2.002</p>
</td>
<td>
<p align="left"><a href="https://cofecon.org.br/transparencia/files/atos_normativos/Res/2019/Res2019-2002.pdf" target="_blank" rel="noopener noreferrer">Comissão de Tomada de Contas</a></p>
</td>
</tr>
<tr>
<td>
<p align="center">2.003</p>
</td>
<td>
<p align="left"><a href="https://cofecon.org.br/transparencia/files/atos_normativos/Res/2019/Res2019-2003.pdf" target="_blank" rel="noopener noreferrer">XXV PBE 2019</a></p>
</td>
</tr>
<tr>
<td>
<p align="center">2.004</p>
</td>
<td>
<p align="left"><a href="https://cofecon.org.br/transparencia/files/atos_normativos/Res/2019/Res2019-2004.pdf" target="_blank" rel="noopener noreferrer">IX GNE 2019</a></p>
</td>
</tr>
<tr>
<td>
<p align="center">2.005</p>
</td>
<td>
<p align="left"><a href="https://cofecon.org.br/transparencia/files/atos_normativos/Res/2019/Res2019-2005.pdf" target="_blank" rel="noopener noreferrer">Atividade Perícia</a></p>
</td>
</tr>
<tr>
<td>
<p align="center">2.006</p>
</td>
<td>
<p align="left"><a href="https://cofecon.org.br/transparencia/files/atos_normativos/Res/2019/Res2019-2006.pdf" target="_blank" rel="noopener noreferrer">Desafio Quero Ser Economista</a></p>
</td>
</tr>
<tr>
<td>
<p align="center">2.007</p>
</td>
<td>
<p align="left"><a href="https://cofecon.org.br/transparencia/files/atos_normativos/Res/2019/Res2019-2007.pdf" target="_blank" rel="noopener noreferrer">Regimento Interno do Conselho Regional de Economia da 23ª Região &#8211; AC</a></p>
</td>
</tr>
<tr>
<td>
<p align="center">2.008</p>
</td>
<td>
<p align="left"><a href="https://cofecon.org.br/transparencia/files/atos_normativos/Res/2019/Res2019-2008.pdf" target="_blank" rel="noopener noreferrer">Prorroga Moratória AC</a></p>
</td>
</tr>
<tr>
<td>
<p align="center">2.009</p>
</td>
<td>
<p align="left"><a href="https://cofecon.org.br/transparencia/files/atos_normativos/Res/2019/Res2019-2009.pdf" target="_blank" rel="noopener noreferrer">Código de Conduta de Outras Profissões</a></p>
</td>
</tr>
<tr>
<td>
<p align="center">2.010</p>
</td>
<td>
<p align="left"><a href="https://cofecon.org.br/transparencia/files/atos_normativos/Res/2019/Res2019-2010.pdf" target="_blank" rel="noopener noreferrer">Dispõe sobre o registro de financistas</a></p>
</td>
</tr>
<tr>
<td>
<p align="center">2.011</p>
</td>
<td>
<p align="left"><a href="https://cofecon.org.br/transparencia/files/atos_normativos/Res/2019/Res2019-2011.pdf" target="_blank" rel="noopener noreferrer">Dispõe sobre o registro de internacionalistas</a></p>
</td>
</tr>
<tr>
<td>
<p align="center">2.012</p>
</td>
<td>
<p align="left"><a href="https://cofecon.org.br/transparencia/files/atos_normativos/Res/2019/Res2019-2012.pdf" target="_blank" rel="noopener noreferrer">Aprova calendário eleitoral</a></p>
</td>
</tr>
<tr>
<td>
<p align="center">2.013</p>
</td>
<td>
<p align="left"><a href="https://cofecon.org.br/transparencia/files/atos_normativos/Res/2019/Res2019-2013.pdf" target="_blank" rel="noopener noreferrer">Encerra intervenção no Corecon-AC</a></p>
</td>
</tr>
<tr>
<td>
<p align="center">2.014</p>
</td>
<td>
<p align="left"><a href="https://cofecon.org.br/transparencia/files/atos_normativos/Res/2019/Res2019-2014.pdf" target="_blank" rel="noopener noreferrer">Prorroga o prazo de inscrições no XXV Prêmio Brasil de Economia &#8211; PBE</a></p>
</td>
</tr>
<tr>
<td>
<p align="center">2.015</p>
</td>
<td>
<p align="left"><a href="https://cofecon.org.br/transparencia/files/atos_normativos/Res/2019/Res2019-2015.pdf" target="_blank" rel="noopener noreferrer">Altera Normativo de Registro Profissional</a></p>
</td>
</tr>
<tr>
<td>
<p align="center">2.016</p>
</td>
<td>
<p align="left"><a href="https://cofecon.org.br/transparencia/files/atos_normativos/Res/2019/Res2019-2016.pdf" target="_blank" rel="noopener noreferrer">Altera Manual de Arrecadação do Sistema Cofecon/Corecon</a></p>
</td>
</tr>
<tr>
<td>
<p align="center">2.017</p>
</td>
<td>
<p align="left"><a href="https://cofecon.org.br/transparencia/files/atos_normativos/Res/2019/Res2019-2017.pdf" target="_blank" rel="noopener noreferrer">Altera Normativo de Registro</a></p>
</td>
</tr>
<tr>
<td>
<p align="center">2.018</p>
</td>
<td>
<p align="left"><a href="https://cofecon.org.br/transparencia/files/atos_normativos/Res/2019/Res2019-2018.pdf" target="_blank" rel="noopener noreferrer">Prazo de Candidaturas CBE</a></p>
</td>
</tr>
<tr>
<td>
<p align="center">2.019</p>
</td>
<td>
<p align="left"><a href="https://cofecon.org.br/transparencia/files/atos_normativos/Res/2019/Res2019-2019.pdf" target="_blank" rel="noopener noreferrer">Altera Comissão de Licitação do Cofecon</a></p>
</td>
</tr>
<tr>
<td>
<p align="center">2.020</p>
</td>
<td>
<p align="left"><a href="https://cofecon.org.br/transparencia/files/atos_normativos/Res/2019/Res2019-2020.pdf" target="_blank" rel="noopener noreferrer">Regras para atividades de arbitragem</a></p>
</td>
</tr>
<tr>
<td>
<p align="center">2.021</p>
</td>
<td>
<p align="left"><a href="https://cofecon.org.br/transparencia/files/atos_normativos/Res/2019/Res2019-2021.pdf" target="_blank" rel="noopener noreferrer">Fixa os valores das anuidades</a></p>
</td>
</tr>
<tr>
<td>
<p align="center">2.022</p>
</td>
<td>
<p align="left"><a href="https://cofecon.org.br/transparencia/files/atos_normativos/Res/2019/Res2019-2022.pdf" target="_blank" rel="noopener noreferrer">Altera normativo de registro</a></p>
</td>
</tr>
<tr>
<td>
<p align="center">2.023</p>
</td>
<td>
<p align="left"><a href="https://cofecon.org.br/transparencia/files/atos_normativos/Res/2019/Res2019-2023.pdf" target="_blank" rel="noopener noreferrer">Altera Procedimento de Registro &#8211; Efeitos do pedido de suspensão e de cancelamento</a></p>
</td>
</tr>
<tr>
<td>
<p align="center">2.024</p>
</td>
<td>
<p align="left"><a href="https://cofecon.org.br/transparencia/files/atos_normativos/Res/2019/Res2019-2024.pdf" target="_blank" rel="noopener noreferrer">Altera Manual de Arrecadação &#8211; Ajuste de referência</a></p>
</td>
</tr>
<tr>
<td>
<p align="center">2.025</p>
</td>
<td>
<p align="left"><a href="https://cofecon.org.br/transparencia/files/atos_normativos/Res/2019/Res2019-2025.pdf" target="_blank" rel="noopener noreferrer">Altera a Resolução da VHTE</a></p>
</td>
</tr>
<tr>
<td>
<p align="center">2.026</p>
</td>
<td>
<p align="left"><a href="https://cofecon.org.br/transparencia/files/atos_normativos/Res/2019/Res2019-2026.pdf" target="_blank" rel="noopener noreferrer">Altera Dispositivos &#8211; Diretrizes de padronização</a></p>
</td>
</tr>
<tr>
<td>
<p align="center">2.027</p>
</td>
<td>
<p align="left"><a href="https://cofecon.org.br/transparencia/files/atos_normativos/Res/2019/Res2019-2027.pdf" target="_blank" rel="noopener noreferrer">Concurso de Resenha</a></p>
</td>
</tr>
</tbody>
</table>
</div>								</div>
				</div>
					</div>
		</div>
					</div>
		</section>
				</div>

<p>Resoluções Nº: Assunto: 1.999 Institui moratória e prorroga vigência intervenção Corecon-AC 2.000 Uso do nome social 2.001 Comissão de Licitação 2.002 Comissão de Tomada de Contas 2.003 XXV PBE 2019 2.004 IX GNE 2019 2.005 Atividade Perícia 2.006 Desafio Quero Ser Economista 2.007 Regimento Interno do Conselho Regional de Economia da 23ª Região &#8211; AC &hellip; <a href="https://cofecon.org.br/transparencia/?page_id=1220" class="more-link">Continue reading <span class="screen-reader-text">Resoluções-2019</span></a></p>
