{"id":1003,"date":"2018-04-06T17:52:16","date_gmt":"2018-04-06T17:52:16","guid":{"rendered":"http:\/\/cofecon.org.br\/transparencia\/?page_id=1003"},"modified":"2026-01-28T12:54:15","modified_gmt":"2026-01-28T12:54:15","slug":"ce","status":"publish","type":"page","link":"https:\/\/cofecon.org.br\/transparencia\/?page_id=1003","title":{"rendered":"Corecon &#8211; CE"},"content":{"rendered":"\t\t<div data-elementor-type=\"wp-page\" data-elementor-id=\"1003\" class=\"elementor elementor-1003\">\n\t\t\t\t\t\t<section class=\"elementor-section elementor-top-section elementor-element elementor-element-602ea226 elementor-section-boxed elementor-section-height-default elementor-section-height-default\" data-id=\"602ea226\" data-element_type=\"section\">\n\t\t\t\t\t\t<div class=\"elementor-container elementor-column-gap-default\">\n\t\t\t\t\t<div class=\"elementor-column elementor-col-100 elementor-top-column elementor-element elementor-element-678faee\" data-id=\"678faee\" data-element_type=\"column\">\n\t\t\t<div class=\"elementor-widget-wrap elementor-element-populated\">\n\t\t\t\t\t\t<div class=\"elementor-element elementor-element-3f87730c elementor-widget elementor-widget-text-editor\" data-id=\"3f87730c\" data-element_type=\"widget\" data-widget_type=\"text-editor.default\">\n\t\t\t\t<div class=\"elementor-widget-container\">\n\t\t\t\t\t\t\t\t\t<div align=\"left\"><p><img decoding=\"async\" class=\"alignnone size-full wp-image-8864\" src=\"http:\/\/cofecon.org.br\/transparencia\/wp-content\/uploads\/2024\/11\/corecon-06.png\" alt=\"\" width=\"348\" height=\"112\" \/><\/p><div><div align=\"left\"><strong>Site:<\/strong> www.corecon-ce.org.br<\/div><div align=\"left\"><strong>E-mail:<\/strong> atendimento@corecon-ce.org.br; administrativo01@coreconce.org.br; fiscalizacao@corecon-ce.org.br<\/div><div align=\"left\"><strong>CNPJ:<\/strong> 23.490.436\/0001-01<br \/><strong>Endere\u00e7o:<\/strong> Avenida Ant\u00f4nio Sales, 1317 &#8211; sala 102 &#8211; ED. Nordeste Center \/ Bairro Joaquim T\u00e1vora<br \/>Fortaleza \/ CE CEP 60.135-101<br \/><strong>Telefones:: <\/strong>(85) 32460523 \/ (85) 32461551 \/ (85) 981155298<\/div><div align=\"left\"><strong>Respons\u00e1vel Direto:<\/strong> Cristina Arag\u00e3o Cavalcante Cl\u00e1udio (Fiscal) e Elaine Gomes (estagi\u00e1ria da presid\u00eancia) \/ (85) 98115-5298 \/ (85) 99165-6546<br \/><strong>E-mail:<\/strong> fiscalizacao@corecon-ce.org.br; administrativo@corecon-ce.org.br<br \/><strong>Presidente:<\/strong> Jos\u00e9 Wandemberg Rodrigues Almeida<br \/><strong>Vice-Presidente:<\/strong> Isadora Gon\u00e7alves Costa Osterno<\/div><div align=\"left\">\u00a0<\/div><\/div><\/div>\t\t\t\t\t\t\t\t<\/div>\n\t\t\t\t<\/div>\n\t\t\t\t\t<\/div>\n\t\t<\/div>\n\t\t\t\t\t<\/div>\n\t\t<\/section>\n\t\t\t\t<\/div>\n\t\t","protected":false},"excerpt":{"rendered":"<p>Site: www.corecon-ce.org.brE-mail: atendimento@corecon-ce.org.br; administrativo01@coreconce.org.br; fiscalizacao@corecon-ce.org.brCNPJ: 23.490.436\/0001-01Endere\u00e7o: Avenida Ant\u00f4nio Sales, 1317 &#8211; sala 102 &#8211; ED. Nordeste Center \/ Bairro Joaquim T\u00e1voraFortaleza \/ CE CEP 60.135-101Telefones:: (85) 32460523 \/ (85) 32461551 \/ (85) 981155298Respons\u00e1vel Direto: Cristina Arag\u00e3o Cavalcante Cl\u00e1udio (Fiscal) e Elaine Gomes (estagi\u00e1ria da presid\u00eancia) \/ (85) 98115-5298 \/ (85) 99165-6546E-mail: fiscalizacao@corecon-ce.org.br; administrativo@corecon-ce.org.brPresidente: Jos\u00e9 Wandemberg &hellip; <a href=\"https:\/\/cofecon.org.br\/transparencia\/?page_id=1003\" class=\"more-link\">Continue reading <span class=\"screen-reader-text\">Corecon &#8211; CE<\/span><\/a><\/p>\n","protected":false},"author":11,"featured_media":0,"parent":912,"menu_order":0,"comment_status":"closed","ping_status":"closed","template":"","meta":{"footnotes":""},"class_list":["post-1003","page","type-page","status-publish","hentry"],"_links":{"self":[{"href":"https:\/\/cofecon.org.br\/transparencia\/index.php?rest_route=\/wp\/v2\/pages\/1003"}],"collection":[{"href":"https:\/\/cofecon.org.br\/transparencia\/index.php?rest_route=\/wp\/v2\/pages"}],"about":[{"href":"https:\/\/cofecon.org.br\/transparencia\/index.php?rest_route=\/wp\/v2\/types\/page"}],"author":[{"embeddable":true,"href":"https:\/\/cofecon.org.br\/transparencia\/index.php?rest_route=\/wp\/v2\/users\/11"}],"replies":[{"embeddable":true,"href":"https:\/\/cofecon.org.br\/transparencia\/index.php?rest_route=%2Fwp%2Fv2%2Fcomments&post=1003"}],"version-history":[{"count":29,"href":"https:\/\/cofecon.org.br\/transparencia\/index.php?rest_route=\/wp\/v2\/pages\/1003\/revisions"}],"predecessor-version":[{"id":10440,"href":"https:\/\/cofecon.org.br\/transparencia\/index.php?rest_route=\/wp\/v2\/pages\/1003\/revisions\/10440"}],"up":[{"embeddable":true,"href":"https:\/\/cofecon.org.br\/transparencia\/index.php?rest_route=\/wp\/v2\/pages\/912"}],"wp:attachment":[{"href":"https:\/\/cofecon.org.br\/transparencia\/index.php?rest_route=%2Fwp%2Fv2%2Fmedia&parent=1003"}],"curies":[{"name":"wp","href":"https:\/\/api.w.org\/{rel}","templated":true}]}}