{"id":8641,"date":"2019-08-19T11:02:01","date_gmt":"2019-08-19T14:02:01","guid":{"rendered":"https:\/\/www.cofecon.org.br\/?page_id=8641"},"modified":"2025-03-31T14:47:03","modified_gmt":"2025-03-31T17:47:03","slug":"justica-social","status":"publish","type":"page","link":"https:\/\/cofecon.org.br\/cofecon\/?page_id=8641","title":{"rendered":"Justi\u00e7a Social"},"content":{"rendered":"\n<p>A revista<strong> Justi\u00e7a Social<\/strong> \u00e9 uma publica\u00e7\u00e3o do F\u00f3rum Nacional pela Redu\u00e7\u00e3o da Desigualdade Social, coordenado pelo Conselho Federal de Economia e que conta com a ades\u00e3o de entidades nacionais e locais. O objetivo da revista \u00e9 apresentar artigos de especialistas sobre as principais quest\u00f5es relacionadas \u00e0 desigualdade social no Brasil.<\/p>\n<p>&nbsp;<\/p>\n\n<p><a href=\"https:\/\/cofecon.org\/Revistas\/justicasocial2024.pdf\" target=\"_blank\" rel=\"noopener\"><img loading=\"lazy\" decoding=\"async\" class=\"alignnone\" src=\"https:\/\/cofecon.org\/Revistas\/Capas\/capa-revista-forum-2024.png\" alt=\"\" width=\"272\" height=\"350\"><\/a>&nbsp;&nbsp;\n<!--<a href=\"https:\/\/issuu.com\/cofeconeconomia\/docs\/justi_a_social_-_eixo_4\" target=\"_blank\" rel=\"noopener\"><img loading=\"lazy\" decoding=\"async\" class=\"alignnone\" src=\"\/cofecon\/download\/justicasocial\/001-Out2020.png\" alt=\"\" width=\"272\" height=\"350\"><\/a>--><\/p>\n\n<p><a href=\"https:\/\/issuu.com\/cofeconeconomia\/docs\/justi_a_social_-_eixo_5\" target=\"_blank\" rel=\"noopener\"><img loading=\"lazy\" decoding=\"async\" class=\"alignnone\" src=\"\/cofecon\/download\/justicasocial\/001-Nov2021.png\" alt=\"\" width=\"272\" height=\"350\"><\/a>&nbsp;&nbsp;\n<a href=\"https:\/\/issuu.com\/cofeconeconomia\/docs\/justi_a_social_-_eixo_4\" target=\"_blank\" rel=\"noopener\"><img loading=\"lazy\" decoding=\"async\" class=\"alignnone\" src=\"\/cofecon\/download\/justicasocial\/001-Out2020.png\" alt=\"\" width=\"272\" height=\"350\"><\/a><\/p>\n\n<p><a href=\"https:\/\/cofecon.org\/downloads\/justica-social\/Justi\u00e7a-Social-2020.pdf\" target=\"_blank\" rel=\"noopener\"><img loading=\"lazy\" decoding=\"async\" class=\"alignnone\" src=\"https:\/\/cofecon.org\/downloads\/justica-social\/justica-social_2020.gif\" alt=\"\" width=\"270\" height=\"350\"><\/a>&nbsp;&nbsp;\n<\/p>\n","protected":false},"excerpt":{"rendered":"<p>A revista Justi\u00e7a Social \u00e9 uma publica\u00e7\u00e3o do F\u00f3rum Nacional pela Redu\u00e7\u00e3o da Desigualdade Social, coordenado pelo Conselho Federal de Economia e que conta com a ades\u00e3o de entidades nacionais e locais. O objetivo da revista \u00e9 apresentar artigos de<\/p>\n<p><a class=\"more-link\" href=\"https:\/\/cofecon.org.br\/cofecon\/?page_id=8641\">Leia Mais<\/a><\/p>\n","protected":false},"author":1,"featured_media":0,"parent":0,"menu_order":0,"comment_status":"closed","ping_status":"closed","template":"","meta":{"footnotes":""},"class_list":["post-8641","page","type-page","status-publish","hentry"],"_links":{"self":[{"href":"https:\/\/cofecon.org.br\/cofecon\/index.php?rest_route=\/wp\/v2\/pages\/8641"}],"collection":[{"href":"https:\/\/cofecon.org.br\/cofecon\/index.php?rest_route=\/wp\/v2\/pages"}],"about":[{"href":"https:\/\/cofecon.org.br\/cofecon\/index.php?rest_route=\/wp\/v2\/types\/page"}],"author":[{"embeddable":true,"href":"https:\/\/cofecon.org.br\/cofecon\/index.php?rest_route=\/wp\/v2\/users\/1"}],"replies":[{"embeddable":true,"href":"https:\/\/cofecon.org.br\/cofecon\/index.php?rest_route=%2Fwp%2Fv2%2Fcomments&post=8641"}],"version-history":[{"count":5,"href":"https:\/\/cofecon.org.br\/cofecon\/index.php?rest_route=\/wp\/v2\/pages\/8641\/revisions"}],"predecessor-version":[{"id":25229,"href":"https:\/\/cofecon.org.br\/cofecon\/index.php?rest_route=\/wp\/v2\/pages\/8641\/revisions\/25229"}],"wp:attachment":[{"href":"https:\/\/cofecon.org.br\/cofecon\/index.php?rest_route=%2Fwp%2Fv2%2Fmedia&parent=8641"}],"curies":[{"name":"wp","href":"https:\/\/api.w.org\/{rel}","templated":true}]}}

Justiça Social

<p>A revista<strong> Justiça Social</strong> é uma publicação do Fórum Nacional pela Redução da Desigualdade Social, coordenado pelo Conselho Federal de Economia e que conta com a adesão de entidades nacionais e locais. O objetivo da revista é apresentar artigos de especialistas sobre as principais questões relacionadas à desigualdade social no Brasil.</p>
<p>&nbsp;</p>

<p><a href="https://cofecon.org/Revistas/justicasocial2024.pdf" target="_blank" rel="noopener"><img loading="lazy" decoding="async" class="alignnone" src="https://cofecon.org/Revistas/Capas/capa-revista-forum-2024.png" alt="" width="272" height="350"></a>&nbsp;&nbsp;
<!--<a href="https://issuu.com/cofeconeconomia/docs/justi_a_social_-_eixo_4" target="_blank" rel="noopener"><img loading="lazy" decoding="async" class="alignnone" src="/cofecon/download/justicasocial/001-Out2020.png" alt="" width="272" height="350"></a>--></p>

<p><a href="https://issuu.com/cofeconeconomia/docs/justi_a_social_-_eixo_5" target="_blank" rel="noopener"><img loading="lazy" decoding="async" class="alignnone" src="/cofecon/download/justicasocial/001-Nov2021.png" alt="" width="272" height="350"></a>&nbsp;&nbsp;
<a href="https://issuu.com/cofeconeconomia/docs/justi_a_social_-_eixo_4" target="_blank" rel="noopener"><img loading="lazy" decoding="async" class="alignnone" src="/cofecon/download/justicasocial/001-Out2020.png" alt="" width="272" height="350"></a></p>

<p><a href="https://cofecon.org/downloads/justica-social/Justiça-Social-2020.pdf" target="_blank" rel="noopener"><img loading="lazy" decoding="async" class="alignnone" src="https://cofecon.org/downloads/justica-social/justica-social_2020.gif" alt="" width="270" height="350"></a>&nbsp;&nbsp;
</p>

<p>A revista Justiça Social é uma publicação do Fórum Nacional pela Redução da Desigualdade Social, coordenado pelo Conselho Federal de Economia e que conta com a adesão de entidades nacionais e locais. O objetivo da revista é apresentar artigos de</p>
<p><a class="more-link" href="https://cofecon.org.br/cofecon/?page_id=8641">Leia Mais</a></p>
