{"id":178,"date":"2017-03-13T13:27:31","date_gmt":"2017-03-13T16:27:31","guid":{"rendered":"http:\/\/www.cofecon.org.br\/?page_id=178"},"modified":"2017-03-13T13:27:31","modified_gmt":"2017-03-13T16:27:31","slug":"planejamento-estrategico","status":"publish","type":"page","link":"https:\/\/cofecon.org.br\/cofecon\/?page_id=178","title":{"rendered":"Planejamento Estrat\u00e9gico"},"content":{"rendered":"<p style=\"text-align: center;\" align=\"center\"><strong>MISS\u00c3O<\/strong><\/p>\n<p style=\"text-align: center;\" align=\"justify\">Contribuir para o desenvolvimento socioecon\u00f4mico do pa\u00eds e assegurar o exerc\u00edcio legal e \u00e9tico da profiss\u00e3o do economista.<\/p>\n<p style=\"text-align: center;\" align=\"center\"><strong>VIS\u00c3O <\/strong><\/p>\n<p style=\"text-align: center;\" align=\"justify\">Ser refer\u00eancia como entidade profissional que contribui de forma decisiva para o desenvolvimento econ\u00f4mico com justi\u00e7a social.<\/p>\n<p align=\"center\"><strong>OBJETIVOS ESTRAT\u00c9GICOS<\/strong><\/p>\n<p align=\"justify\">Perspectiva SOCIEDADE<\/p>\n<p align=\"justify\">1) Consolidar o COFECON como \u00f3rg\u00e3o consultivo nacional no \u00e2mbito das quest\u00f5es econ\u00f4micas;<br \/>\n 2) Fortalecer, junto \u00e0 sociedade, uma imagem do Sistema e do Economista de credibilidade e reconhecimento em quest\u00f5es econ\u00f4micas;<br \/>\n 3) Participar ativamente dos grandes temas socioecon\u00f4micos no \u00e2mbito p\u00fablico e privado.<\/p>\n<p align=\"justify\">Perspectiva BENEFICI\u00c1RIOS<\/p>\n<p align=\"justify\">4) Promover a\u00e7\u00f5es de conscientiza\u00e7\u00e3o dos CORECONs para o trabalho em &#8220;rede&#8221; dentro do Sistema;<br \/>\n 5) Promover a dissemina\u00e7\u00e3o das melhores pr\u00e1ticas de gest\u00e3o para todo o Sistema COFECON \/ CORECONs;<br \/>\n 6) Fomentar, realizar e divulgar contribui\u00e7\u00f5es sobre temas relevantes para a sociedade brasileira;<br \/>\n 7) Ampliar a participa\u00e7\u00e3o de estudantes, bachar\u00e9is em economia e economistas no Sistema COFECON\/CORECONs;<br \/>\n 8) Defender e ampliar o campo de atua\u00e7\u00e3o do profissional economista;<br \/>\n 9) Promover a valoriza\u00e7\u00e3o do economista.<\/p>\n<p align=\"justify\">Perspectiva PROCESSOS INTERNOS<\/p>\n<p align=\"justify\">10) Modernizar os canais de comunica\u00e7\u00e3o e marketing com os CORECONs, economistas e segmentos da sociedade de interesse da categoria;<br \/>\n 11) Promover maior integra\u00e7\u00e3o dos trabalhos das Comiss\u00f5es Tem\u00e1ticas do COFECON;<br \/>\n 12) Articular parcerias para a qualifica\u00e7\u00e3o do profissional economista;<br \/>\n 13) Aprimorar os processos e mecanismos de fiscaliza\u00e7\u00e3o profissional;<br \/>\n 14) Garantir a sustentabilidade econ\u00f4mica e financeira do Sistema COFECON\/ CORECONs;<br \/>\n 15) Adequar \u00e0s condi\u00e7\u00f5es operacionais para organizar e conduzir o Sistema para o cumprimento de suas atribui\u00e7\u00f5es.<\/p>\n<p align=\"justify\">Perspectiva CRESCIMENTO E APRENDIZAGEM<\/p>\n<p align=\"justify\">16) Adequar o ambiente de tecnologia da informa\u00e7\u00e3o, os aplicativos de gest\u00e3o e de informa\u00e7\u00f5es gerenciais, e as instala\u00e7\u00f5es f\u00edsicas, de forma a atender as necessidades do COFECON e dos CORECONs;<br \/>\n 17) Desenvolver e reter o quadro funcional do Sistema com vistas \u00e0 realiza\u00e7\u00e3o dos processos administrativos com alto padr\u00e3o de qualidade;<br \/>\n 18) Aprofundar o n\u00edvel de conhecimento do corpo t\u00e9cnico acerca do funcionamento e dos principais problemas dos conselhos regionais;<br \/>\n 19) Capacitar e ampliar a equipe de colaboradores do COFECON para atuar em processos de planejamento, de monitoramento e avalia\u00e7\u00e3o de projetos e programas.<\/p>\n<div id=\"icpbravoaccess_loaded\">\u00a0<\/div>\n","protected":false},"excerpt":{"rendered":"<p>MISS\u00c3O Contribuir para o desenvolvimento socioecon\u00f4mico do pa\u00eds e assegurar o exerc\u00edcio legal e \u00e9tico da profiss\u00e3o do economista. VIS\u00c3O Ser refer\u00eancia como entidade profissional que contribui de forma decisiva para o desenvolvimento econ\u00f4mico com justi\u00e7a social. OBJETIVOS ESTRAT\u00c9GICOS Perspectiva<\/p>\n<p><a class=\"more-link\" href=\"https:\/\/cofecon.org.br\/cofecon\/?page_id=178\">Leia Mais<\/a><\/p>\n","protected":false},"author":1,"featured_media":0,"parent":0,"menu_order":0,"comment_status":"closed","ping_status":"closed","template":"","meta":{"footnotes":""},"class_list":["post-178","page","type-page","status-publish","hentry"],"_links":{"self":[{"href":"https:\/\/cofecon.org.br\/cofecon\/index.php?rest_route=\/wp\/v2\/pages\/178"}],"collection":[{"href":"https:\/\/cofecon.org.br\/cofecon\/index.php?rest_route=\/wp\/v2\/pages"}],"about":[{"href":"https:\/\/cofecon.org.br\/cofecon\/index.php?rest_route=\/wp\/v2\/types\/page"}],"author":[{"embeddable":true,"href":"https:\/\/cofecon.org.br\/cofecon\/index.php?rest_route=\/wp\/v2\/users\/1"}],"replies":[{"embeddable":true,"href":"https:\/\/cofecon.org.br\/cofecon\/index.php?rest_route=%2Fwp%2Fv2%2Fcomments&post=178"}],"version-history":[{"count":0,"href":"https:\/\/cofecon.org.br\/cofecon\/index.php?rest_route=\/wp\/v2\/pages\/178\/revisions"}],"wp:attachment":[{"href":"https:\/\/cofecon.org.br\/cofecon\/index.php?rest_route=%2Fwp%2Fv2%2Fmedia&parent=178"}],"curies":[{"name":"wp","href":"https:\/\/api.w.org\/{rel}","templated":true}]}}