{"id":1690,"date":"2017-06-30T11:05:46","date_gmt":"2017-06-30T14:05:46","guid":{"rendered":"http:\/\/www.cofecon.org.br\/?page_id=1690"},"modified":"2026-03-31T09:49:52","modified_gmt":"2026-03-31T12:49:52","slug":"revistas-de-economia","status":"publish","type":"page","link":"https:\/\/cofecon.org.br\/cofecon\/?page_id=1690","title":{"rendered":"Revista Economistas"},"content":{"rendered":"<p><strong style=\"font-size: 1rem;\"> Linha editorial<\/strong><\/p>\n<p style=\"text-align: justify;\">A revista Economistas tem como linha editorial a busca por um debate econ\u00f4mico de qualidade, que seja t\u00e9cnico ainda que n\u00e3o necessariamente acad\u00eamico, atingindo um p\u00fablico composto essencialmente por economistas, e cujo conte\u00fado engrande\u00e7a a figura do economista como profissional indispens\u00e1vel \u00e0 sociedade.<\/p>\n<p style=\"text-align: justify;\">S\u00e3o permitidos artigos com posicionamentos econ\u00f4micos de qualquer escola econ\u00f4mica, respeitados a pluralidade de pensamentos e o contradit\u00f3rio. A defesa de posicionamentos econ\u00f4micos deve estar apoiada na boa t\u00e9cnica profissional, com elementos (p.ex: dados que podem ser organizados como gr\u00e1ficos, tabelas ou sob a forma que melhor se ajustar \u00e0 compreens\u00e3o) que possam demonstrar aquilo que se pretende apresentar.<\/p>\n<p style=\"text-align: justify;\">N\u00e3o ser\u00e3o permitidos textos que incitem o preconceito e a discrimina\u00e7\u00e3o em qualquer escala, seja racial, pol\u00edtico, de g\u00eanero, religioso e textos que apresentem conte\u00fado considerado partid\u00e1rio ou meramente panflet\u00e1rio, defendendo outra coisa que n\u00e3o as ideias econ\u00f4micas fundamentadas na boa t\u00e9cnica. Tamb\u00e9m ser\u00e3o vetados trechos dos artigos que utilizem termos considerados ofensivos para a defesa de suas ideias.<\/p>\n<p><\/p>\n<h2 style=\"font-size: 14px; line-height: 1.71429;\"><strong style=\"font-size: 14px;\"><br \/>2026<\/strong><\/h2>\n<div style=\"display: flex; gap: 20px;\">\n<div style=\"flex: 1; padding: 20px; border: 1px solid #ccc; text-align: center; box-shadow: 3px 2px 2px #ccc;\">\n        <a href=\"https:\/\/online.flippingbook.com\/view\/91864956\/\"> <img loading=\"lazy\" decoding=\"async\" src=\"http:\/\/cofecon.org.br\/transparencia\/wp-content\/uploads\/2026\/03\/capa-v2-4.png\" alt=\"Capa 2026\" width=\"249\" height=\"352\" \/> <\/a>\n    <\/div>\n<div style=\"flex: 1; padding: 20px; text-align: center;\"> <\/div>\n<div style=\"flex: 1; padding: 20px; text-align: center;\"> <\/div>\n<\/div>\n<p><\/p>\n<h2 style=\"font-size: 14px; line-height: 1.71429;\"><strong style=\"font-size: 14px;\"><br \/>2025<\/strong><\/h2>\n<div style=\"display: flex; gap: 20px;\">\n<div style=\"flex: 1; padding: 20px; border: 1px solid #ccc; text-align: center; box-shadow: 3px 2px 2px #ccc;\">\n        <a href=\"https:\/\/cofecon.org.br\/cofecon\/wp-content\/uploads\/2025\/09\/Revista-Economistas-Marco-2025.pdf\"> <img loading=\"lazy\" decoding=\"async\" src=\"https:\/\/cofecon.org.br\/cofecon\/wp-content\/uploads\/2025\/09\/Revista-Economistas-Marco-2025-NovaVersao-24-04.png\" alt=\"\" width=\"249\" height=\"352\" \/> <\/a>\n    <\/div>\n<div style=\"flex: 1; padding: 20px; border: 1px solid #ccc; text-align: center; box-shadow: 3px 2px 2px #ccc;\">\n        <a href=\"https:\/\/cofecon.org.br\/cofecon\/wp-content\/uploads\/2025\/10\/2-Revista-Economistas-Junho-2025_final.pdf\"> <img loading=\"lazy\" decoding=\"async\" src=\"https:\/\/cofecon.org.br\/cofecon\/wp-content\/uploads\/2025\/10\/2-Revista-Economistas-Junho-2025-212x300.png\" alt=\"\" width=\"249\" height=\"352\" \/> <\/a>\n    <\/div>\n<div style=\"flex: 1; padding: 20px; border: 1px solid #ccc; text-align: center; box-shadow: 3px 2px 2px #ccc;\">\n        <a href=\"https:\/\/cofecon.org.br\/cofecon\/wp-content\/uploads\/2025\/12\/Revista-Economistas-Setembro-2025_.pdf\"> <img loading=\"lazy\" decoding=\"async\" src=\"https:\/\/cofecon.org.br\/cofecon\/wp-content\/uploads\/2025\/10\/capa-VFINAL-min.jpg\" alt=\"\" width=\"249\" height=\"352\" \/> <\/a>\n    <\/div>\n<\/div>\n<h2 style=\"font-size: 14px; line-height: 1.71429;\"><strong style=\"font-size: 14px;\"> <\/strong><\/h2>\n<div style=\"display: flex; gap: 20px;\">\n<div style=\"flex: 1; padding: 20px; border: 1px solid #ccc; text-align: center; box-shadow: 3px 2px 2px #ccc;\">\n        <a href=\"https:\/\/tinyurl.com\/y6bpuha3\"> <img loading=\"lazy\" decoding=\"async\" src=\"https:\/\/cofecon.org.br\/cofecon\/wp-content\/uploads\/2025\/12\/Capa-min.png\" alt=\"\" width=\"249\" height=\"352\" \/> <\/a>\n    <\/div>\n<div style=\"flex: 1; padding: 20px; border: 1px solid #ccc; text-align: center; box-shadow: 3px 2px 2px #ccc;\">\n        <a href=\"https:\/\/cofecon.org.br\/cofecon\/wp-content\/uploads\/2026\/03\/Caderno-Especial-de-Economia-Solidaria-2026_compressed.pdf\"> <img loading=\"lazy\" decoding=\"async\" src=\"https:\/\/cofecon.org.br\/cofecon\/wp-content\/uploads\/2025\/12\/Capa-especial-min.png\" alt=\"\" width=\"249\" height=\"352\" \/> <\/a>\n    <\/div>\n<div style=\"flex: 1; padding: 20px; text-align: center;\"> <\/div>\n<\/div>\n<p><\/p>\n<h2 style=\"font-size: 14px; line-height: 1.71429;\"><strong style=\"font-size: 14px;\"><br \/>2024<\/strong><\/h2>\n<div style=\"display: flex; gap: 20px;\">\n<div style=\"flex: 1; padding: 20px; border: 1px solid #ccc; text-align: center; box-shadow: 3px 2px 2px #ccc;\">\n        <a href=\"https:\/\/cofecon.org\/Revistas\/N51_janeiro-marco_2024.pdf\"> <img loading=\"lazy\" decoding=\"async\" src=\"https:\/\/cofecon.org.br\/cofecon\/wp-content\/uploads\/2025\/02\/N51.png\" alt=\"\" width=\"249\" height=\"352\" \/> <\/a>\n    <\/div>\n<div style=\"flex: 1; padding: 20px; border: 1px solid #ccc; text-align: center; box-shadow: 3px 2px 2px #ccc;\">\n        <a href=\"https:\/\/cofecon.org\/Revistas\/N52_abril-junho-2024.pdf\"> <img loading=\"lazy\" decoding=\"async\" src=\"https:\/\/cofecon.org.br\/cofecon\/wp-content\/uploads\/2025\/02\/N52.png\" alt=\"\" width=\"249\" height=\"352\" \/> <\/a>\n    <\/div>\n<div style=\"flex: 1; padding: 20px; border: 1px solid #ccc; text-align: center; box-shadow: 3px 2px 2px #ccc;\">\n        <a href=\"https:\/\/cofecon.org.br\/cofecon\/wp-content\/uploads\/2025\/04\/Revista-N53.pdf\"> <img loading=\"lazy\" decoding=\"async\" src=\"https:\/\/cofecon.org.br\/cofecon\/wp-content\/uploads\/2025\/04\/3-2024-min.png\" alt=\"\" width=\"249\" height=\"352\" \/> <\/a>\n    <\/div>\n<\/div>\n<h2 style=\"font-size: 14px; line-height: 1.71429;\"><strong style=\"font-size: 14px;\"> <\/strong><\/h2>\n<div style=\"display: flex; gap: 20px;\">\n<div style=\"flex: 1; padding: 20px; border: 1px solid #ccc; text-align: center; box-shadow: 3px 2px 2px #ccc;\">\n        <a href=\"https:\/\/cofecon.org\/Revistas\/N54_out-dez_2024.pdf\"> <img loading=\"lazy\" decoding=\"async\" src=\"https:\/\/cofecon.org.br\/cofecon\/wp-content\/uploads\/2025\/02\/N54.png\" alt=\"\" width=\"249\" height=\"352\" \/> <\/a>\n    <\/div>\n<div style=\"flex: 1; padding: 20px; border: 1px solid #ccc; text-align: center; box-shadow: 3px 2px 2px #ccc;\">\n        <a href=\"https:\/\/cofecon.org.br\/cofecon\/wp-content\/uploads\/2025\/04\/Revista-N54-1.pdf\"> <img loading=\"lazy\" decoding=\"async\" src=\"https:\/\/cofecon.org.br\/cofecon\/wp-content\/uploads\/2025\/03\/4-2024-2-min.png\" alt=\"\" width=\"249\" height=\"352\" \/> <\/a>\n    <\/div>\n<div style=\"flex: 1; padding: 20px; text-align: center;\"> <\/div>\n<\/div>\n<p><\/p>\n<h2 style=\"font-size: 14px; line-height: 1.71429;\"><strong style=\"font-size: 14px;\"><br \/>2023<\/strong><\/h2>\n<div style=\"display: flex; gap: 20px;\">\n<div style=\"flex: 1; padding: 20px; border: 1px solid #ccc; text-align: center; box-shadow: 3px 2px 2px #ccc;\">\n        <a href=\"https:\/\/cofecon.org.br\/cofecon\/wp-content\/uploads\/2025\/04\/Revista-1-2023.pdf\"> <img loading=\"lazy\" decoding=\"async\" src=\"https:\/\/cofecon.org.br\/cofecon\/wp-content\/uploads\/2025\/03\/capa2-min.png\" alt=\"\" width=\"249\" height=\"352\" \/> <\/a>\n    <\/div>\n<div style=\"flex: 1; padding: 20px; border: 1px solid #ccc; text-align: center; box-shadow: 3px 2px 2px #ccc;\">\n        <a href=\"https:\/\/cofecon.org.br\/cofecon\/wp-content\/uploads\/2025\/12\/2-2023_.pdf\"> <img loading=\"lazy\" decoding=\"async\" src=\"https:\/\/cofecon.org.br\/cofecon\/wp-content\/uploads\/2025\/02\/N48.png\" alt=\"\" width=\"249\" height=\"352\" \/> <\/a>\n    <\/div>\n<div style=\"flex: 1; padding: 20px; border: 1px solid #ccc; text-align: center; box-shadow: 3px 2px 2px #ccc;\">\n        <a href=\"https:\/\/cofecon.org\/Revistas\/N49_jul-set_2024.pdf\"> <img loading=\"lazy\" decoding=\"async\" src=\"https:\/\/cofecon.org.br\/cofecon\/wp-content\/uploads\/2025\/02\/N49.png\" alt=\"\" width=\"249\" height=\"352\" \/> <\/a>\n    <\/div>\n<\/div>\n<h2 style=\"font-size: 14px; line-height: 1.71429;\"><strong style=\"font-size: 14px;\"> <\/strong><\/h2>\n<div style=\"display: flex; gap: 20px;\">\n<div style=\"flex: 1; padding: 20px; border: 1px solid #ccc; text-align: center; box-shadow: 3px 2px 2px #ccc;\">\n        <a href=\"https:\/\/cofecon.org\/Revistas\/N50_out-dez_2024.pdf\"> <img loading=\"lazy\" decoding=\"async\" src=\"https:\/\/cofecon.org.br\/cofecon\/wp-content\/uploads\/2025\/02\/N50-2.png\" alt=\"\" width=\"249\" height=\"352\" \/> <\/a>\n    <\/div>\n<div style=\"flex: 1; padding: 20px; border: 1px solid #ccc; text-align: center; box-shadow: 3px 2px 2px #ccc;\">\n        <a href=\"https:\/\/cofecon.org\/Revistas\/N50_out-dez_2023.pdf\"> <img loading=\"lazy\" decoding=\"async\" src=\"https:\/\/cofecon.org.br\/cofecon\/wp-content\/uploads\/2025\/02\/N50.png\" alt=\"\" width=\"249\" height=\"352\" \/> <\/a>\n    <\/div>\n<div style=\"flex: 1; padding: 20px; text-align: center;\"> <\/div>\n<\/div>\n<p><\/p>\n<h2 style=\"font-size: 14px; line-height: 1.71429;\"><strong style=\"font-size: 14px;\"><br \/>2022<\/strong><\/h2>\n<div style=\"display: flex; gap: 20px;\">\n<div style=\"flex: 1; padding: 20px; border: 1px solid #ccc; text-align: center; box-shadow: 3px 2px 2px #ccc;\">\n        <a href=\"https:\/\/cofecon.org\/Revistas\/N43-jan-mar-2022.pdf\"> <img loading=\"lazy\" decoding=\"async\" src=\"https:\/\/cofecon.org.br\/cofecon\/wp-content\/uploads\/2025\/02\/N43.png\" alt=\"\" width=\"249\" height=\"352\" \/> <\/a>\n    <\/div>\n<div style=\"flex: 1; padding: 20px; border: 1px solid #ccc; text-align: center; box-shadow: 3px 2px 2px #ccc;\">\n        <a href=\"https:\/\/cofecon.org.br\/cofecon\/wp-content\/uploads\/2025\/04\/Revista-2-2022.pdf\"> <img loading=\"lazy\" decoding=\"async\" src=\"https:\/\/cofecon.org.br\/cofecon\/wp-content\/uploads\/2025\/02\/N44.jpg\" alt=\"\" width=\"249\" height=\"352\" \/> <\/a>\n    <\/div>\n<div style=\"flex: 1; padding: 20px; border: 1px solid #ccc; text-align: center; box-shadow: 3px 2px 2px #ccc;\">\n        <a href=\"https:\/\/cofecon.org\/Revistas\/N45-jul-set-2024.pdf\"> <img loading=\"lazy\" decoding=\"async\" src=\"https:\/\/cofecon.org.br\/cofecon\/wp-content\/uploads\/2025\/02\/N45.png\" alt=\"\" width=\"249\" height=\"352\" \/> <\/a>\n    <\/div>\n<\/div>\n<h2 style=\"font-size: 14px; line-height: 1.71429;\"><strong style=\"font-size: 14px;\"> <\/strong><\/h2>\n<div style=\"display: flex; gap: 20px;\">\n<div style=\"flex: 1; padding: 20px; border: 1px solid #ccc; text-align: center; box-shadow: 3px 2px 2px #ccc;\">\n        <a href=\"https:\/\/cofecon.org\/Revistas\/N46-1-out-dez.pdf\"> <img loading=\"lazy\" decoding=\"async\" src=\"https:\/\/cofecon.org.br\/cofecon\/wp-content\/uploads\/2025\/02\/N46.png\" alt=\"\" width=\"249\" height=\"352\" \/> <\/a>\n    <\/div>\n<div style=\"flex: 1; padding: 20px; border: 1px solid #ccc; text-align: center; box-shadow: 3px 2px 2px #ccc;\">\n        <a href=\"https:\/\/cofecon.org\/Revistas\/N46_out-dez_2022.pdf\"> <img loading=\"lazy\" decoding=\"async\" src=\"https:\/\/cofecon.org.br\/cofecon\/wp-content\/uploads\/2025\/02\/N46-2.png\" alt=\"\" width=\"249\" height=\"352\" \/> <\/a>\n    <\/div>\n<div style=\"flex: 1; padding: 20px; text-align: center;\"> <\/div>\n<\/div>\n<p><\/p>\n<h2 style=\"font-size: 14px; line-height: 1.71429;\"><strong style=\"font-size: 14px;\"><br \/>2021<\/strong><\/h2>\n<div style=\"display: flex; gap: 20px;\">\n<div style=\"flex: 1; padding: 20px; border: 1px solid #ccc; text-align: center; box-shadow: 3px 2px 2px #ccc;\">\n        <a href=\"https:\/\/cofecon.org\/Revistas\/N%C2%BA_39.pdf\"> <img loading=\"lazy\" decoding=\"async\" src=\"https:\/\/cofecon.org.br\/cofecon\/wp-content\/uploads\/2025\/02\/No_39.png\" alt=\"\" width=\"249\" height=\"352\" \/> <\/a>\n    <\/div>\n<div style=\"flex: 1; padding: 20px; border: 1px solid #ccc; text-align: center; box-shadow: 3px 2px 2px #ccc;\">\n        <a href=\"https:\/\/cofecon.org.br\/cofecon\/wp-content\/uploads\/2025\/04\/Revista-40.pdf\"> <img loading=\"lazy\" decoding=\"async\" src=\"https:\/\/cofecon.org.br\/cofecon\/wp-content\/uploads\/2025\/02\/N\u00b040.png\" alt=\"\" width=\"249\" height=\"352\" \/> <\/a>\n    <\/div>\n<div style=\"flex: 1; padding: 20px; border: 1px solid #ccc; text-align: center; box-shadow: 3px 2px 2px #ccc;\">\n        <a href=\"https:\/\/cofecon.org\/Revistas\/N%C2%BA_41.pdf\"> <img loading=\"lazy\" decoding=\"async\" src=\"https:\/\/cofecon.org.br\/cofecon\/wp-content\/uploads\/2025\/02\/N\u00b041.png\" alt=\"\" width=\"249\" height=\"352\" \/> <\/a>\n    <\/div>\n<\/div>\n<h2 style=\"font-size: 14px; line-height: 1.71429;\"><strong style=\"font-size: 14px;\"> <\/strong><\/h2>\n<div style=\"display: flex; gap: 20px;\">\n<div style=\"flex: 1; padding: 20px; border: 1px solid #ccc; text-align: center; box-shadow: 3px 2px 2px #ccc;\">\n        <a href=\"https:\/\/cofecon.org\/Revistas\/N%C2%BA_42.pdf\"> <img loading=\"lazy\" decoding=\"async\" src=\"https:\/\/cofecon.org.br\/cofecon\/wp-content\/uploads\/2025\/02\/N\u00b042.png\" alt=\"\" width=\"249\" height=\"352\" \/> <\/a>\n    <\/div>\n<div style=\"flex: 1; padding: 20px; text-align: center;\"> <\/div>\n<div style=\"flex: 1; padding: 20px; text-align: center;\"> <\/div>\n<\/div>\n<p><\/p>\n<h2 style=\"font-size: 14px; line-height: 1.71429;\"><strong style=\"font-size: 14px;\"><br \/>2020<\/strong><\/h2>\n<div style=\"display: flex; gap: 20px;\">\n<div style=\"flex: 1; padding: 20px; border: 1px solid #ccc; text-align: center; box-shadow: 3px 2px 2px #ccc;\">\n        <a href=\"https:\/\/cofecon.org\/Revistas\/N35-jan-maio-2024.pdf\"> <img loading=\"lazy\" decoding=\"async\" src=\"https:\/\/cofecon.org.br\/cofecon\/wp-content\/uploads\/2025\/02\/N35.png\" alt=\"\" width=\"249\" height=\"352\" \/> <\/a>\n    <\/div>\n<div style=\"flex: 1; padding: 20px; border: 1px solid #ccc; text-align: center; box-shadow: 3px 2px 2px #ccc;\">\n        <a href=\"https:\/\/cofecon.org\/Revistas\/N36-abr-jun-2020.pdf\"> <img loading=\"lazy\" decoding=\"async\" src=\"https:\/\/cofecon.org.br\/cofecon\/wp-content\/uploads\/2025\/02\/N36.jpg\" alt=\"\" width=\"249\" height=\"352\" \/> <\/a>\n    <\/div>\n<div style=\"flex: 1; padding: 20px; border: 1px solid #ccc; text-align: center; box-shadow: 3px 2px 2px #ccc;\">\n        <a href=\"https:\/\/cofecon.org\/Revistas\/N37-jul-dez-2020.pdf\"> <img loading=\"lazy\" decoding=\"async\" src=\"https:\/\/cofecon.org.br\/cofecon\/wp-content\/uploads\/2025\/02\/N37.png\" alt=\"\" width=\"249\" height=\"352\" \/> <\/a>\n    <\/div>\n<\/div>\n<h2 style=\"font-size: 14px; line-height: 1.71429;\"><strong style=\"font-size: 14px;\"> <\/strong><\/h2>\n<div style=\"display: flex; gap: 20px;\">\n<div style=\"flex: 1; padding: 20px; border: 1px solid #ccc; text-align: center; box-shadow: 3px 2px 2px #ccc;\">\n        <a href=\"https:\/\/cofecon.org\/Revistas\/N38-out-dez-2020.pdf\"> <img loading=\"lazy\" decoding=\"async\" src=\"https:\/\/cofecon.org.br\/cofecon\/wp-content\/uploads\/2025\/02\/N38.png\" alt=\"\" width=\"249\" height=\"352\" \/> <\/a>\n    <\/div>\n<div style=\"flex: 1; padding: 20px; text-align: center;\"> <\/div>\n<div style=\"flex: 1; padding: 20px; text-align: center;\"> <\/div>\n<\/div>\n","protected":false},"excerpt":{"rendered":"<p>Linha editorial A revista Economistas tem como linha editorial a busca por um debate econ\u00f4mico de qualidade, que seja t\u00e9cnico ainda que n\u00e3o necessariamente acad\u00eamico, atingindo um p\u00fablico composto essencialmente por economistas, e cujo conte\u00fado engrande\u00e7a a figura do economista<\/p>\n<p><a class=\"more-link\" href=\"https:\/\/cofecon.org.br\/cofecon\/?page_id=1690\">Leia Mais<\/a><\/p>\n","protected":false},"author":1,"featured_media":0,"parent":0,"menu_order":0,"comment_status":"closed","ping_status":"closed","template":"","meta":{"footnotes":""},"class_list":["post-1690","page","type-page","status-publish","hentry"],"_links":{"self":[{"href":"https:\/\/cofecon.org.br\/cofecon\/index.php?rest_route=\/wp\/v2\/pages\/1690"}],"collection":[{"href":"https:\/\/cofecon.org.br\/cofecon\/index.php?rest_route=\/wp\/v2\/pages"}],"about":[{"href":"https:\/\/cofecon.org.br\/cofecon\/index.php?rest_route=\/wp\/v2\/types\/page"}],"author":[{"embeddable":true,"href":"https:\/\/cofecon.org.br\/cofecon\/index.php?rest_route=\/wp\/v2\/users\/1"}],"replies":[{"embeddable":true,"href":"https:\/\/cofecon.org.br\/cofecon\/index.php?rest_route=%2Fwp%2Fv2%2Fcomments&post=1690"}],"version-history":[{"count":188,"href":"https:\/\/cofecon.org.br\/cofecon\/index.php?rest_route=\/wp\/v2\/pages\/1690\/revisions"}],"predecessor-version":[{"id":27622,"href":"https:\/\/cofecon.org.br\/cofecon\/index.php?rest_route=\/wp\/v2\/pages\/1690\/revisions\/27622"}],"wp:attachment":[{"href":"https:\/\/cofecon.org.br\/cofecon\/index.php?rest_route=%2Fwp%2Fv2%2Fmedia&parent=1690"}],"curies":[{"name":"wp","href":"https:\/\/api.w.org\/{rel}","templated":true}]}}