{"id":163,"date":"2017-03-13T13:17:16","date_gmt":"2017-03-13T16:17:16","guid":{"rendered":"http:\/\/www.cofecon.org.br\/?page_id=163"},"modified":"2026-01-05T10:04:49","modified_gmt":"2026-01-05T13:04:49","slug":"apresentacao","status":"publish","type":"page","link":"https:\/\/cofecon.org.br\/cofecon\/?page_id=163","title":{"rendered":"Apresenta\u00e7\u00e3o"},"content":{"rendered":"<div id=\"articlepxfontsize1\">\n<p><b>Sobre o Conselho Federal de Economia<\/b><\/p>\n<p style=\"text-align: justify;\">O Conselho Federal de Economia, com sede em Bras\u00edlia, \u00e9 uma autarquia respons\u00e1vel pela fiscaliza\u00e7\u00e3o profissional dos 230 mil economistas brasileiros. Foi criada pela Lei n\u00ba 1.411\/51, que regulamenta a profiss\u00e3o de Economista, e tem como atribui\u00e7\u00e3o assegurar o exerc\u00edcio legal e \u00e9tico da profiss\u00e3o de economista e contribuir para o desenvolvimento socioecon\u00f4mico do Pa\u00eds.<\/p>\n<p style=\"text-align: justify;\">O Cofecon \u00e9 composto por 36 conselheiros federais (sendo 18 efetivos e 18 suplentes), incluindo a presidenta, economista <strong>Tania Cristina Teixeira<\/strong>, e o vice-presidente, economista <strong><span class=\"ui-provider lq bsi bsj bsk bsl bsm bsn bso bsp bsq bsr bss bst bsu bsv bsw bsx bsy bsz bta btb btc btd bte btf btg bth bti btj btk btl btm btn bto btp\" dir=\"ltr\">Jo\u00e3o Manoel Gon\u00e7alves Barbosa<\/span><\/strong>, ambos eleitos pelo Plen\u00e1rio, entre os membros efetivos, para mandato de um ano.<\/p>\n<p><b>Curr\u00edculo<\/b><\/p>\n<p><strong>Tania Cristina Teixeira<\/strong> \u00e9 <span data-teams=\"true\">graduada em Ci\u00eancias Econ\u00f4micas e Ci\u00eancias Cont\u00e1beis pela Pontif\u00edcia Universidade Cat\u00f3lica de Minas Gerais (PUC Minas), com especializa\u00e7\u00e3o em Pol\u00edticas Econ\u00f4micas pela mesma institui\u00e7\u00e3o, mestrado em Ci\u00eancia Pol\u00edtica pelo Departamento de Ci\u00eancia Pol\u00edtica Universidade Federal de Minas Gerais (DCP\/UFMG), mestrado Master-DEA e doutorado em Economia Aplicada pela Universidade de Val\u00eancia, Espanha. Professora do Departamento de Economia da PUC Minas, atua como Coordenadora de Extens\u00e3o Universit\u00e1ria e de Monografia e \u00e9 orientadora de pesquisas na \u00e1rea de economia, mercado de trabalho, desenvolvimento econ\u00f4mico regional e local, desenvolvimento sustent\u00e1vel, economia social, economia criativa e circular. Foi conselheira do Corecon-MG por dois mandatos e presidenta em 2020, 2021 e 2022. \u00c9 conselheira do Cofecon desde 2024 e permanece na presid\u00eancia da entidade em 2026, ap\u00f3s o exerc\u00edcio do mandato em 2025.<\/span><\/p>\n<p><strong>Jo\u00e3o Manoel Gon\u00e7alves Barbosa<\/strong> \u00e9 graduado em Ci\u00eancias Econ\u00f4mica pela Faculdade de Ci\u00eancias Pol\u00edticas e Econ\u00f4micas do Rio de Janeiro em 1973, com curso de p\u00f3s-gradua\u00e7\u00e3o em Economia Mineral pela Funda\u00e7\u00e3o Get\u00falio Vargas\/PLANFAP e curso de mestrado em Administra\u00e7\u00e3o e Pol\u00edtica de Recursos Minerais pelo Instituto de Geoci\u00eancias da Universidade Estadual de Campinas (Unicamp). Trabalhou na Ind\u00fastrias Nucleares do Brasil S.A. de 1979 a 2019. Foi conselheiro e presidente do Conselho Regional de Economia do Rio de Janeiro, al\u00e9m de diretor, presidente e coordenador do Sindicato dos Economistas do Estado do Rio de Janeiro. \u00c9 consultor de empresas p\u00fablicas e privadas.<\/p>\n<\/div>\n","protected":false},"excerpt":{"rendered":"<p>Sobre o Conselho Federal de Economia O Conselho Federal de Economia, com sede em Bras\u00edlia, \u00e9 uma autarquia respons\u00e1vel pela fiscaliza\u00e7\u00e3o profissional dos 230 mil economistas brasileiros. Foi criada pela Lei n\u00ba 1.411\/51, que regulamenta a profiss\u00e3o de Economista, e<\/p>\n<p><a class=\"more-link\" href=\"https:\/\/cofecon.org.br\/cofecon\/?page_id=163\">Leia Mais<\/a><\/p>\n","protected":false},"author":1,"featured_media":0,"parent":0,"menu_order":0,"comment_status":"closed","ping_status":"closed","template":"","meta":{"footnotes":""},"class_list":["post-163","page","type-page","status-publish","hentry"],"_links":{"self":[{"href":"https:\/\/cofecon.org.br\/cofecon\/index.php?rest_route=\/wp\/v2\/pages\/163"}],"collection":[{"href":"https:\/\/cofecon.org.br\/cofecon\/index.php?rest_route=\/wp\/v2\/pages"}],"about":[{"href":"https:\/\/cofecon.org.br\/cofecon\/index.php?rest_route=\/wp\/v2\/types\/page"}],"author":[{"embeddable":true,"href":"https:\/\/cofecon.org.br\/cofecon\/index.php?rest_route=\/wp\/v2\/users\/1"}],"replies":[{"embeddable":true,"href":"https:\/\/cofecon.org.br\/cofecon\/index.php?rest_route=%2Fwp%2Fv2%2Fcomments&post=163"}],"version-history":[{"count":3,"href":"https:\/\/cofecon.org.br\/cofecon\/index.php?rest_route=\/wp\/v2\/pages\/163\/revisions"}],"predecessor-version":[{"id":27133,"href":"https:\/\/cofecon.org.br\/cofecon\/index.php?rest_route=\/wp\/v2\/pages\/163\/revisions\/27133"}],"wp:attachment":[{"href":"https:\/\/cofecon.org.br\/cofecon\/index.php?rest_route=%2Fwp%2Fv2%2Fmedia&parent=163"}],"curies":[{"name":"wp","href":"https:\/\/api.w.org\/{rel}","templated":true}]}}